000
CXUS55 KBOU 091821
CF6DEN
PRELIMINARY LOCAL CLIMATOLOGICAL DATA (WS FORM: F-6)
STATION: DENVER CO
MONTH: MAY
YEAR: 2022
LATITUDE: 39 52 N
LONGITUDE: 104 40 W
TEMPERATURE IN F: :PCPN: SNOW: WIND :SUNSHINE: SKY :PK WND
================================================================================
1 2 3 4 5 6A 6B 7 8 9 10 11 12 13 14 15 16 17 18
12Z AVG MX 2MIN
DY MAX MIN AVG DEP HDD CDD WTR SNW DPTH SPD SPD DIR MIN PSBL S-S WX SPD DR
================================================================================
1 68 32 50 -2 15 0 0.42 0.0 0 16.6 28 280 M M 6 13 36 100
2 43 33 38 -14 27 0 0.46 T 0 11.1 18 30 M M 9 13 23 70
3 59 32 46 -6 19 0 0.02 0.0 0 8.9 21 320 M M 7 1 29 320
4 50 40 45 -8 20 0 0.09 0.0 0 8.5 16 340 M M 9 1 20 310
5 69 40 55 2 10 0 0.00 0.0 0 7.8 15 200 M M 5 22 330
6 82 47 65 12 0 0 0.00 0.0 0 9.0 17 200 M M 7 22 200
7 89 50 70 16 0 5 0.00 0.0 0 13.1 43 20 M M 5 78 54 20
8 77 44 61 7 4 0 0.00 0.0 0 17.8 35 160 M M 4 45 170
9 72 42 57 2 8 0 0.00 0.0 0 12.7 31 50 M M 4 42 40
10 81 36 59 4 6 0 0.00 0.0 0 10.9 29 300 M M 2 39 60
11 90 44 67 12 0 2 0.00 0.0 0 15.0 31 210 M M 4 41 220
12 72 42 57 1 8 0 0.00 0.0 0 14.2 39 260 M M 2 1 53 270
13 74 38 56 0 9 0 0.00 0.0 0 9.8 20 240 M M 5 29 210
14 81 44 63 6 2 0 0.00 0.0 0 5.9 18 140 M M 6 22 140
15 76 49 63 6 2 0 0.00 0.0 0 11.4 23 30 M M 3 31 30
16 84 52 68 10 0 3 0.00 0.0 0 7.3 31 200 M M 6 43 190
17 85 50 68 10 0 3 T 0.0 0 10.8 32 20 M M 5 8 41 20
18 83 49 66 8 0 1 0.00 0.0 0 10.1 20 140 M M 6 26 140
19 88 38 63 4 2 0 0.00 0.0 0 13.8 39 40 M M 7 78 48 230
20 41 32 37 -22 28 0 0.71 1.8 0 8.2 23 20 M M 10 18 29 30
21 50 31 41 -19 24 0 0.07 0.5 2 6.1 20 190 M M 8 12 25 190
22 57 39 48 -12 17 0 0.00 0.0 0 15.8 28 170 M M 7 38 170
23 62 40 51 -9 14 0 0.00 0.0 0 12.9 24 360 M M 7 30 170
24 52 40 46 -15 19 0 0.00 0.0 0 6.6 14 310 M M 9 1 17 290
25 71 40 56 -5 9 0 0.00 0.0 0 10.0 25 360 M M 4 35 340
26 82 40 61 0 4 0 0.00 0.0 0 7.4 15 210 M M 3 22 340
27 89 56 73 11 0 8 0.00 0.0 0 9.3 18 220 M M 6 3 23 200
28 88 50 69 7 0 4 0.00 0.0 0 10.3 30 250 M M 6 40 300
29 77 49 63 1 2 0 0.11 0.0 0 13.8 32 10 M M 7 3 44 350
30 67 41 54 -9 11 0 T 0.0 0 14.2 32 300 M M 6 43 300
31 64 41 53 -10 12 0 0.71 0.0 0 9.7 18 360 M M 8 1 24 10
================================================================================
SM 2223 1301 272 26 2.59 2.3 339.0 M 183
================================================================================
AV 71.7 42.0 10.9 FASTST M M 6 MAX(MPH)
MISC ----> 43 20 54 20
================================================================================
NOTES:
# LAST OF SEVERAL OCCURRENCES
COLUMN 17 PEAK WIND IN M.P.H.
PRELIMINARY LOCAL CLIMATOLOGICAL DATA (WS FORM: F-6) , PAGE 2
STATION: DENVER CO
MONTH: MAY
YEAR: 2022
LATITUDE: 39 52 N
LONGITUDE: 104 40 W
[TEMPERATURE DATA] [PRECIPITATION DATA] SYMBOLS USED IN COLUMN 16
AVERAGE MONTHLY: 56.8 TOTAL FOR MONTH: 2.59 1 = FOG OR MIST
DPTR FM NORMAL: -0.6 DPTR FM NORMAL: 0.43 2 = FOG REDUCING VISIBILITY
HIGHEST: 90 ON 11 GRTST 24HR 0.88 ON 1- 2 TO 1/4 MILE OR LESS
LOWEST: 31 ON 21 3 = THUNDER
SNOW, ICE PELLETS, HAIL 4 = ICE PELLETS
TOTAL MONTH: 2.3 INCHES 5 = HAIL
GRTST 24HR 1.8 ON 20-20 6 = FREEZING RAIN OR DRIZZLE
GRTST DEPTH: 2 ON 21 7 = DUSTSTORM OR SANDSTORM:
VSBY 1/2 MILE OR LESS
8 = SMOKE OR HAZE
[NO. OF DAYS WITH] [WEATHER - DAYS WITH] 9 = BLOWING SNOW
X = TORNADO
MAX 32 OR BELOW: 0 0.01 INCH OR MORE: 8
MAX 90 OR ABOVE: 1 0.10 INCH OR MORE: 5
MIN 32 OR BELOW: 4 0.50 INCH OR MORE: 2
MIN 0 OR BELOW: 0 1.00 INCH OR MORE: 0
[HDD (BASE 65) ]
TOTAL THIS MO. 272 CLEAR (SCALE 0-3) 3
DPTR FM NORMAL 11 PTCLDY (SCALE 4-7) 24
TOTAL FM JUL 1 5381 CLOUDY (SCALE 8-10) 4
DPTR FM NORMAL -431
[CDD (BASE 65) ]
TOTAL THIS MO. 26
DPTR FM NORMAL 0 [PRESSURE DATA]
TOTAL FM JAN 1 31 HIGHEST SLP 30.31 ON 21
DPTR FM NORMAL 4 LOWEST SLP 29.08 ON 8
[REMARKS]
#FINAL-05-22#