000
CXUS54 KSHV 011611
CF6DEQ
PRELIMINARY LOCAL CLIMATOLOGICAL DATA (WS FORM: F-6)
STATION: DE QUEEN
MONTH: MAY
YEAR: 2023
LATITUDE: 34 2 N
LONGITUDE: 94 24 W
TEMPERATURE IN F: :PCPN: SNOW: WIND :SUNSHINE: SKY :PK WND
================================================================================
1 2 3 4 5 6A 6B 7 8 9 10 11 12 13 14 15 16 17 18
12Z AVG MX 2MIN
DY MAX MIN AVG DEP HDD CDD WTR SNW DPTH SPD SPD DIR MIN PSBL S-S WX SPD DR
================================================================================
1 75 42 59 -7 6 0 0.00 0.0 0 M M M M M 0 M M
2 81 44 63 -3 2 0 0.00 0.0 0 5.2 12 280 M M 0 16 280
3 78 47 63 -4 2 0 0.00 0.0 0 2.3 12 250 M M 0 16 250
4 79 51 65 -2 0 0 0.44 0.0 0 4.3 12 110 M M 3 13 17 100
5 76 60 68 1 0 3 0.32 0.0 0 6.4 21 120 M M 8 13 33 120
6 91 71 81 13 0 16 0.00 0.0 0 5.7 13 170 M M 9 1 18 180
7 80 64 72 4 0 7 0.34 0.0 0 5.0 28 280 M M M 13 47 280
8 86 67 77 9 0 12 0.00 0.0 0 3.8 22 180 M M 0 13 36 190
9 87 63 75 6 0 10 0.00 0.0 0 3.4 12 110 M M M 1 17 160
10 79 67 73 4 0 8 0.17 0.0 0 4.9 14 170 M M M 1 18 180
11 80 68 74 5 0 9 0.02 0.0 0 M 12 160 M M M 1 18 160
12 87 66 77 7 0 12 0.08 0.0 0 6.1 18 330 M M 4 1 27 320
13 89 70 80 10 0 15 0.03 0.0 0 5.0 20 250 M M 4 13 27 250
14 88 67 78 8 0 13 0.12 0.0 0 4.3 25 240 M M 3 13 38 240
15 84 67 76 5 0 11 0.00 0.0 0 4.4 15 230 M M 5 13 21 230
16 79 67 73 2 0 8 0.00 0.0 0 5.9 15 270 M M 7 12 21 280
17 81 65 73 2 0 8 0.00 0.0 0 1.9 10 100 M M 7 8 16 130
18 85 61 73 1 0 8 0.00 0.0 0 1.4 8 90 M M 2 1 11 90
19 87 65 76 4 0 11 T 0.0 0 1.6 10 200 M M 5 13 15 180
20 75 64 70 -2 0 5 0.00 0.0 0 3.7 10 360 M M 9 18 30
21 M 57 M M M M 0.00 0.0 0 1.2 12 100 M M 2 1 17 100
22 83 60 72 -1 0 7 0.00 0.0 0 1.6 8 90 M M 0 1 12 100
23 85 57 71 -2 0 6 0.00 0.0 0 2.0 9 110 M M 0 18 13 120
24 84 62 73 0 0 8 T 0.0 0 5.0 13 110 M M 3 3 18 80
25 85 59 72 -2 0 7 0.00 0.0 0 2.7 10 110 M M 1 1 18 100
26 87 59 73 -1 0 8 0.00 0.0 0 2.4 12 110 M M 1 1 18 110
27 86 59 73 -1 0 8 0.00 0.0 0 4.0 10 110 M M 3 16 30
28 87 54 71 -4 0 6 0.00 0.0 0 2.8 8 90 M M 0 M M
29 88 57 73 -2 0 8 0.00 0.0 0 2.4 10 130 M M M 14 110
30 89 61 75 0 0 10 0.00 0.0 0 2.6 10 160 M M M 15 120
31 91 62 77 1 0 12 0.00 0.0 0 3.0 12 130 M M M 18 16 140
================================================================================
SM 2512 1883 10 236 1.52 0.0 105.0 M 76
================================================================================
AV 83.7 60.7 3.6 FASTST M M 3 MAX(MPH)
MISC ----> 28 280 47 280
================================================================================
NOTES:
# LAST OF SEVERAL OCCURRENCES
COLUMN 17 PEAK WIND IN M.P.H.
PRELIMINARY LOCAL CLIMATOLOGICAL DATA (WS FORM: F-6) , PAGE 2
STATION: DE QUEEN
MONTH: MAY
YEAR: 2023
LATITUDE: 34 2 N
LONGITUDE: 94 24 W
[TEMPERATURE DATA] [PRECIPITATION DATA] SYMBOLS USED IN COLUMN 16
AVERAGE MONTHLY: 72.2 TOTAL FOR MONTH: 1.52 1 = FOG OR MIST
DPTR FM NORMAL: 1.4 DPTR FM NORMAL: -3.55 2 = FOG REDUCING VISIBILITY
HIGHEST: 91 ON 31, 6 GRTST 24HR 0.76 ON 4- 5 TO 1/4 MILE OR LESS
LOWEST: 42 ON 1 3 = THUNDER
SNOW, ICE PELLETS, HAIL 4 = ICE PELLETS
TOTAL MONTH: 0.0 INCH 5 = HAIL
GRTST 24HR 0.0 6 = FREEZING RAIN OR DRIZZLE
GRTST DEPTH: 0 7 = DUSTSTORM OR SANDSTORM:
VSBY 1/2 MILE OR LESS
8 = SMOKE OR HAZE
[NO. OF DAYS WITH] [WEATHER - DAYS WITH] 9 = BLOWING SNOW
X = TORNADO
MAX 32 OR BELOW: 0 0.01 INCH OR MORE: 8
MAX 90 OR ABOVE: 2 0.10 INCH OR MORE: 5
MIN 32 OR BELOW: 0 0.50 INCH OR MORE: 0
MIN 0 OR BELOW: 0 1.00 INCH OR MORE: 0
[HDD (BASE 65) ]
TOTAL THIS MO. 10 CLEAR (SCALE 0-3) 15
DPTR FM NORMAL -12 PTCLDY (SCALE 4-7) 6
TOTAL FM JUL 1 2305 CLOUDY (SCALE 8-10) 10
DPTR FM NORMAL -499
[CDD (BASE 65) ]
TOTAL THIS MO. 236
DPTR FM NORMAL 33 [PRESSURE DATA]
TOTAL FM JAN 1 301 HIGHEST SLP M ON M
DPTR FM NORMAL 31 LOWEST SLP 29.78 ON 11
[REMARKS]
#FINAL-05-23#