000
CXUS56 KOTX 011010
CF6DEW
PRELIMINARY LOCAL CLIMATOLOGICAL DATA (WS FORM: F-6)
STATION: DEER_PARK WA AIRPORT
MONTH: FEBRUARY
YEAR: 2021
LATITUDE: 47 58 N
LONGITUDE: 117 25 W
TEMPERATURE IN F: :PCPN: SNOW: WIND :SUNSHINE: SKY :PK WND
================================================================================
1 2 3 4 5 6A 6B 7 8 9 10 11 12 13 14 15 16 17 18
12Z AVG MX 2MIN
DY MAX MIN AVG DEP HDD CDD WTR SNW DPTH SPD SPD DIR MIN PSBL S-S WX SPD DR
================================================================================
1 46 36 41 12 24 0 0.08 M M 5.4 12 10 M M 9 15 20
2 45 29 37 8 28 0 0.04 M M 8.7 24 210 M M 6 1 30 200
3 42 25 34 5 31 0 0.00 M M 3.1 12 190 M M 3 15 210
4 37 29 33 4 32 0 0.08 M M 6.4 12 190 M M 9 17 200
5 49 25 37 8 28 0 0.02 M M 5.5 17 290 M M 3 21 300
6 45 25 35 6 30 0 0.03 M M 7.9 16 230 M M 9 1 21 210
7 36 20 28 -1 37 0 0.00 M M 5.0 18 310 M M 6 21 320
8 33 17 25 -4 40 0 0.00 M M 5.1 13 320 M M 8 15 320
9 26 10 18 -12 47 0 0.00 M M 5.9 12 350 M M 8 M M
10 30 11 21 -9 44 0 0.00 M M 4.7 13 310 M M 7 16 330
11 19 10 15 -15 50 0 0.00 M M 14.5 24 50 M M 8 33 40
12 20 8 14 -16 51 0 0.00 M M 13.5 23 40 M M 6 31 60
13 23 15 19 -11 46 0 0.00 M M 14.7 28 40 M M 9 38 40
14 25 16 21 -9 44 0 0.01 M M 6.5 12 30 M M 9 8 16 40
15 26 11 19 -11 46 0 0.17 M M 5.1 13 40 M M 10 128 17 30
16 25 20 23 -7 42 0 0.08 M M 1.8 8 200 M M 10 1 9 200
17 35 7 21 -9 44 0 0.00 M M 4.1 17 310 M M 6 18 26 310
18 32 -1 16 -15 49 0 0.10 M M 3.1 9 70 M M 5 128 12 10
19 32 27 30 -1 35 0 0.01 M M 2.5 8 200 M M 10 1 13 260
20 32 29 31 0 34 0 0.00 M M 7.8 17 190 M M 10 21 200
21 38 30 34 3 31 0 0.01 M M 10.7 22 220 M M 10 1 30 180
22 45 34 40 9 25 0 0.03 M M 12.7 24 240 M M 7 33 240
23 42 21 32 0 33 0 0.01 M M 9.3 22 210 M M 3 1 27 220
24 41 16 29 -3 36 0 0.00 M M 4.8 16 180 M M 0 21 190
25 41 29 35 3 30 0 0.20 M M 10.6 23 220 M M 7 12 29 220
26 43 30 37 5 28 0 T M M 6.9 16 310 M M 8 20 200
27 41 23 32 -1 33 0 0.00 M M 6.5 18 310 M M 1 24 320
28 44 29 37 4 28 0 0.00 M M 5.2 13 180 M M 10 18 310
================================================================================
SM 993 581 1026 0 0.87 M 198.0 M 197
================================================================================
AV 35.5 20.8 7.1 FASTST M M 7 MAX(MPH)
MISC ----> 28 40 38 40
================================================================================
NOTES:
# LAST OF SEVERAL OCCURRENCES
COLUMN 17 PEAK WIND IN M.P.H.
PRELIMINARY LOCAL CLIMATOLOGICAL DATA (WS FORM: F-6) , PAGE 2
STATION: DEER_PARK WA AIRPORT
MONTH: FEBRUARY
YEAR: 2021
LATITUDE: 47 58 N
LONGITUDE: 117 25 W
[TEMPERATURE DATA] [PRECIPITATION DATA] SYMBOLS USED IN COLUMN 16
AVERAGE MONTHLY: 28.1 TOTAL FOR MONTH: 0.87 1 = FOG OR MIST
DPTR FM NORMAL: -2.3 DPTR FM NORMAL: -0.73 2 = FOG REDUCING VISIBILITY
HIGHEST: 49 ON 5 GRTST 24HR 0.20 ON 25-25 TO 1/4 MILE OR LESS
LOWEST: -1 ON 18 3 = THUNDER
SNOW, ICE PELLETS, HAIL 4 = ICE PELLETS
TOTAL MONTH: M 5 = HAIL
GRTST 24HR M ON M 6 = FREEZING RAIN OR DRIZZLE
GRTST DEPTH: M ON M 7 = DUSTSTORM OR SANDSTORM:
VSBY 1/2 MILE OR LESS
8 = SMOKE OR HAZE
[NO. OF DAYS WITH] [WEATHER - DAYS WITH] 9 = BLOWING SNOW
X = TORNADO
MAX 32 OR BELOW: 11 0.01 INCH OR MORE: 14
MAX 90 OR ABOVE: 0 0.10 INCH OR MORE: 3
MIN 32 OR BELOW: 26 0.50 INCH OR MORE: 0
MIN 0 OR BELOW: 1 1.00 INCH OR MORE: 0
[HDD (BASE 65) ]
TOTAL THIS MO. 1026 CLEAR (SCALE 0-3) 5
DPTR FM NORMAL 57 PTCLDY (SCALE 4-7) 10
TOTAL FM JUL 1 4921 CLOUDY (SCALE 8-10) 13
DPTR FM NORMAL -444
[CDD (BASE 65) ]
TOTAL THIS MO. 0
DPTR FM NORMAL 0 [PRESSURE DATA]
TOTAL FM JAN 1 0 HIGHEST SLP M ON M
DPTR FM NORMAL 0 LOWEST SLP 29.70 ON 6
[REMARKS]
#FINAL-02-21#