000
CXUS56 KOTX 011010
CF6DEW
PRELIMINARY LOCAL CLIMATOLOGICAL DATA (WS FORM: F-6)
STATION: DEER_PARK WA AIRPORT
MONTH: NOVEMBER
YEAR: 2023
LATITUDE: 47 58 N
LONGITUDE: 117 25 W
TEMPERATURE IN F: :PCPN: SNOW: WIND :SUNSHINE: SKY :PK WND
================================================================================
1 2 3 4 5 6A 6B 7 8 9 10 11 12 13 14 15 16 17 18
12Z AVG MX 2MIN
DY MAX MIN AVG DEP HDD CDD WTR SNW DPTH SPD SPD DIR MIN PSBL S-S WX SPD DR
================================================================================
1 44 17 31 -7 34 0 0.04 M M 1.2 6 20 M M 3 1 9 40
2 42 36 39 1 26 0 0.68 M M 4.2 9 180 M M 10 1 10 190
3 49 36 43 5 22 0 0.00 M M 2.3 9 30 M M 7 128 14 30
4 53 43 48 10 17 0 0.81 M M 7.0 20 170 M M 10 1 25 170
5 51 37 44 7 21 0 T M M 5.8 15 200 M M 5 1 19 240
6 48 38 43 6 22 0 0.47 M M 7.6 16 220 M M 10 1 22 220
7 48 28 38 1 27 0 0.13 M M 6.0 16 220 M M 7 1 21 230
8 44 25 35 -1 30 0 0.00 M M 3.4 8 10 M M 6 12 12 170
9 43 22 33 -3 32 0 0.01 M M 4.6 14 50 M M 2 1 18 40
10 38 32 35 -1 30 0 0.12 M M 2.9 12 190 M M 10 12 14 190
11 51 34 43 8 22 0 T M M 12.5 38 220 M M 7 1 53 220
12 48 30 39 4 26 0 0.00 M M 8.2 17 40 M M 1 24 30
13 45 30 38 3 27 0 T M M 5.8 17 200 M M 6 12 22 200
14 43 25 34 -1 31 0 0.00 M M 2.4 8 10 M M 8 12 9 20
15 37 27 32 -2 33 0 0.06 M M 1.6 13 300 M M 10 126 18 310
16 35 25 30 -4 35 0 0.00 M M 2.5 9 340 M M 8 128 11 340
17 42 22 32 -2 33 0 0.00 M M 4.1 13 20 M M 4 12 17 30
18 44 28 36 3 29 0 0.00 M M 5.7 15 20 M M 2 19 20
19 41 25 33 0 32 0 0.09 M M 3.9 16 200 M M 9 12 23 200
20 40 22 31 -2 34 0 0.00 M M 5.6 12 20 M M 3 12 16 20
21 44 29 37 4 28 0 0.00 M M 6.0 14 30 M M 1 20 30
22 46 22 34 2 31 0 T M M 0.9 6 60 M M 4 1 8 210
23 47 22 35 3 30 0 0.00 M M 5.2 16 40 M M 3 1 22 10
24 43 19 31 -1 34 0 0.00 M M 4.6 13 50 M M 0 17 50
25 32 15 24 -7 41 0 0.00 M M 1.7 8 160 M M 2 128 11 170
26 30 22 26 -5 39 0 0.00 M M 0.4 6 20 M M 10 128 8 30
27 38 18 28 -3 37 0 0.00 M M 5.5 9 350 M M 4 12 340
28 39 15 27 -4 38 0 0.00 M M 2.6 8 30 M M 0 18 10 30
29 27 16 22 -8 43 0 0.00 M M 1.0 6 150 M M 10 12 7 130
30 30 26 28 -2 37 0 T M M 1.5 6 20 M M 10 18 8 40
================================================================================
SM 1262 786 921 0 2.41 M 126.7 M 172
================================================================================
AV 42.1 26.2 4.2 FASTST M M 6 MAX(MPH)
MISC ----> 38 220 53 220
================================================================================
NOTES:
# LAST OF SEVERAL OCCURRENCES
COLUMN 17 PEAK WIND IN M.P.H.
PRELIMINARY LOCAL CLIMATOLOGICAL DATA (WS FORM: F-6) , PAGE 2
STATION: DEER_PARK WA AIRPORT
MONTH: NOVEMBER
YEAR: 2023
LATITUDE: 47 58 N
LONGITUDE: 117 25 W
[TEMPERATURE DATA] [PRECIPITATION DATA] SYMBOLS USED IN COLUMN 16
AVERAGE MONTHLY: 34.1 TOTAL FOR MONTH: 2.41 1 = FOG OR MIST
DPTR FM NORMAL: 0.0 DPTR FM NORMAL: -0.36 2 = FOG REDUCING VISIBILITY
HIGHEST: 53 ON 4 GRTST 24HR 0.81 ON 4- 4 TO 1/4 MILE OR LESS
LOWEST: 15 ON 28,25 3 = THUNDER
SNOW, ICE PELLETS, HAIL 4 = ICE PELLETS
TOTAL MONTH: M 5 = HAIL
GRTST 24HR M ON M 6 = FREEZING RAIN OR DRIZZLE
GRTST DEPTH: M ON M 7 = DUSTSTORM OR SANDSTORM:
VSBY 1/2 MILE OR LESS
8 = SMOKE OR HAZE
[NO. OF DAYS WITH] [WEATHER - DAYS WITH] 9 = BLOWING SNOW
X = TORNADO
MAX 32 OR BELOW: 4 0.01 INCH OR MORE: 9
MAX 90 OR ABOVE: 0 0.10 INCH OR MORE: 5
MIN 32 OR BELOW: 24 0.50 INCH OR MORE: 2
MIN 0 OR BELOW: 0 1.00 INCH OR MORE: 0
[HDD (BASE 65) ]
TOTAL THIS MO. 921 CLEAR (SCALE 0-3) 9
DPTR FM NORMAL -5 PTCLDY (SCALE 4-7) 11
TOTAL FM JUL 1 1712 CLOUDY (SCALE 8-10) 10
DPTR FM NORMAL -227
[CDD (BASE 65) ]
TOTAL THIS MO. 0
DPTR FM NORMAL 0 [PRESSURE DATA]
TOTAL FM JAN 1 408 HIGHEST SLP M ON M
DPTR FM NORMAL 192 LOWEST SLP 29.60 ON 6
[REMARKS]
#FINAL-11-23#