000
CXUS54 KFWD 040727
CF6DFW
PRELIMINARY LOCAL CLIMATOLOGICAL DATA (WS FORM: F-6)
STATION: DALLAS/FORT WORTH
MONTH: DECEMBER
YEAR: 2021
LATITUDE: 32 54 N
LONGITUDE: 97 2 W
TEMPERATURE IN F: :PCPN: SNOW: WIND :SUNSHINE: SKY :PK WND
================================================================================
1 2 3 4 5 6A 6B 7 8 9 10 11 12 13 14 15 16 17 18
12Z AVG MX 2MIN
DY MAX MIN AVG DEP HDD CDD WTR SNW DPTH SPD SPD DIR MIN PSBL S-S WX SPD DR
================================================================================
1 75 51 63 12 2 0 0.00 0.0 0 6.4 15 190 M M 2 8 19 200
2 81 45 63 12 2 0 0.00 0.0 0 5.8 14 170 M M 5 8 16 170
3 74 57 66 15 0 1 0.00 0.0 0 9.2 20 190 M M 6 18 23 190
4 75 59 67 16 0 2 0.00 0.0 0 7.8 18 200 M M 6 1 25 200
5 78 57 68 18 0 3 0.00 0.0 0 11.0 25 190 M M 8 32 190
6 68 40 54 4 11 0 0.00 0.0 0 17.4 35 10 M M 3 43 10
7 59 35 47 -3 18 0 0.00 0.0 0 4.8 15 160 M M 5 20 160
8 59 41 50 0 15 0 0.00 0.0 0 5.9 13 150 M M 8 128 17 150
9 81 59 70 21 0 5 0.00 0.0 0 13.5 22 200 M M 8 1 31 210
10 83 65 74 25 0 9 0.00 0.0 0 14.0 23 200 M M 8 1 31 290
11 74 37 56 7 9 0 0.00 0.0 0 12.7 36 330 M M 5 46 340
12 60 32 46 -3 19 0 0.00 0.0 0 8.2 18 190 M M 0 23 150
13 70 40 55 7 10 0 0.02 0.0 0 9.9 18 150 M M 3 1 25 150
14 76 56 66 18 0 1 T 0.0 0 11.9 23 190 M M 7 1 29 180
15 80 67 74 26 0 9 T 0.0 0 22.3 37 190 M M 8 49 180
16 76 60 68 20 0 3 0.00 0.0 0 10.5 23 190 M M 8 8 29 180
17 78 60 69 21 0 4 T 0.0 0 12.4 29 180 M M 9 37 190
18 71 39 55 8 10 0 0.16 0.0 0 19.4 31 350 M M 7 13 40 360
19 48 34 41 -6 24 0 0.00 0.0 0 7.8 17 20 M M 7 23 360
20 54 39 47 0 18 0 0.10 0.0 0 4.8 10 60 M M 7 1 14 110
21 63 35 49 2 16 0 0.00 0.0 0 5.6 15 160 M M 1 1 19 180
22 66 42 54 7 11 0 0.00 0.0 0 6.7 14 150 M M 2 19 120
23 76 52 64 17 1 0 0.00 0.0 0 16.1 28 200 M M 7 38 190
24 82 60 71 25 0 6 0.00 0.0 0 19.3 29 200 M M 5 38 200
25 82 58 70 24 0 5 0.00 0.0 0 8.9 22 190 M M 7 1 27 200
26 79 57 68 22 0 3 0.00 0.0 0 13.6 25 190 M M 6 12 32 180
27 80 62 71 25 0 6 0.00 0.0 0 10.6 20 210 M M 6 1 25 200
28 81 57 69 23 0 4 0.00 0.0 0 11.6 29 190 M M 6 40 180
29 74 54 64 18 1 0 0.15 0.0 0 6.0 25 140 M M 7 13 32 130
30 75 48 62 16 3 0 T 0.0 0 5.8 14 260 M M 7 18 270
31 72 52 62 16 3 0 T 0.0 0 6.9 16 180 M M 9 18 20 190
================================================================================
SM 2250 1550 173 61 0.43 0.0 326.8 M 183
================================================================================
AV 72.6 50.0 10.5 FASTST M M 6 MAX(MPH)
MISC ----> 37 190 49 180
================================================================================
NOTES:
# LAST OF SEVERAL OCCURRENCES
COLUMN 17 PEAK WIND IN M.P.H.
PRELIMINARY LOCAL CLIMATOLOGICAL DATA (WS FORM: F-6) , PAGE 2
STATION: DALLAS/FORT WORTH
MONTH: DECEMBER
YEAR: 2021
LATITUDE: 32 54 N
LONGITUDE: 97 2 W
[TEMPERATURE DATA] [PRECIPITATION DATA] SYMBOLS USED IN COLUMN 16
AVERAGE MONTHLY: 61.3 TOTAL FOR MONTH: 0.43 1 = FOG OR MIST
DPTR FM NORMAL: 13.2 DPTR FM NORMAL: -2.41 2 = FOG REDUCING VISIBILITY
HIGHEST: 83 ON 10 GRTST 24HR 0.16 ON 18-18 TO 1/4 MILE OR LESS
LOWEST: 32 ON 12 3 = THUNDER
SNOW, ICE PELLETS, HAIL 4 = ICE PELLETS
TOTAL MONTH: 0.0 INCH 5 = HAIL
GRTST 24HR 0.0 6 = FREEZING RAIN OR DRIZZLE
GRTST DEPTH: 0 7 = DUSTSTORM OR SANDSTORM:
VSBY 1/2 MILE OR LESS
8 = SMOKE OR HAZE
[NO. OF DAYS WITH] [WEATHER - DAYS WITH] 9 = BLOWING SNOW
X = TORNADO
MAX 32 OR BELOW: 0 0.01 INCH OR MORE: 4
MAX 90 OR ABOVE: 0 0.10 INCH OR MORE: 3
MIN 32 OR BELOW: 1 0.50 INCH OR MORE: 0
MIN 0 OR BELOW: 0 1.00 INCH OR MORE: 0
[HDD (BASE 65) ]
TOTAL THIS MO. 173 CLEAR (SCALE 0-3) 6
DPTR FM NORMAL -355 PTCLDY (SCALE 4-7) 21
TOTAL FM JUL 1 417 CLOUDY (SCALE 8-10) 4
DPTR FM NORMAL -468
[CDD (BASE 65) ]
TOTAL THIS MO. 61
DPTR FM NORMAL 57 [PRESSURE DATA]
TOTAL FM JAN 1 2921 HIGHEST SLP 30.40 ON 19
DPTR FM NORMAL 98 LOWEST SLP 29.52 ON 28
[REMARKS]
#FINAL-12-21#