000
CXUS55 KCYS 230925
CF6DGW
PRELIMINARY LOCAL CLIMATOLOGICAL DATA (WS FORM: F-6)
STATION: CONVERSE CO (DOUGLAS) WY ARPT
MONTH: JUNE
YEAR: 2021
LATITUDE: 42 46 N
LONGITUDE: 105 22 W
TEMPERATURE IN F: :PCPN: SNOW: WIND :SUNSHINE: SKY :PK WND
================================================================================
1 2 3 4 5 6A 6B 7 8 9 10 11 12 13 14 15 16 17 18
12Z AVG MX 2MIN
DY MAX MIN AVG DEP HDD CDD WTR SNW DPTH SPD SPD DIR MIN PSBL S-S WX SPD DR
================================================================================
1 78 48 63 4 2 0 0.01 M M 8.7 22 10 M M 2 35 330
2 80 41 61 2 4 0 0.00 M M 5.1 13 250 M M 1 18 260
3 88 43 66 6 0 1 0.00 M M 5.5 14 350 M M 0 20 340
4 95 43 69 9 0 4 0.00 M M 6.8 16 170 M M 0 22 170
5 97 54 76 16 0 11 0.00 M M 12.1 26 170 M M 0 38 170
6 83 63 73 12 0 8 0.00 M M 13.6 36 150 M M 0 45 160
7 97 61 79 18 0 14 0.00 M M 11.9 28 50 M M 0 35 40
8 95 53 74 13 0 9 0.01 M M 9.8 30 180 M M 0 3 46 200
9 93 46 70 8 0 5 0.00 M M 10.5 25 140 M M 0 34 140
10 99 59 79 17 0 14 0.00 M M 19.6 48 290 M M 0 68 290
11 78 47 63 1 2 0 0.00 M M 12.9 36 280 M M 0 51 290
12 91 38 65 3 0 0 0.00 M M 3.4 12 200 M M 0 16 190
13 94 49 72 9 0 7 0.00 M M 8.4 23 90 M M 0 30 80
14 98 61 80 17 0 15 0.00 M M 14.7 24 140 M M 0 36 130
15 100 60 80 16 0 15 0.00 M M 8.6 17 140 M M 0 27 130
16 96 52 74 10 0 9 0.00 M M 8.6 23 120 M M 0 32 110
17 99 56 78 14 0 13 0.00 M M 8.5 25 280 M M 0 38 270
18 93 56 75 11 0 10 0.00 M M 9.0 18 120 M M 0 24 120
19 95 57 76 11 0 11 T M M 11.7 46 260 M M 0 38 66 250
20 75 53 64 -1 1 0 0.30 M M 11.7 26 10 M M 5 36 10
21 78 49 64 -1 1 0 0.00 M M 7.6 15 300 M M 3 24 290
22 95 46 71 5 0 6 0.00 M M 8.3 25 300 M M 0 35 310
23 97 48 73 7 0 8 0.00 M M 10.8 31 50 M M 0 54 210
24 88 55 72 6 0 7 T M M 10.8 24 40 M M 2 3 32 40
25 68 54 61 -6 4 0 0.06 M M 9.3 22 10 M M 9 1 29 10
26 73 55 64 -3 1 0 0.02 M M 12.4 26 350 M M 8 3 35 350
27 74 50 62 -5 3 0 0.22 M M 9.5 25 330 M M 6 3 35 330
28 75 52 64 -4 1 0 0.00 M M 7.9 18 50 M M 3 24 50
29 81 48 65 -3 0 0 0.00 M M 8.7 20 130 M M 0 29 130
30 87 53 70 2 0 5 0.00 M M 9.6 17 150 M M 1 23 140
================================================================================
SM 2640 1550 19 172 0.62 M 296.0 M 40
================================================================================
AV 88.0 51.7 9.9 FASTST M M 1 MAX(MPH)
MISC ----> 48 290 68 290
================================================================================
NOTES:
# LAST OF SEVERAL OCCURRENCES
COLUMN 17 PEAK WIND IN M.P.H.
PRELIMINARY LOCAL CLIMATOLOGICAL DATA (WS FORM: F-6) , PAGE 2
STATION: CONVERSE CO (DOUGLAS) WY ARPT
MONTH: JUNE
YEAR: 2021
LATITUDE: 42 46 N
LONGITUDE: 105 22 W
[TEMPERATURE DATA] [PRECIPITATION DATA] SYMBOLS USED IN COLUMN 16
AVERAGE MONTHLY: 69.8 TOTAL FOR MONTH: 0.62 1 = FOG OR MIST
DPTR FM NORMAL: 6.1 DPTR FM NORMAL: -1.01 2 = FOG REDUCING VISIBILITY
HIGHEST: 100 ON 15 GRTST 24HR 0.30 ON 20-20 TO 1/4 MILE OR LESS
LOWEST: 38 ON 12 3 = THUNDER
SNOW, ICE PELLETS, HAIL 4 = ICE PELLETS
TOTAL MONTH: M 5 = HAIL
GRTST 24HR M ON M 6 = FREEZING RAIN OR DRIZZLE
GRTST DEPTH: M ON M 7 = DUSTSTORM OR SANDSTORM:
VSBY 1/2 MILE OR LESS
8 = SMOKE OR HAZE
[NO. OF DAYS WITH] [WEATHER - DAYS WITH] 9 = BLOWING SNOW
X = TORNADO
MAX 32 OR BELOW: 0 0.01 INCH OR MORE: 6
MAX 90 OR ABOVE: 16 0.10 INCH OR MORE: 2
MIN 32 OR BELOW: 0 0.50 INCH OR MORE: 0
MIN 0 OR BELOW: 0 1.00 INCH OR MORE: 0
[HDD (BASE 65) ]
TOTAL THIS MO. 19 CLEAR (SCALE 0-3) 25
DPTR FM NORMAL -88 PTCLDY (SCALE 4-7) 4
TOTAL FM JUL 1 7615 CLOUDY (SCALE 8-10) 1
DPTR FM NORMAL 313
[CDD (BASE 65) ]
TOTAL THIS MO. 172
DPTR FM NORMAL 105 [PRESSURE DATA]
TOTAL FM JAN 1 172 HIGHEST SLP 30.20 ON 28
DPTR FM NORMAL 98 LOWEST SLP 29.46 ON 10
[REMARKS]
#FINAL-06-21#