000
CXUS55 KCYS 011610
CF6DGW
PRELIMINARY LOCAL CLIMATOLOGICAL DATA (WS FORM: F-6)
STATION: CONVERSE CO (DOUGLAS) WY ARPT
MONTH: JULY
YEAR: 2023
LATITUDE: 42 46 N
LONGITUDE: 105 22 W
TEMPERATURE IN F: :PCPN: SNOW: WIND :SUNSHINE: SKY :PK WND
================================================================================
1 2 3 4 5 6A 6B 7 8 9 10 11 12 13 14 15 16 17 18
12Z AVG MX 2MIN
DY MAX MIN AVG DEP HDD CDD WTR SNW DPTH SPD SPD DIR MIN PSBL S-S WX SPD DR
================================================================================
1 85 47 66 -3 0 1 0.00 M M 5.9 20 320 M M 0 25 320
2 86 51 69 0 0 4 0.00 M M 9.2 22 290 M M 0 28 290
3 91 52 72 3 0 7 0.06 M M 10.2 45 250 M M 1 3 62 250
4 69 52 61 -9 4 0 0.00 M M 8.2 24 360 M M 7 35 10
5 66 51 59 -11 6 0 0.00 M M 13.6 22 130 M M 7 29 140
6 76 47 62 -8 3 0 0.70 M M 14.8 47 350 M M 5 13 60 340
7 75 48 62 -8 3 0 0.00 M M 6.2 13 60 M M 2 18 50
8 78 54 66 -5 0 1 T M M 10.7 24 70 M M 2 3 36 70
9 86 48 67 -4 0 2 0.00 M M 3.5 13 270 M M 1 12 17 270
10 93 51 72 1 0 7 0.00 M M 6.9 32 310 M M 0 3 45 310
11 94 59 77 5 0 12 0.00 M M 11.9 25 270 M M 0 34 270
12 90 57 74 2 0 9 0.00 M M 7.5 20 40 M M 2 29 300
13 93 53 73 1 0 8 T M M 7.7 20 290 M M 0 28 300
14 81 56 69 -3 0 4 0.00 M M 9.4 24 60 M M 3 3 33 60
15 88 47 68 -4 0 3 0.00 M M 7.3 21 270 M M 1 18 27 270
16 93 52 73 1 0 8 0.00 M M 7.3 23 330 M M 0 18 34 330
17 98 51 75 2 0 10 0.00 M M 9.5 25 220 M M 0 36 220
18 93 55 74 1 0 9 0.03 M M 7.4 31 340 M M 1 138 45 350
19 86 58 72 -1 0 7 0.05 M M 8.7 21 70 M M 1 3 28 70
20 67 54 61 -12 4 0 0.11 M M 10.9 26 140 M M 5 13 34 150
21 86 47 67 -6 0 2 0.00 M M 4.7 15 310 M M 1 1 23 290
22 94 50 72 -1 0 7 0.00 M M 6.6 23 300 M M 0 3 31 290
23 100 51 76 3 0 11 0.22 M M 6.6 45 300 M M 0 3 61 300
24 99 62 81 8 0 16 T M M 6.6 37 320 M M 0 3 54 320
25 94 61 78 5 0 13 0.00 M M 9.7 30 290 M M 0 39 290
26 98 57 78 5 0 13 0.02 M M 8.5 48 280 M M 1 3 62 270
27 97 51 74 1 0 9 0.01 M M 9.0 36 330 M M 1 3 51 330
28 91 57 74 1 0 9 0.01 M M 8.6 22 50 M M 0 3 29 40
29 90 57 74 1 0 9 0.00 M M 11.6 25 150 M M 1 3 35 120
30 95 63 79 6 0 14 T M M 9.7 30 140 M M 0 39 130
31 95 63 79 6 0 14 0.46 M M 7.9 22 30 M M 3 3 31 40
================================================================================
SM 2727 1662 20 209 1.67 M 266.3 M 45
================================================================================
AV 88.0 53.6 8.6 FASTST M M 1 MAX(MPH)
MISC ----> 48 280 # 62 250
================================================================================
NOTES:
# LAST OF SEVERAL OCCURRENCES
COLUMN 17 PEAK WIND IN M.P.H.
PRELIMINARY LOCAL CLIMATOLOGICAL DATA (WS FORM: F-6) , PAGE 2
STATION: CONVERSE CO (DOUGLAS) WY ARPT
MONTH: JULY
YEAR: 2023
LATITUDE: 42 46 N
LONGITUDE: 105 22 W
[TEMPERATURE DATA] [PRECIPITATION DATA] SYMBOLS USED IN COLUMN 16
AVERAGE MONTHLY: 70.8 TOTAL FOR MONTH: 1.67 1 = FOG OR MIST
DPTR FM NORMAL: -1.1 DPTR FM NORMAL: 0.82 2 = FOG REDUCING VISIBILITY
HIGHEST: 100 ON 23 GRTST 24HR 0.70 ON 6- 6 TO 1/4 MILE OR LESS
LOWEST: 47 ON 21,15 3 = THUNDER
SNOW, ICE PELLETS, HAIL 4 = ICE PELLETS
TOTAL MONTH: M 5 = HAIL
GRTST 24HR M ON M 6 = FREEZING RAIN OR DRIZZLE
GRTST DEPTH: M ON M 7 = DUSTSTORM OR SANDSTORM:
VSBY 1/2 MILE OR LESS
8 = SMOKE OR HAZE
[NO. OF DAYS WITH] [WEATHER - DAYS WITH] 9 = BLOWING SNOW
X = TORNADO
MAX 32 OR BELOW: 0 0.01 INCH OR MORE: 10
MAX 90 OR ABOVE: 18 0.10 INCH OR MORE: 4
MIN 32 OR BELOW: 0 0.50 INCH OR MORE: 1
MIN 0 OR BELOW: 0 1.00 INCH OR MORE: 0
[HDD (BASE 65) ]
TOTAL THIS MO. 20 CLEAR (SCALE 0-3) 25
DPTR FM NORMAL 9 PTCLDY (SCALE 4-7) 6
TOTAL FM JUL 1 20 CLOUDY (SCALE 8-10) 0
DPTR FM NORMAL 14
[CDD (BASE 65) ]
TOTAL THIS MO. 209
DPTR FM NORMAL -16 [PRESSURE DATA]
TOTAL FM JAN 1 221 HIGHEST SLP 30.25 ON 20
DPTR FM NORMAL -78 LOWEST SLP 29.68 ON 17
[REMARKS]
#FINAL-07-23#