000
CXUS55 KCYS 011826
CLMDGW
CLIMATE REPORT
NATIONAL WEATHER SERVICE CHEYENNE WY
1126 AM MST FRI DEC 01 2023
...................................
...THE CONVERSE CO (DOUGLAS) WY ARPT CLIMATE SUMMARY FOR THE MONTH OF NOVEMBER 2023...
CLIMATE NORMAL PERIOD 1991 TO 2020
CLIMATE RECORD PERIOD 1998 TO 2023
WEATHER OBSERVED NORMAL DEPART LAST YEAR`S
VALUE DATE(S) VALUE FROM VALUE DATE(S)
NORMAL
................................................................
TEMPERATURE (F)
RECORD
HIGH 76 11/07/1999
LOW -25 11/13/2014
HIGHEST 69 11/13 MM MM 70
LOWEST -5 11/25 MM MM -9
AVG. MAXIMUM 51.4 47.8 3.6 41.8
AVG. MINIMUM 19.7 20.2 -0.5 14.9
MEAN 35.6 34.0 1.6 28.4
DAYS MAX >= 90 0 0.0 0.0 0
DAYS MAX <= 32 4 4.1 -0.1 5
DAYS MIN <= 32 26 27.0 -1.0 28
DAYS MIN <= 0 1 1.6 -0.6 3
PRECIPITATION (INCHES)
RECORD
MAXIMUM 0.45 2021
TOTALS MM 0.35 MM 0.31
DAYS >= .01 2 4.0 -2.0 3
DAYS >= .10 1 0.8 0.2 1
DAYS >= .50 0 0.0 0.0 0
DAYS >= 1.00 0 0.0 0.0 0
GREATEST
24 HR. TOTAL 0.15 11/23 TO 11/24 0.19 11/05 TO 11/05
DEGREE DAYS
HEATING TOTAL 876 930 -54 1090
SINCE 7/1 1612 1767 -155 MM
COOLING TOTAL 0 0 0 0
SINCE 1/1 414 512 -98 MM
................................................................
WIND (MPH)
AVERAGE WIND SPEED 8.3
HIGHEST WIND SPEED/DIRECTION 45/280 DATE 11/05
HIGHEST GUST SPEED/DIRECTION 59/270 DATE 11/05
SKY COVER
POSSIBLE SUNSHINE (PERCENT) MM
AVERAGE SKY COVER 0.19
NUMBER OF DAYS FAIR 25
NUMBER OF DAYS PC 1
NUMBER OF DAYS CLOUDY 4
AVERAGE RH (PERCENT) 57
WEATHER CONDITIONS. NUMBER OF DAYS WITH
THUNDERSTORM 0 MIXED PRECIP 0
HEAVY RAIN 0 RAIN 0
LIGHT RAIN 1 FREEZING RAIN 0
LT FREEZING RAIN 0 HAIL 0
HEAVY SNOW 0 SNOW 1
LIGHT SNOW 3 SLEET 0
FOG 3 FOG W/VIS <= 1/4 MILE 0
HAZE 3
- INDICATES NEGATIVE NUMBERS.
R INDICATES RECORD WAS SET OR TIED.
MM INDICATES DATA IS MISSING.
T INDICATES TRACE AMOUNT.
$$