000
CXUS53 KBIS 010930
CF6DIK
PRELIMINARY LOCAL CLIMATOLOGICAL DATA (WS FORM: F-6)
STATION: DICKINSON ND
MONTH: FEBRUARY
YEAR: 2021
LATITUDE: 46 47 N
LONGITUDE: 102 48 W
TEMPERATURE IN F: :PCPN: SNOW: WIND :SUNSHINE: SKY :PK WND
================================================================================
1 2 3 4 5 6A 6B 7 8 9 10 11 12 13 14 15 16 17 18
12Z AVG MX 2MIN
DY MAX MIN AVG DEP HDD CDD WTR SNW DPTH SPD SPD DIR MIN PSBL S-S WX SPD DR
================================================================================
1 49 16 33 15 32 0 0.00 M M 11.6 18 180 M M 0 23 180
2 58 20 39 21 26 0 0.00 M M 11.9 17 200 M M 0 22 200
3 36 5 21 3 44 0 T M M 16.1 30 320 M M 4 18 40 320
4 18 1 10 -8 55 0 0.00 M M 18.2 28 300 M M 0 36 310
5 14 -5 5 -13 60 0 T M M 13.8 24 310 M M 4 8 30 310
6 0 -17 -8 -26 73 0 T M M 9.7 23 320 M M 3 32 320
7 -1 -20 -10 -29 75 0 T M M 3.9 10 70 M M 8 8 13 60
8 0 -25 -12 -31 77 0 0.00 M M 9.2 18 280 M M 2 23 280
9 3 -16 -6 -25 71 0 0.00 M M 17.3 25 290 M M 1 31 290
10 3 -22 -9 -28 74 0 T M M 9.1 17 280 M M 2 22 280
11 -10 -24 -17 -37 82 0 M M M 11.9 24 280 M M 7 8 30 280
12 -5 -26 -15 -35 80 0 T M M 12.8 25 270 M M 4 8 31 280
13 -6 -27 -16 -36 81 0 0.00 M M 6.1 15 320 M M 2 8 20 320
14 0 -30 -15 -35 80 0 0.00 M M 4.9 10 150 M M 0 11 160
15 9 -17 -4 -24 69 0 0.00 M M 16.4 26 150 M M 0 34 140
16 4 -9 -2 -23 67 0 T M M 10.4 20 150 M M 9 25 140
17 16 -9 4 -17 61 0 T M M 8.7 20 300 M M 9 1 24 300
18 19 2 11 -10 54 0 T M M 12.9 23 300 M M 4 8 28 290
19 34 -4 15 -6 50 0 0.00 M M 10.7 22 190 M M 2 28 200
20 47 19 33 11 32 0 0.00 M M 10.3 20 270 M M 2 25 250
21 45 19 32 10 33 0 0.00 M M 16.5 30 270 M M 0 37 280
22 53 29 41 19 24 0 0.00 M M 22.1 46 300 M M 4 8 62 300
23 46 20 33 11 32 0 T M M 14.9 36 270 M M 7 18 46 260
24 36 15 26 3 39 0 0.00 M M 12.8 24 310 M M 4 1 31 320
25 46 16 31 8 34 0 0.00 M M 17.6 29 210 M M 1 38 220
26 46 22 34 11 31 0 0.00 M M 15.9 28 280 M M 2 39 260
27 25 7 16 -8 49 0 0.00 M M 6.7 13 30 M M 7 12 17 30
28 42 7 25 1 40 0 0.00 M M 12.6 29 270 M M 5 1 38 260
================================================================================
SM 627 -53 1525 0 T M 345.0 M 93
================================================================================
AV 22.4 -1.9 12.3 FASTST M M 3 MAX(MPH)
MISC ----> 46 300 62 300
================================================================================
NOTES:
# LAST OF SEVERAL OCCURRENCES
COLUMN 17 PEAK WIND IN M.P.H.
PRELIMINARY LOCAL CLIMATOLOGICAL DATA (WS FORM: F-6) , PAGE 2
STATION: DICKINSON ND
MONTH: FEBRUARY
YEAR: 2021
LATITUDE: 46 47 N
LONGITUDE: 102 48 W
[TEMPERATURE DATA] [PRECIPITATION DATA] SYMBOLS USED IN COLUMN 16
AVERAGE MONTHLY: 10.3 TOTAL FOR MONTH: T 1 = FOG OR MIST
DPTR FM NORMAL: -10.2 DPTR FM NORMAL: -0.33 2 = FOG REDUCING VISIBILITY
HIGHEST: 58 ON 2 GRTST 24HR T ON 3- 3 TO 1/4 MILE OR LESS
LOWEST: -30 ON 14 3 = THUNDER
SNOW, ICE PELLETS, HAIL 4 = ICE PELLETS
TOTAL MONTH: M 5 = HAIL
GRTST 24HR M ON M 6 = FREEZING RAIN OR DRIZZLE
GRTST DEPTH: M ON M 7 = DUSTSTORM OR SANDSTORM:
VSBY 1/2 MILE OR LESS
8 = SMOKE OR HAZE
[NO. OF DAYS WITH] [WEATHER - DAYS WITH] 9 = BLOWING SNOW
X = TORNADO
MAX 32 OR BELOW: 16 0.01 INCH OR MORE: 0
MAX 90 OR ABOVE: 0 0.10 INCH OR MORE: 0
MIN 32 OR BELOW: 28 0.50 INCH OR MORE: 0
MIN 0 OR BELOW: 14 1.00 INCH OR MORE: 0
[HDD (BASE 65) ]
TOTAL THIS MO. 1525 CLEAR (SCALE 0-3) 15
DPTR FM NORMAL 278 PTCLDY (SCALE 4-7) 11
TOTAL FM JUL 1 5776 CLOUDY (SCALE 8-10) 2
DPTR FM NORMAL -518
[CDD (BASE 65) ]
TOTAL THIS MO. 0
DPTR FM NORMAL 0 [PRESSURE DATA]
TOTAL FM JAN 1 0 HIGHEST SLP 30.78 ON 14
DPTR FM NORMAL 0 LOWEST SLP 29.51 ON 26
[REMARKS]
#FINAL-02-21#