000
CXUS56 KTFX 220801
CF6DLN
PRELIMINARY LOCAL CLIMATOLOGICAL DATA (WS FORM: F-6)
STATION: DILLON AIRPORT MT
MONTH: NOVEMBER
YEAR: 2022
LATITUDE: 45 15 N
LONGITUDE: 112 33 W
TEMPERATURE IN F: :PCPN: SNOW: WIND :SUNSHINE: SKY :PK WND
================================================================================
1 2 3 4 5 6A 6B 7 8 9 10 11 12 13 14 15 16 17 18
12Z AVG MX 2MIN
DY MAX MIN AVG DEP HDD CDD WTR SNW DPTH SPD SPD DIR MIN PSBL S-S WX SPD DR
================================================================================
1 57 38 48 12 17 0 0.00 M 0 16.2 31 170 M M 1 8 45 170
2 50 18 34 -1 31 0 T M 0 12.0 30 230 M M 5 1 46 170
3 35 14 25 -10 40 0 0.00 M 0 6.3 17 250 M M 4 21 250
4 43 24 34 -1 31 0 0.00 M 0 14.9 24 240 M M 7 35 240
5 48 22 35 1 30 0 T M 0 19.9 41 260 M M 2 55 280
6 39 17 28 -6 37 0 0.00 M 0 7.9 22 180 M M 3 36 130
7 24 13 19 -14 46 0 0.07 M 2 11.5 22 40 M M 8 12 28 40
8 13 5 9 -24 56 0 0.04 M 3 10.4 17 60 M M 9 1 23 50
9 13 4 9 -24 56 0 0.03 M 3 8.0 16 40 M M 9 128 20 60
10 16 -4 6 -26 59 0 T M 3 1.9 9 210 M M 5 1 10 210
11 17 -3 7 -25 58 0 0.00 M 3 4.8 14 190 M M 0 16 200
12 21 1 11 -20 54 0 0.00 M 3 5.1 14 200 M M 0 18 200
13 24 1 13 -18 52 0 0.00 M 3 6.0 13 200 M M 7 16 200
14 23 1 12 -18 53 0 T M 3 6.3 13 200 M M 5 1 15 200
15 24 6 15 -15 50 0 0.00 M 3 5.6 13 240 M M 4 15 210
16 25 7 16 -14 49 0 T M 3 6.7 18 210 M M 4 1 25 210
17 20 -10 5 -24 60 0 M M M 12.8 23 30 M M 5 19 29 30
18 6 -14 -4 -33 69 0 0.00 M 4 6.1 12 190 M M 1 15 200
19 14 -9 3 -25 62 0 0.00 M M 6.7 17 240 M M 0 21 230
20 23 4 14 -14 51 0 0.00 M 2 7.6 16 230 M M 0 21 220
21 29 6 18 -10 47 0 0.00 M M 6.7 18 210 M M 3 24 220
22 33 11 22 -5 43 0 T M 3 11.0 18 200 M M 2 1 25 210
23 37 15 26 -1 39 0 0.00 M 3 10.4 24 230 M M 6 32 220
24 28 10 19 -7 46 0 0.00 M 3 4.5 16 210 M M 0 18 220
25 38 17 28 2 37 0 0.00 M 3 12.4 22 220 M M 0 26 220
26 37 19 28 3 37 0 T M 2 11.1 21 210 M M 4 27 190
27 35 16 26 1 39 0 T M 1 15.5 32 220 M M 6 45 230
28 21 1 11 -14 54 0 0.00 M 1 5.8 15 250 M M 3 18 240
29 10 -4 3 -21 62 0 T M 1 3.8 8 280 M M 5 1 9 270
30 31 -3 14 -10 51 0 T M 1 6.6 23 200 M M 4 1 36 210
================================================================================
SM 834 223 1416 0 0.14 M 264.5 M 112
================================================================================
AV 27.8 7.4 8.8 FASTST M M 4 MAX(MPH)
MISC ----> 41 260 55 280
================================================================================
NOTES:
# LAST OF SEVERAL OCCURRENCES
COLUMN 17 PEAK WIND IN M.P.H.
PRELIMINARY LOCAL CLIMATOLOGICAL DATA (WS FORM: F-6) , PAGE 2
STATION: DILLON AIRPORT MT
MONTH: NOVEMBER
YEAR: 2022
LATITUDE: 45 15 N
LONGITUDE: 112 33 W
[TEMPERATURE DATA] [PRECIPITATION DATA] SYMBOLS USED IN COLUMN 16
AVERAGE MONTHLY: 17.6 TOTAL FOR MONTH: 0.14 1 = FOG OR MIST
DPTR FM NORMAL: -12.3 DPTR FM NORMAL: -0.23 2 = FOG REDUCING VISIBILITY
HIGHEST: 57 ON 1 GRTST 24HR 0.09 ON 7- 8 TO 1/4 MILE OR LESS
LOWEST: -14 ON 18 3 = THUNDER
SNOW, ICE PELLETS, HAIL 4 = ICE PELLETS
TOTAL MONTH: M 5 = HAIL
GRTST 24HR M ON M 6 = FREEZING RAIN OR DRIZZLE
GRTST DEPTH: 4 ON 18 7 = DUSTSTORM OR SANDSTORM:
VSBY 1/2 MILE OR LESS
8 = SMOKE OR HAZE
[NO. OF DAYS WITH] [WEATHER - DAYS WITH] 9 = BLOWING SNOW
X = TORNADO
MAX 32 OR BELOW: 19 0.01 INCH OR MORE: 3
MAX 90 OR ABOVE: 0 0.10 INCH OR MORE: 0
MIN 32 OR BELOW: 29 0.50 INCH OR MORE: 0
MIN 0 OR BELOW: 7 1.00 INCH OR MORE: 0
[HDD (BASE 65) ]
TOTAL THIS MO. 1416 CLEAR (SCALE 0-3) 12
DPTR FM NORMAL 362 PTCLDY (SCALE 4-7) 15
TOTAL FM JUL 1 2216 CLOUDY (SCALE 8-10) 3
DPTR FM NORMAL -17
[CDD (BASE 65) ]
TOTAL THIS MO. 0
DPTR FM NORMAL 0 [PRESSURE DATA]
TOTAL FM JAN 1 256 HIGHEST SLP 30.86 ON 18
DPTR FM NORMAL 139 LOWEST SLP 29.24 ON 5
[REMARKS]
#FINAL-11-22#