000
CXUS51 KLWX 010915
CF6DMH
PRELIMINARY LOCAL CLIMATOLOGICAL DATA (WS FORM: F-6)
STATION: BALTIMORE INNER HARBOR
MONTH: FEBRUARY
YEAR: 2024
LATITUDE: 39 16 N
LONGITUDE: 76 37 W
TEMPERATURE IN F: :PCPN: SNOW: WIND :SUNSHINE: SKY :PK WND
================================================================================
1 2 3 4 5 6A 6B 7 8 9 10 11 12 13 14 15 16 17 18
12Z AVG MX 2MIN
DY MAX MIN AVG DEP HDD CDD WTR SNW DPTH SPD SPD DIR MIN PSBL S-S WX SPD DR
================================================================================
1 59 36 48 11 17 0 0.00 M M M M M M M 0 M M
2 53 45 49 12 16 0 0.04 M M M M M M M 0 M M
3 54 40 47 10 18 0 0.00 M M M M M M M 0 M M
4 54 38 46 8 19 0 0.00 M M M M M M M 0 M M
5 52 37 45 7 20 0 0.00 M M M M M M M 0 M M
6 50 36 43 5 22 0 0.00 M M M M M M M 0 M M
7 56 37 47 9 18 0 0.00 M M M M M M M 0 M M
8 58 39 49 11 16 0 0.00 M M M M M M M 0 M M
9 62 45 54 16 11 0 0.00 M M M M M M M 0 M M
10 66 47 57 19 8 0 0.01 M M M M M M M 0 M M
11 63 51 57 19 8 0 0.02 M M M M M M M M M M
12 53 46 50 11 15 0 0.14 M M M M M M M M M M
13 50 39 45 6 20 0 0.92 M M M M M M M M M M
14 48 38 43 4 22 0 0.00 M M M M M M M M M M
15 49 34 42 3 23 0 0.00 M M M M M M M 0 M M
16 53 42 48 8 17 0 0.00 M M M M M M M 0 M M
17 45 33 39 -1 26 0 0.25 M M M M M M M 0 M M
18 52 30 41 1 24 0 0.00 M M M M M M M 0 M M
19 53 36 45 5 20 0 0.00 M M M M M M M 0 M M
20 51 34 43 3 22 0 0.00 M M M M M M M 0 M M
21 50 34 42 2 23 0 0.00 M M M M M M M 0 M M
22 50 36 43 2 22 0 0.26 M M M M M M M 0 M M
23 54 45 50 9 15 0 0.00 M M M M M M M 0 M M
24 56 37 47 6 18 0 0.01 M M M M M M M 0 M M
25 48 32 40 -2 25 0 0.00 M M M M M M M 0 M M
26 62 37 50 8 15 0 0.00 0.0 0 M M M M M 0 M M
27 65 46 56 14 9 0 0.01 0.0 0 M M M M M 0 M M
28 68 45 57 15 8 0 0.38 0.0 0 M M M M M 0 13 M M
29 52 36 44 2 21 0 0.00 M M M M M M M M M M
================================================================================
SM 1586 1131 518 0 2.04 0.0 M M 0
================================================================================
AV 54.7 39.0 M FASTST M M 0 MAX(MPH)
MISC ----> M M M M
================================================================================
NOTES:
# LAST OF SEVERAL OCCURRENCES
COLUMN 17 PEAK WIND IN M.P.H.
PRELIMINARY LOCAL CLIMATOLOGICAL DATA (WS FORM: F-6) , PAGE 2
STATION: BALTIMORE INNER HARBOR
MONTH: FEBRUARY
YEAR: 2024
LATITUDE: 39 16 N
LONGITUDE: 76 37 W
[TEMPERATURE DATA] [PRECIPITATION DATA] SYMBOLS USED IN COLUMN 16
AVERAGE MONTHLY: 46.8 TOTAL FOR MONTH: 2.04 1 = FOG OR MIST
DPTR FM NORMAL: 7.4 DPTR FM NORMAL: -0.71 2 = FOG REDUCING VISIBILITY
HIGHEST: 68 ON 28 GRTST 24HR 1.06 ON 12-13 TO 1/4 MILE OR LESS
LOWEST: 30 ON 18 3 = THUNDER
SNOW, ICE PELLETS, HAIL 4 = ICE PELLETS
TOTAL MONTH: 0.0 INCH 5 = HAIL
GRTST 24HR 0.0 6 = FREEZING RAIN OR DRIZZLE
GRTST DEPTH: 0 7 = DUSTSTORM OR SANDSTORM:
VSBY 1/2 MILE OR LESS
8 = SMOKE OR HAZE
[NO. OF DAYS WITH] [WEATHER - DAYS WITH] 9 = BLOWING SNOW
X = TORNADO
MAX 32 OR BELOW: 0 0.01 INCH OR MORE: 10
MAX 90 OR ABOVE: 0 0.10 INCH OR MORE: 5
MIN 32 OR BELOW: 2 0.50 INCH OR MORE: 1
MIN 0 OR BELOW: 0 1.00 INCH OR MORE: 0
[HDD (BASE 65) ]
TOTAL THIS MO. 518 CLEAR (SCALE 0-3) 24
DPTR FM NORMAL -200 PTCLDY (SCALE 4-7) 0
TOTAL FM JUL 1 2291 CLOUDY (SCALE 8-10) 5
DPTR FM NORMAL -723
[CDD (BASE 65) ]
TOTAL THIS MO. 0
DPTR FM NORMAL 0 [PRESSURE DATA]
TOTAL FM JAN 1 2 HIGHEST SLP 30.50 ON 29
DPTR FM NORMAL 2 LOWEST SLP 29.38 ON 13
[REMARKS]
#FINAL-02-24#