556
CXUS51 KLWX 040043
CF6DMH
PRELIMINARY LOCAL CLIMATOLOGICAL DATA (WS FORM: F-6)
STATION: BALTIMORE INNER HARBOR MD
MONTH: AUGUST
YEAR: 2019
LATITUDE: 39 16 N
LONGITUDE: 76 37 W
TEMPERATURE IN F: :PCPN: SNOW: WIND :SUNSHINE: SKY :PK WND
================================================================================
1 2 3 4 5 6A 6B 7 8 9 10 11 12 13 14 15 16 17 18
12Z AVG MX 2MIN
DY MAX MIN AVG DEP HDD CDD WTR SNW DPTH SPD SPD DIR MIN PSBL S-S WX SPD DR
================================================================================
1 92 70 81 1 0 16 0.23 M M M M M M M M M M
2 90 75 83 3 0 18 0.01 M M M M M M M M M M
3 91 73 82 2 0 17 0.04 M M M M M M M M M M
4 93 73 83 3 0 18 0.02 M M M M M M M M M M
5 92 76 84 4 0 19 0.00 M M M M M M M M M M
6 93 68 81 1 0 16 1.74 M M M M M M M M M M
7 92 72 82 2 0 17 0.41 M M M M M M M M M M
8 92 71 82 2 0 17 0.00 M M M M M M M M M M
9 91 74 83 3 0 18 0.00 M M M M M M M M M M
10 85 68 77 -3 0 12 0.00 M M M M M M M M M M
11 86 70 78 -2 0 13 0.00 M M M M M M M M M M
12 92 69 81 2 0 16 0.00 M M M M M M M M M M
13 84 74 79 0 0 14 0.14 M M M M M M M M M M
14 87 76 82 3 0 17 0.00 M M M M M M M M M M
15 87 74 81 2 0 16 0.00 M M M M M M M M M M
16 88 75 82 3 0 17 0.00 M M M M M M M M M M
17 92 77 85 6 0 20 0.00 M M M M M M M M M M
18 93 73 83 4 0 18 0.96 M M M M M M M M M M
19 97 76 87 8 0 22 0.00 M M M M M M M M M M
20 93 76 85 6 0 20 0.00 M M M M M M M M M M
21 95 73 84 5 0 19 0.00 M M M M M M M M M M
22 95 73 84 5 0 19 1.31 M M M M M M M M M M
23 76 67 72 -6 0 7 0.37 M M M M M M M M M M
24 79 64 72 -6 0 7 0.00 M M M M M M M M M M
25 79 66 73 -5 0 8 0.00 M M M M M M M M M M
26 77 64 71 -7 0 6 0.00 M M M M M M M M M M
27 80 67 74 -4 0 9 0.00 M M M M M M M M M M
28 83 68 76 -2 0 11 0.06 M M M M M M M M M M
29 84 67 76 -2 0 11 0.00 M M M M M M M M M M
30 91 65 78 1 0 13 0.00 M M M M M M M M M M
31 87 73 80 3 0 15 0.00 M M M M M M M M M M
================================================================================
SM 2736 2207 0 466 5.29 M M M M
================================================================================
AV 88.3 71.2 M FASTST M M 3 MAX(MPH)
MISC ----> M M M M
================================================================================
NOTES:
# LAST OF SEVERAL OCCURRENCES
COLUMN 17 PEAK WIND IN M.P.H.
PRELIMINARY LOCAL CLIMATOLOGICAL DATA (WS FORM: F-6) , PAGE 2
STATION: BALTIMORE INNER HARBOR MD
MONTH: AUGUST
YEAR: 2019
LATITUDE: 39 16 N
LONGITUDE: 76 37 W
[TEMPERATURE DATA] [PRECIPITATION DATA] SYMBOLS USED IN COLUMN 16
AVERAGE MONTHLY: 79.7 TOTAL FOR MONTH: 5.29 1 = FOG OR MIST
DPTR FM NORMAL: 0.7 DPTR FM NORMAL: 1.90 2 = FOG REDUCING VISIBILITY
HIGHEST: 97 ON 19 GRTST 24HR 1.74 ON 6- 6 TO 1/4 MILE OR LESS
LOWEST: 64 ON 26,24 3 = THUNDER
SNOW, ICE PELLETS, HAIL 4 = ICE PELLETS
TOTAL MONTH: M 5 = HAIL
GRTST 24HR M ON M 6 = FREEZING RAIN OR DRIZZLE
GRTST DEPTH: M ON M 7 = DUSTSTORM OR SANDSTORM:
VSBY 1/2 MILE OR LESS
8 = SMOKE OR HAZE
[NO. OF DAYS WITH] [WEATHER - DAYS WITH] 9 = BLOWING SNOW
X = TORNADO
MAX 32 OR BELOW: 0 0.01 INCH OR MORE: 11
MAX 90 OR ABOVE: 17 0.10 INCH OR MORE: 7
MIN 32 OR BELOW: 0 0.50 INCH OR MORE: 3
MIN 0 OR BELOW: 0 1.00 INCH OR MORE: 2
[HDD (BASE 65) ]
TOTAL THIS MO. 0 CLEAR (SCALE 0-3) 0
DPTR FM NORMAL 0 PTCLDY (SCALE 4-7) 0
TOTAL FM JUL 1 0 CLOUDY (SCALE 8-10) 0
DPTR FM NORMAL 0
[CDD (BASE 65) ]
TOTAL THIS MO. 466
DPTR FM NORMAL 34 [PRESSURE DATA]
TOTAL FM JAN 1 1645 HIGHEST SLP 30.27 ON 31
DPTR FM NORMAL 249 LOWEST SLP 29.63 ON 7
[REMARKS]
#FINAL-08-19#