000
CXUS54 KEPZ 221306
CF6DMN
PRELIMINARY LOCAL CLIMATOLOGICAL DATA (WS FORM: F-6)
STATION: DEMING
MONTH: OCTOBER
YEAR: 2022
LATITUDE: 32 15 N
LONGITUDE: 107 42 W
TEMPERATURE IN F: :PCPN: SNOW: WIND :SUNSHINE: SKY :PK WND
================================================================================
1 2 3 4 5 6A 6B 7 8 9 10 11 12 13 14 15 16 17 18
12Z AVG MX 2MIN
DY MAX MIN AVG DEP HDD CDD WTR SNW DPTH SPD SPD DIR MIN PSBL S-S WX SPD DR
================================================================================
1 84 52 68 0 0 3 0.00 M M 4.4 15 160 M M 2 20 160
2 80 56 68 0 0 3 T M M 8.1 17 200 M M 3 26 190
3 81 60 71 3 0 6 T M M 8.3 18 80 M M 3 3 30 60
4 79 56 68 1 0 3 0.02 M M 7.5 21 310 M M 3 3 29 310
5 78 54 66 -1 0 1 T M M 6.4 21 350 M M 4 27 360
6 74 56 65 -1 0 0 0.09 M M 9.5 23 40 M M 6 13 30 60
7 62 55 59 -7 6 0 0.59 M M 9.5 20 40 M M 8 13 28 50
8 68 51 60 -6 5 0 1.00 M M 10.6 26 180 M M 8 13 35 180
9 67 53 60 -5 5 0 0.10 M M 8.1 15 70 M M 7 1 20 70
10 71 50 61 -4 4 0 0.00 M M 5.3 13 70 M M 2 18 80
11 77 48 63 -1 2 0 0.00 M M 5.4 14 230 M M 0 19 240
12 80 49 65 1 0 0 0.00 M M 3.7 10 310 M M 0 15 220
13 81 49 65 1 0 0 0.00 M M 3.2 10 80 M M 0 13 90
14 76 48 62 -1 3 0 0.00 M M 3.5 10 70 M M 0 13 70
15 82 53 68 5 0 3 0.00 M M 3.1 12 180 M M 3 18 170
16 73 52 63 0 2 0 0.51 M M 14.2 29 40 M M 6 13 40 30
17 59 48 54 -8 11 0 0.00 0.0 0 14.2 24 50 M M 8 32 50
18 65 47 56 -6 9 0 0.00 M M 7.8 15 100 M M 5 24 110
19 69 42 56 -6 9 0 0.00 M M 6.9 14 110 M M 0 22 120
20 73 37 55 -6 10 0 0.00 M M 3.0 10 240 M M 0 14 260
21 81 44 63 2 2 0 0.00 M M 6.3 22 260 M M 0 32 250
22 81 52 67 7 0 2 0.00 M M 10.3 26 250 M M 2 37 230
23 74 58 66 6 0 1 0.00 0.0 0 15.4 29 240 M M 2 44 240
24 60 41 51 -9 14 0 0.04 M M 15.2 30 290 M M 3 45 310
25 66 29 48 -11 17 0 0.00 M M 5.1 12 260 M M 0 15 260
26 72 33 53 -6 12 0 0.00 M M 7.1 21 250 M M 0 26 250
27 69 39 54 -4 11 0 0.00 M M 15.6 35 280 M M 0 8 47 280
28 64 33 49 -9 16 0 0.00 M M 6.6 21 60 M M 0 29 60
29 67 33 50 -7 15 0 0.00 M M 3.3 10 80 M M 0 14 110
30 70 33 52 -5 13 0 0.00 M M 2.5 9 220 M M 0 13 80
31 73 40 57 0 8 0 0.00 M M 4.0 15 60 M M 0 20 70
================================================================================
SM 2256 1451 174 22 2.35 0.0 234.1 M 75
================================================================================
AV 72.8 46.8 7.6 FASTST M M 2 MAX(MPH)
MISC ----> 35 280 47 280
================================================================================
NOTES:
# LAST OF SEVERAL OCCURRENCES
COLUMN 17 PEAK WIND IN M.P.H.
PRELIMINARY LOCAL CLIMATOLOGICAL DATA (WS FORM: F-6) , PAGE 2
STATION: DEMING
MONTH: OCTOBER
YEAR: 2022
LATITUDE: 32 15 N
LONGITUDE: 107 42 W
[TEMPERATURE DATA] [PRECIPITATION DATA] SYMBOLS USED IN COLUMN 16
AVERAGE MONTHLY: 59.8 TOTAL FOR MONTH: 2.35 1 = FOG OR MIST
DPTR FM NORMAL: -2.7 DPTR FM NORMAL: 1.60 2 = FOG REDUCING VISIBILITY
HIGHEST: 84 ON 1 GRTST 24HR 1.04 ON 7- 8 TO 1/4 MILE OR LESS
LOWEST: 29 ON 25 3 = THUNDER
SNOW, ICE PELLETS, HAIL 4 = ICE PELLETS
TOTAL MONTH: 0.0 INCH 5 = HAIL
GRTST 24HR 0.0 6 = FREEZING RAIN OR DRIZZLE
GRTST DEPTH: 0 7 = DUSTSTORM OR SANDSTORM:
VSBY 1/2 MILE OR LESS
8 = SMOKE OR HAZE
[NO. OF DAYS WITH] [WEATHER - DAYS WITH] 9 = BLOWING SNOW
X = TORNADO
MAX 32 OR BELOW: 0 0.01 INCH OR MORE: 7
MAX 90 OR ABOVE: 0 0.10 INCH OR MORE: 4
MIN 32 OR BELOW: 1 0.50 INCH OR MORE: 3
MIN 0 OR BELOW: 0 1.00 INCH OR MORE: 1
[HDD (BASE 65) ]
TOTAL THIS MO. 174 CLEAR (SCALE 0-3) 20
DPTR FM NORMAL 55 PTCLDY (SCALE 4-7) 10
TOTAL FM JUL 1 174 CLOUDY (SCALE 8-10) 1
DPTR FM NORMAL 51
[CDD (BASE 65) ]
TOTAL THIS MO. 22
DPTR FM NORMAL -21 [PRESSURE DATA]
TOTAL FM JAN 1 2024 HIGHEST SLP 30.32 ON 19
DPTR FM NORMAL 210 LOWEST SLP 29.56 ON 23
[REMARKS]
#FINAL-10-22#