000
CXUS54 KEPZ 011030
CF6DMN
PRELIMINARY LOCAL CLIMATOLOGICAL DATA (WS FORM: F-6)
STATION: DEMING
MONTH: SEPTEMBER
YEAR: 2021
LATITUDE: 32 15 N
LONGITUDE: 107 42 W
TEMPERATURE IN F: :PCPN: SNOW: WIND :SUNSHINE: SKY :PK WND
================================================================================
1 2 3 4 5 6A 6B 7 8 9 10 11 12 13 14 15 16 17 18
12Z AVG MX 2MIN
DY MAX MIN AVG DEP HDD CDD WTR SNW DPTH SPD SPD DIR MIN PSBL S-S WX SPD DR
================================================================================
1 79 65 72 -5 0 7 0.57 M M 6.4 26 280 M M 6 1 36 280
2 89 63 76 -1 0 11 0.00 M M 8.0 16 260 M M 1 22 260
3 90 65 78 2 0 13 0.00 M M 3.6 9 150 M M 0 14 170
4 87 68 78 2 0 13 0.00 M M 6.9 24 60 M M 2 31 50
5 88 69 79 3 0 14 0.00 M M 7.9 18 340 M M 2 25 340
6 92 63 78 2 0 13 0.00 M M 4.8 12 80 M M 0 17 70
7 97 65 81 5 0 16 0.11 M M 5.0 35 100 M M 0 38 48 90
8 94 62 78 3 0 13 0.00 M M 7.3 20 120 M M 1 28 110
9 94 64 79 4 0 14 0.00 M M 6.5 14 120 M M 0 21 130
10 94 60 77 2 0 12 0.00 M M 5.4 13 50 M M 0 20 80
11 96 58 77 3 0 12 0.00 M M 3.1 12 70 M M 0 20 90
12 95 59 77 3 0 12 0.00 M M 4.1 16 70 M M 0 20 80
13 95 58 77 3 0 12 0.00 M M 5.1 13 310 M M 0 17 180
14 97 58 78 4 0 13 0.00 M M 5.3 17 290 M M 0 24 280
15 96 62 79 6 0 14 T M M 5.0 21 340 M M 0 3 29 360
16 96 60 78 5 0 13 0.00 M M 7.3 20 270 M M 0 26 280
17 95 60 78 5 0 13 0.00 M M 5.6 13 200 M M 0 17 60
18 97 64 81 9 0 16 0.00 M M 5.5 18 190 M M 1 28 190
19 94 64 79 7 0 14 T M M 6.2 26 260 M M 1 35 250
20 91 63 77 5 0 12 0.00 M M 11.5 24 270 M M 0 36 270
21 88 58 73 1 0 8 0.00 M M 11.8 28 50 M M 0 8 36 50
22 83 55 69 -2 0 4 0.00 M M 7.5 17 90 M M 0 23 90
23 87 56 72 1 0 7 0.01 M M 6.2 24 250 M M 3 33 250
24 82 60 71 0 0 6 0.02 M M 3.2 10 220 M M 4 14 50
25 77 59 68 -2 0 3 0.17 M M 8.6 25 40 M M 5 38 35 210
26 80 57 69 -1 0 4 0.07 M M 6.2 26 300 M M 2 13 39 300
27 80 53 67 -3 0 2 T M M 7.5 21 260 M M 2 28 260
28 77 59 68 -1 0 3 0.02 M M 9.7 25 270 M M 5 33 270
29 81 53 67 -2 0 2 T M M 8.3 20 260 M M 2 26 240
30 67 56 62 -6 3 0 0.36 M M 7.5 22 300 M M 6 38 32 300
================================================================================
SM 2658 1816 3 296 1.33 M 197.0 M 43
================================================================================
AV 88.6 60.5 6.6 FASTST M M 1 MAX(MPH)
MISC ----> 35 100 48 90
================================================================================
NOTES:
# LAST OF SEVERAL OCCURRENCES
COLUMN 17 PEAK WIND IN M.P.H.
PRELIMINARY LOCAL CLIMATOLOGICAL DATA (WS FORM: F-6) , PAGE 2
STATION: DEMING
MONTH: SEPTEMBER
YEAR: 2021
LATITUDE: 32 15 N
LONGITUDE: 107 42 W
[TEMPERATURE DATA] [PRECIPITATION DATA] SYMBOLS USED IN COLUMN 16
AVERAGE MONTHLY: 74.6 TOTAL FOR MONTH: 1.33 1 = FOG OR MIST
DPTR FM NORMAL: 1.6 DPTR FM NORMAL: 0.18 2 = FOG REDUCING VISIBILITY
HIGHEST: 97 ON 18,14 GRTST 24HR 0.84 ON 31- 1 TO 1/4 MILE OR LESS
LOWEST: 53 ON 29,27 3 = THUNDER
SNOW, ICE PELLETS, HAIL 4 = ICE PELLETS
TOTAL MONTH: M 5 = HAIL
GRTST 24HR M ON M 6 = FREEZING RAIN OR DRIZZLE
GRTST DEPTH: M ON M 7 = DUSTSTORM OR SANDSTORM:
VSBY 1/2 MILE OR LESS
8 = SMOKE OR HAZE
[NO. OF DAYS WITH] [WEATHER - DAYS WITH] 9 = BLOWING SNOW
X = TORNADO
MAX 32 OR BELOW: 0 0.01 INCH OR MORE: 8
MAX 90 OR ABOVE: 16 0.10 INCH OR MORE: 4
MIN 32 OR BELOW: 0 0.50 INCH OR MORE: 1
MIN 0 OR BELOW: 0 1.00 INCH OR MORE: 0
[HDD (BASE 65) ]
TOTAL THIS MO. 3 CLEAR (SCALE 0-3) 25
DPTR FM NORMAL -1 PTCLDY (SCALE 4-7) 5
TOTAL FM JUL 1 3 CLOUDY (SCALE 8-10) 0
DPTR FM NORMAL 2
[CDD (BASE 65) ]
TOTAL THIS MO. 296
DPTR FM NORMAL 50 [PRESSURE DATA]
TOTAL FM JAN 1 1904 HIGHEST SLP 30.28 ON 22
DPTR FM NORMAL 133 LOWEST SLP 29.68 ON 16
[REMARKS]
#FINAL-09-21#