000
CXUS53 KEAX 280736
CF6DMO
PRELIMINARY LOCAL CLIMATOLOGICAL DATA (WS FORM: F-6)
STATION: SEDALIA MO
MONTH: MARCH
YEAR: 2024
LATITUDE: 38 42 N
LONGITUDE: 93 6 W
TEMPERATURE IN F: :PCPN: SNOW: WIND :SUNSHINE: SKY :PK WND
================================================================================
1 2 3 4 5 6A 6B 7 8 9 10 11 12 13 14 15 16 17 18
12Z AVG MX 2MIN
DY MAX MIN AVG DEP HDD CDD WTR SNW DPTH SPD SPD DIR MIN PSBL S-S WX SPD DR
================================================================================
1 52 36 44 5 21 0 T M M 8.1 16 220 M M 7 1 23 250
2 73 34 54 14 11 0 0.00 M M 13.5 24 170 M M 0 36 180
3 82 55 69 29 0 4 0.00 M M 16.4 31 200 M M 0 44 180
4 80 47 64 24 1 0 0.08 M M 14.4 28 180 M M 2 3 38 180
5 49 44 47 6 18 0 0.00 M M 10.8 17 20 M M 9 18 23 360
6 62 37 50 9 15 0 0.00 M M 8.1 16 110 M M 3 128 22 100
7 55 44 50 8 15 0 0.45 M M 8.9 18 140 M M 8 13 26 150
8 51 38 45 3 20 0 T M M 11.3 21 340 M M 10 12 30 330
9 52 31 42 0 23 0 0.00 M M 11.3 21 310 M M 2 28 310
10 59 31 45 2 20 0 0.00 M M 5.9 15 230 M M 0 25 240
11 69 42 56 13 9 0 0.00 M M 13.4 25 220 M M 0 37 230
12 75 50 63 19 2 0 0.89 M M 14.0 25 200 M M 1 13 35 200
13 77 50 64 20 1 0 T M M 8.9 20 180 M M 2 13 29 180
14 77 52 65 21 0 0 0.46 M M 12.5 23 260 M M 7 13 35 260
15 64 45 55 10 10 0 0.00 M M 9.5 21 20 M M 3 27 360
16 67 42 55 10 10 0 0.00 M M 10.2 21 280 M M 2 35 220
17 50 30 40 -5 25 0 0.00 M M 11.3 28 320 M M 1 38 330
18 38 25 32 -14 33 0 0.00 M M 9.3 21 310 M M 1 31 320
19 69 28 49 3 16 0 0.00 M M 12.6 28 230 M M 0 41 230
20 58 39 49 3 16 0 0.00 M M 10.4 17 60 M M 0 24 20
21 60 34 47 0 18 0 0.00 M M 10.8 21 110 M M 1 26 100
22 67 36 52 5 13 0 0.00 M M 13.6 26 340 M M 6 35 340
23 49 33 41 -6 24 0 0.00 M M 11.2 20 110 M M 6 27 110
24 66 42 54 6 11 0 T M M 16.7 29 170 M M 4 39 180
25 61 46 54 6 11 0 T M M 17.7 37 140 M M 5 55 130
26 46 31 39 -9 26 0 T M M 14.0 26 230 M M 10 40 230
27 52 26 39 -10 26 0 0.00 M M 4.4 9 300 M M 1 13 290
================================================================================
SM 1660 1048 395 4 1.88 M 309.2 M 91
================================================================================
AV 61.5 38.8 11.5 FASTST M M 3 MAX(MPH)
MISC ----> 37 140 55 130
================================================================================
NOTES:
# LAST OF SEVERAL OCCURRENCES
COLUMN 17 PEAK WIND IN M.P.H.
PRELIMINARY LOCAL CLIMATOLOGICAL DATA (WS FORM: F-6) , PAGE 2
STATION: SEDALIA MO
MONTH: MARCH
YEAR: 2024
LATITUDE: 38 42 N
LONGITUDE: 93 6 W
[TEMPERATURE DATA] [PRECIPITATION DATA] SYMBOLS USED IN COLUMN 16
AVERAGE MONTHLY: 50.1 TOTAL FOR MONTH: 1.88 1 = FOG OR MIST
DPTR FM NORMAL: 6.0 DPTR FM NORMAL: -0.25 2 = FOG REDUCING VISIBILITY
HIGHEST: 82 ON 3 GRTST 24HR 0.89 ON 12-12 TO 1/4 MILE OR LESS
LOWEST: 25 ON 18 3 = THUNDER
SNOW, ICE PELLETS, HAIL 4 = ICE PELLETS
TOTAL MONTH: M 5 = HAIL
GRTST 24HR M ON M 6 = FREEZING RAIN OR DRIZZLE
GRTST DEPTH: M ON M 7 = DUSTSTORM OR SANDSTORM:
VSBY 1/2 MILE OR LESS
8 = SMOKE OR HAZE
[NO. OF DAYS WITH] [WEATHER - DAYS WITH] 9 = BLOWING SNOW
X = TORNADO
MAX 32 OR BELOW: 0 0.01 INCH OR MORE: 4
MAX 90 OR ABOVE: 0 0.10 INCH OR MORE: 3
MIN 32 OR BELOW: 7 0.50 INCH OR MORE: 1
MIN 0 OR BELOW: 0 1.00 INCH OR MORE: 0
[HDD (BASE 65) ]
TOTAL THIS MO. 395 CLEAR (SCALE 0-3) 17
DPTR FM NORMAL -169 PTCLDY (SCALE 4-7) 7
TOTAL FM JUL 1 3486 CLOUDY (SCALE 8-10) 3
DPTR FM NORMAL -948
[CDD (BASE 65) ]
TOTAL THIS MO. 4
DPTR FM NORMAL 4 [PRESSURE DATA]
TOTAL FM JAN 1 4 HIGHEST SLP M ON M
DPTR FM NORMAL 4 LOWEST SLP 29.36 ON 25
[REMARKS]