000
CXUS53 KEAX 011558 RRA
CLMDMO
CLIMATE REPORT
NATIONAL WEATHER SERVICE KANSAS CITY/PLEASANT HILL MO
952 AM CST FRI DEC 01 2023
...................................
...THE SEDALIA MO CLIMATE SUMMARY FOR THE MONTH OF NOVEMBER 2023...
CLIMATE NORMAL PERIOD: 1991 TO 2020
CLIMATE RECORD PERIOD: 9999 TO 9999
WEATHER OBSERVED NORMAL DEPART LAST YEAR`S
VALUE DATE(S) VALUE FROM VALUE DATE(S)
NORMAL
................................................................
TEMPERATURE (F)
HIGHEST 80 11/07 75 5 80 11/09
11/08
LOWEST 19 11/01 17 2 18 11/18
AVG. MAXIMUM 58.7 53.8 4.9 54.9
AVG. MINIMUM 36.8 34.9 1.9 34.1
MEAN 47.8 44.4 3.4 44.5
DAYS MAX >= 90 0 0.0 0.0 0
DAYS MAX <= 32 0 0.8 -0.8 2
DAYS MIN <= 32 8 10.6 -2.6 15
DAYS MIN <= 0 0 0.0 0.0 0
PRECIPITATION (INCHES)
TOTALS 1.21 2.45 -1.24 3.16
DAILY AVG. 0.04 0.08 -0.04 0.11
DAYS >= .01 5 6.9 -1.9 9
DAYS >= .10 2 3.9 -1.9 4
DAYS >= .50 1 1.4 -0.4 2
DAYS >= 1.00 0 0.5 -0.5 1
GREATEST
24 HR. TOTAL 0.85 11/30 TO 11/30
DEGREE DAYS
HEATING TOTAL 514 621 -107 615
SINCE 7/1 745 975 -230 MM
COOLING TOTAL 5 2 3 8
SINCE 1/1 1653 1266 387 MM
................................................................
WIND (MPH)
AVERAGE WIND SPEED 8.5
HIGHEST WIND SPEED/DIRECTION 24/240 DATE 11/03
24/310 11/26
HIGHEST GUST SPEED/DIRECTION 36/220 DATE 11/03
SKY COVER
POSSIBLE SUNSHINE (PERCENT) MM
AVERAGE SKY COVER 0.21
NUMBER OF DAYS FAIR 24
NUMBER OF DAYS PC 3
NUMBER OF DAYS CLOUDY 3
AVERAGE RH (PERCENT) 60
WEATHER CONDITIONS. NUMBER OF DAYS WITH
THUNDERSTORM 0 MIXED PRECIP 0
HEAVY RAIN 1 RAIN 2
LIGHT RAIN 7 FREEZING RAIN 0
LT FREEZING RAIN 0 HAIL 0
HEAVY SNOW 0 SNOW 0
LIGHT SNOW 1 SLEET 0
FOG 5 FOG W/VIS <= 1/4 MILE 0
HAZE 6
- INDICATES NEGATIVE NUMBERS.
R INDICATES RECORD WAS SET OR TIED.
MM INDICATES DATA IS MISSING.
T INDICATES TRACE AMOUNT.
$$