000
CXUS55 KVEF 230910
CF6DRA
PRELIMINARY LOCAL CLIMATOLOGICAL DATA (WS FORM: F-6)
STATION: DESERT ROCK-MERCURY NV
MONTH: APRIL
YEAR: 2024
LATITUDE: 36 37 N
LONGITUDE: 116 1 W
TEMPERATURE IN F: :PCPN: SNOW: WIND :SUNSHINE: SKY :PK WND
================================================================================
1 2 3 4 5 6A 6B 7 8 9 10 11 12 13 14 15 16 17 18
12Z AVG MX 2MIN
DY MAX MIN AVG DEP HDD CDD WTR SNW DPTH SPD SPD DIR MIN PSBL S-S WX SPD DR
================================================================================
1 65 41 53 -4 12 0 0.00 0.0 0 7.4 15 20 M M 5 20 10
2 72 46 59 1 6 0 0.00 0.0 0 10.3 18 30 M M 0 23 40
3 75 42 59 1 6 0 0.00 0.0 0 9.2 25 220 M M 0 37 230
4 70 45 58 0 7 0 0.00 0.0 0 20.2 36 200 M M 1 54 210
5 53 36 45 -13 20 0 0.01 0.0 0 17.4 33 210 M M 5 56 210
6 58 31 45 -13 20 0 0.00 0.0 0 6.7 20 250 M M 0 29 240
7 62 38 50 -8 15 0 0.00 0.0 0 6.6 21 260 M M 1 31 240
8 65 44 55 -4 10 0 0.00 0.0 0 13.8 24 40 M M 2 36 360
9 73 45 59 0 6 0 0.00 0.0 0 8.6 21 30 M M 0 27 60
10 78 44 61 2 4 0 0.00 0.0 0 5.8 18 40 M M 0 25 40
11 82 46 64 5 1 0 0.00 0.0 0 4.4 13 240 M M 0 19 240
12 82 49 66 7 0 1 0.00 0.0 0 11.6 29 210 M M 0 42 230
13 76 50 63 3 2 0 0.00 0.0 0 13.8 30 210 M M 1 43 190
14 64 45 55 -5 10 0 T 0.0 0 14.4 29 220 M M 2 43 240
15 70 40 55 -5 10 0 0.00 0.0 0 8.4 21 220 M M 0 28 220
16 76 43 60 0 5 0 0.00 0.0 0 6.4 16 230 M M 0 23 240
17 82 47 65 5 0 0 0.00 0.0 0 7.1 20 220 M M 0 26 230
18 81 54 68 7 0 3 0.00 0.0 0 8.8 21 230 M M 0 30 220
19 82 49 66 5 0 1 0.00 0.0 0 4.4 14 210 M M 0 19 220
20 86 49 68 7 0 3 0.00 0.0 0 6.1 17 20 M M 0 24 230
21 88 53 71 9 0 6 0.00 0.0 0 5.7 17 220 M M 0 22 220
22 89 54 72 10 0 7 0.00 0.0 0 8.1 24 210 M M 0 34 200
================================================================================
SM 1629 991 134 21 0.01 0.0 205.2 M 17
================================================================================
AV 74.0 45.0 9.3 FASTST M M 1 MAX(MPH)
MISC ----> 36 200 56 210
================================================================================
NOTES:
# LAST OF SEVERAL OCCURRENCES
COLUMN 17 PEAK WIND IN M.P.H.
PRELIMINARY LOCAL CLIMATOLOGICAL DATA (WS FORM: F-6) , PAGE 2
STATION: DESERT ROCK-MERCURY NV
MONTH: APRIL
YEAR: 2024
LATITUDE: 36 37 N
LONGITUDE: 116 1 W
[TEMPERATURE DATA] [PRECIPITATION DATA] SYMBOLS USED IN COLUMN 16
AVERAGE MONTHLY: 59.5 TOTAL FOR MONTH: 0.01 1 = FOG OR MIST
DPTR FM NORMAL: 0.1 DPTR FM NORMAL: -0.27 2 = FOG REDUCING VISIBILITY
HIGHEST: 89 ON 22 GRTST 24HR 0.01 ON 5- 5 TO 1/4 MILE OR LESS
LOWEST: 31 ON 6 3 = THUNDER
SNOW, ICE PELLETS, HAIL 4 = ICE PELLETS
TOTAL MONTH: 0.0 INCH 5 = HAIL
GRTST 24HR 0.0 6 = FREEZING RAIN OR DRIZZLE
GRTST DEPTH: 0 7 = DUSTSTORM OR SANDSTORM:
VSBY 1/2 MILE OR LESS
8 = SMOKE OR HAZE
[NO. OF DAYS WITH] [WEATHER - DAYS WITH] 9 = BLOWING SNOW
X = TORNADO
MAX 32 OR BELOW: 0 0.01 INCH OR MORE: 1
MAX 90 OR ABOVE: 0 0.10 INCH OR MORE: 0
MIN 32 OR BELOW: 1 0.50 INCH OR MORE: 0
MIN 0 OR BELOW: 0 1.00 INCH OR MORE: 0
[HDD (BASE 65) ]
TOTAL THIS MO. 134 CLEAR (SCALE 0-3) 20
DPTR FM NORMAL -7 PTCLDY (SCALE 4-7) 2
TOTAL FM JUL 1 2377 CLOUDY (SCALE 8-10) 0
DPTR FM NORMAL -381
[CDD (BASE 65) ]
TOTAL THIS MO. 21
DPTR FM NORMAL 6 [PRESSURE DATA]
TOTAL FM JAN 1 21 HIGHEST SLP M ON M
DPTR FM NORMAL 3 LOWEST SLP 29.45 ON 4
[REMARKS]