000
CXUS55 KVEF 022237
CF6DRA
PRELIMINARY LOCAL CLIMATOLOGICAL DATA (WS FORM: F-6)
STATION: DESERT ROCK-MERCURY NV
MONTH: NOVEMBER
YEAR: 2023
LATITUDE: 36 37 N
LONGITUDE: 116 1 W
TEMPERATURE IN F: :PCPN: SNOW: WIND :SUNSHINE: SKY :PK WND
================================================================================
1 2 3 4 5 6A 6B 7 8 9 10 11 12 13 14 15 16 17 18
12Z AVG MX 2MIN
DY MAX MIN AVG DEP HDD CDD WTR SNW DPTH SPD SPD DIR MIN PSBL S-S WX SPD DR
================================================================================
1 73 36 55 -3 10 0 0.00 0.0 0 3.3 12 100 M M 0 14 220
2 75 37 56 -1 9 0 0.00 0.0 0 4.0 13 220 M M 0 20 210
3 77 37 57 0 8 0 0.00 0.0 0 3.2 10 230 M M 0 14 220
4 77 41 59 3 6 0 0.00 0.0 0 4.5 12 210 M M 0 15 220
5 74 43 59 3 6 0 0.00 0.0 0 3.7 14 130 M M 0 18 110
6 79 46 63 7 2 0 0.00 0.0 0 17.8 36 220 M M 0 54 210
7 68 54 61 6 4 0 T 0.0 0 16.5 37 210 M M 3 55 210
8 64 45 55 0 10 0 0.00 0.0 0 14.9 26 30 M M 0 34 30
9 65 40 53 -1 12 0 0.00 0.0 0 10.2 17 40 M M 0 23 30
10 66 34 50 -4 15 0 0.00 0.0 0 4.2 15 30 M M 0 19 40
11 70 32 51 -2 14 0 0.00 0.0 0 3.7 13 110 M M 0 14 110
12 70 35 53 0 12 0 0.00 0.0 0 5.8 15 120 M M 0 20 120
13 69 36 53 1 12 0 0.00 0.0 0 5.5 16 130 M M 0 22 120
14 71 35 53 1 12 0 0.00 0.0 0 3.7 12 250 M M 0 17 240
15 68 37 53 1 12 0 0.02 0.0 0 4.7 14 250 M M 4 1 19 150
16 62 45 54 3 11 0 0.00 0.0 0 5.8 13 120 M M 7 M M
17 66 39 53 2 12 0 0.00 0.0 0 3.5 12 190 M M 2 17 200
18 66 45 56 6 9 0 0.00 0.0 0 9.4 22 210 M M 2 32 200
19 61 45 53 3 12 0 0.00 0.0 0 16.1 32 330 M M 1 44 300
20 58 40 49 -1 16 0 0.00 0.0 0 17.2 31 30 M M 0 49 40
21 62 39 51 2 14 0 0.00 0.0 0 10.6 20 40 M M 0 25 30
22 65 35 50 1 15 0 0.00 0.0 0 3.5 9 230 M M 0 16 70
23 62 38 50 2 15 0 0.00 0.0 0 5.6 16 40 M M 1 22 50
24 55 40 48 0 17 0 0.00 0.0 0 9.5 22 40 M M 3 29 30
25 53 36 45 -3 20 0 0.00 0.0 0 11.4 20 30 M M 0 26 30
26 53 34 44 -3 21 0 0.00 0.0 0 12.4 20 40 M M 0 25 40
27 56 34 45 -2 20 0 0.00 0.0 0 10.4 20 130 M M 0 27 120
28 58 35 47 0 18 0 0.00 0.0 0 8.9 18 120 M M 0 24 120
29 58 33 46 0 19 0 0.00 0.0 0 3.0 13 230 M M 0 17 210
30 51 27 39 -7 26 0 0.00 0.0 0 4.4 14 220 M M 1 17 230
================================================================================
SM 1952 1153 389 0 0.02 0.0 237.4 M 24
================================================================================
AV 65.1 38.4 7.9 FASTST M M 1 MAX(MPH)
MISC ----> 37 210 55 210
================================================================================
NOTES:
# LAST OF SEVERAL OCCURRENCES
COLUMN 17 PEAK WIND IN M.P.H.
PRELIMINARY LOCAL CLIMATOLOGICAL DATA (WS FORM: F-6) , PAGE 2
STATION: DESERT ROCK-MERCURY NV
MONTH: NOVEMBER
YEAR: 2023
LATITUDE: 36 37 N
LONGITUDE: 116 1 W
[TEMPERATURE DATA] [PRECIPITATION DATA] SYMBOLS USED IN COLUMN 16
AVERAGE MONTHLY: 51.8 TOTAL FOR MONTH: 0.02 1 = FOG OR MIST
DPTR FM NORMAL: 0.2 DPTR FM NORMAL: -0.25 2 = FOG REDUCING VISIBILITY
HIGHEST: 79 ON 6 GRTST 24HR 0.03 ON 15-16 TO 1/4 MILE OR LESS
LOWEST: 27 ON 30 3 = THUNDER
SNOW, ICE PELLETS, HAIL 4 = ICE PELLETS
TOTAL MONTH: 0.0 INCH 5 = HAIL
GRTST 24HR 0.0 6 = FREEZING RAIN OR DRIZZLE
GRTST DEPTH: 0 7 = DUSTSTORM OR SANDSTORM:
VSBY 1/2 MILE OR LESS
8 = SMOKE OR HAZE
[NO. OF DAYS WITH] [WEATHER - DAYS WITH] 9 = BLOWING SNOW
X = TORNADO
MAX 32 OR BELOW: 0 0.01 INCH OR MORE: 1
MAX 90 OR ABOVE: 0 0.10 INCH OR MORE: 0
MIN 32 OR BELOW: 2 0.50 INCH OR MORE: 0
MIN 0 OR BELOW: 0 1.00 INCH OR MORE: 0
[HDD (BASE 65) ]
TOTAL THIS MO. 389 CLEAR (SCALE 0-3) 27
DPTR FM NORMAL -16 PTCLDY (SCALE 4-7) 3
TOTAL FM JUL 1 477 CLOUDY (SCALE 8-10) 0
DPTR FM NORMAL -37
[CDD (BASE 65) ]
TOTAL THIS MO. 0
DPTR FM NORMAL -2 [PRESSURE DATA]
TOTAL FM JAN 1 2261 HIGHEST SLP M ON M
DPTR FM NORMAL -71 LOWEST SLP 29.64 ON 23
[REMARKS]
#FINAL-11-23#