000
CXUS53 KDTX 010735
CF6DTW
PRELIMINARY LOCAL CLIMATOLOGICAL DATA (WS FORM: F-6)
STATION: DETROIT MI
MONTH: FEBRUARY
YEAR: 2020
LATITUDE: 42 13 N
LONGITUDE: 83 20 W
TEMPERATURE IN F: :PCPN: SNOW: WIND :SUNSHINE: SKY :PK WND
================================================================================
1 2 3 4 5 6A 6B 7 8 9 10 11 12 13 14 15 16 17 18
12Z AVG MX 2MIN
DY MAX MIN AVG DEP HDD CDD WTR SNW DPTH SPD SPD DIR MIN PSBL S-S WX SPD DR
================================================================================
1 35 23 29 3 36 0 0.05 0.5 T 7.7 16 190 M M 7 18 21 180
2 53 33 43 17 22 0 T T 1 14.0 26 230 M M 7 1 35 230
3 52 31 42 16 23 0 0.00 0.0 0 4.6 12 60 M M 8 18 18 50
4 38 32 35 9 30 0 0.00 0.0 0 10.7 18 20 M M 10 18 27 30
5 32 23 28 2 37 0 0.10 1.2 0 9.7 17 360 M M 10 1 23 20
6 29 24 27 1 38 0 0.10 1.3 2 10.8 18 10 M M 10 1 24 20
7 35 27 31 5 34 0 0.02 0.9 3 10.8 21 300 M M 9 1 30 340
8 29 25 27 0 38 0 0.04 0.9 3 4.6 13 140 M M 10 18 19 130
9 35 23 29 2 36 0 0.17 1.9 2 9.0 17 160 M M 9 128 27 210
10 36 32 34 7 31 0 0.00 0.0 3 5.3 13 230 M M 10 18 18 230
11 40 27 34 7 31 0 0.00 0.0 2 11.8 28 300 M M 9 8 37 290
12 35 24 30 3 35 0 0.03 0.4 T 8.4 17 220 M M 9 18 21 220
13 33 15 24 -4 41 0 0.09 1.7 1 7.9 17 360 M M 10 1 22 330
14 21 4 13 -15 52 0 0.00 0.0 2 8.8 17 320 M M 6 24 300
15 34 10 22 -6 43 0 T 0.1 2 14.8 28 230 M M 6 36 230
16 42 30 36 8 29 0 0.00 0.0 1 8.4 16 270 M M 7 18 22 270
17 35 24 30 2 35 0 0.01 0.3 0 7.7 14 80 M M 7 18 20 90
18 41 28 35 6 30 0 0.02 T T 12.8 25 270 M M 8 18 35 270
19 32 20 26 -3 39 0 0.00 0.0 0 10.4 20 320 M M 4 8 26 320
20 27 16 22 -7 43 0 0.00 0.0 0 9.0 17 320 M M 4 8 25 320
21 36 14 25 -4 40 0 0.00 0.0 0 14.1 25 220 M M 0 31 220
22 47 24 36 6 29 0 0.00 0.0 0 13.9 24 230 M M 1 32 240
23 54 27 41 11 24 0 0.00 0.0 0 12.2 25 220 M M 2 32 210
24 50 32 41 11 24 0 0.10 0.0 0 5.2 13 220 M M 8 18 15 220
25 39 31 35 5 30 0 0.12 0.7 0 12.6 21 40 M M 10 18 30 30
26 32 24 28 -3 37 0 0.31 4.8 2 12.8 23 340 M M 10 19 31 340
27 26 19 23 -8 42 0 T T 5 18.5 31 270 M M 9 189 44 290
28 29 21 25 -6 40 0 T T 5 16.4 25 280 M M 9 33 270
29 34 19 27 -5 38 0 0.00 0.0 4 12.0 17 300 M M 5 24 290
================================================================================
SM 1061 682 1007 0 1.16 14.7 304.9 M 214
================================================================================
AV 36.6 23.5 10.5 FASTST M M 7 MAX(MPH)
MISC ----> 31 270 44 290
================================================================================
NOTES:
# LAST OF SEVERAL OCCURRENCES
COLUMN 17 PEAK WIND IN M.P.H.
PRELIMINARY LOCAL CLIMATOLOGICAL DATA (WS FORM: F-6) , PAGE 2
STATION: DETROIT MI
MONTH: FEBRUARY
YEAR: 2020
LATITUDE: 42 13 N
LONGITUDE: 83 20 W
[TEMPERATURE DATA] [PRECIPITATION DATA] SYMBOLS USED IN COLUMN 16
AVERAGE MONTHLY: 30.1 TOTAL FOR MONTH: 1.16 1 = FOG OR MIST
DPTR FM NORMAL: 2.0 DPTR FM NORMAL: -0.86 2 = FOG REDUCING VISIBILITY
HIGHEST: 54 ON 23 GRTST 24HR 0.37 ON 25-26 TO 1/4 MILE OR LESS
LOWEST: 4 ON 14 3 = THUNDER
SNOW, ICE PELLETS, HAIL 4 = ICE PELLETS
TOTAL MONTH: 14.7 INCHES 5 = HAIL
GRTST 24HR 4.8 ON 26-26 6 = FREEZING RAIN OR DRIZZLE
GRTST DEPTH: 5 ON 28,27 7 = DUSTSTORM OR SANDSTORM:
VSBY 1/2 MILE OR LESS
8 = SMOKE OR HAZE
[NO. OF DAYS WITH] [WEATHER - DAYS WITH] 9 = BLOWING SNOW
X = TORNADO
MAX 32 OR BELOW: 9 0.01 INCH OR MORE: 13
MAX 90 OR ABOVE: 0 0.10 INCH OR MORE: 6
MIN 32 OR BELOW: 28 0.50 INCH OR MORE: 0
MIN 0 OR BELOW: 0 1.00 INCH OR MORE: 0
[HDD (BASE 65) ]
TOTAL THIS MO. 1007 CLEAR (SCALE 0-3) 3
DPTR FM NORMAL -26 PTCLDY (SCALE 4-7) 11
TOTAL FM JUL 1 4162 CLOUDY (SCALE 8-10) 15
DPTR FM NORMAL -457
[CDD (BASE 65) ]
TOTAL THIS MO. 0
DPTR FM NORMAL 0 [PRESSURE DATA]
TOTAL FM JAN 1 0 HIGHEST SLP 30.65 ON 20
DPTR FM NORMAL 0 LOWEST SLP 29.36 ON 2
[REMARKS]
#FINAL-02-20#