000
CXUS54 KMAF 011110
CF6E38
PRELIMINARY LOCAL CLIMATOLOGICAL DATA (WS FORM: F-6)
STATION: ALPINE-CASPARIS MUNICIPAL
MONTH: APRIL
YEAR: 2022
LATITUDE: 30 23 N
LONGITUDE: 103 41 W
TEMPERATURE IN F: :PCPN: SNOW: WIND :SUNSHINE: SKY :PK WND
================================================================================
1 2 3 4 5 6A 6B 7 8 9 10 11 12 13 14 15 16 17 18
12Z AVG MX 2MIN
DY MAX MIN AVG DEP HDD CDD WTR SNW DPTH SPD SPD DIR MIN PSBL S-S WX SPD DR
================================================================================
1 81 44 63 M 2 0 M M M 8.0 18 260 M M 0 30 250
2 81 41 61 M 4 0 M M M 6.2 13 170 M M 0 18 170
3 87 55 71 M 0 6 M M M 9.3 18 220 M M 0 28 240
4 79 51 65 M 0 0 M M M 6.6 18 240 M M 0 24 240
5 83 48 66 M 0 1 M M M 15.7 29 270 M M 0 38 270
6 74 47 61 M 4 0 M M M 12.0 25 280 M M 1 30 280
7 68 39 54 M 11 0 M M M 4.8 10 70 M M 0 16 30
8 72 34 53 M 12 0 M M M 5.8 9 190 M M 0 17 70
9 84 46 65 M 0 0 M M M 11.3 23 220 M M 0 32 230
10 84 60 72 M 0 7 M M M 12.7 22 270 M M 0 33 240
11 86 59 73 M 0 8 M M M 11.5 18 250 M M 0 28 240
12 85 59 72 M 0 7 M M M 12.9 23 260 M M 0 31 260
13 74 52 63 M 2 0 M M M 13.0 22 240 M M 0 30 290
14 83 41 62 M 3 0 M M M 6.0 12 190 M M 0 22 240
15 87 59 73 M 0 8 M M M 8.4 15 260 M M 0 21 260
16 83 53 68 M 0 3 M M M 7.7 14 60 M M 0 18 60
17 87 51 69 M 0 4 M M M 8.7 16 30 M M 0 22 300
18 87 46 67 M 0 2 M M M 11.7 26 130 M M 1 37 130
19 90 60 75 M 0 10 M M M 14.7 29 220 M M 0 36 210
20 91 61 76 M 0 11 M M M 11.4 22 270 M M 0 31 290
21 92 56 74 M 0 9 M M M 9.7 21 140 M M 0 28 140
22 93 64 79 M 0 14 M M M 13.0 25 220 M M 0 36 220
23 89 57 73 M 0 8 M M M 6.7 13 280 M M 0 23 240
24 86 52 69 M 0 4 M M M 5.5 14 80 M M 0 22 0
25 65 52 59 M 6 0 M M M 12.5 17 60 M M 9 25 40
26 74 50 62 M 3 0 M M M 8.1 14 170 M M 6 22 120
27 85 55 70 M 0 5 M M M 10.5 18 150 M M 1 25 220
28 90 62 76 M 0 11 M M M 9.4 16 200 M M 0 23 220
29 87 58 73 M 0 8 M M M 10.7 21 270 M M 0 31 270
30 81 52 67 M 0 2 M M M 7.6 14 60 M M 0 22 0
================================================================================
SM 2488 1564 47 128 M M 292.3 M 18
================================================================================
AV 82.9 52.1 9.7 FASTST M M 1 MAX(MPH)
MISC ----> # 29 270 38 270
================================================================================
NOTES:
# LAST OF SEVERAL OCCURRENCES
COLUMN 17 PEAK WIND IN M.P.H.
PRELIMINARY LOCAL CLIMATOLOGICAL DATA (WS FORM: F-6) , PAGE 2
STATION: ALPINE-CASPARIS MUNICIPAL
MONTH: APRIL
YEAR: 2022
LATITUDE: 30 23 N
LONGITUDE: 103 41 W
[TEMPERATURE DATA] [PRECIPITATION DATA] SYMBOLS USED IN COLUMN 16
AVERAGE MONTHLY: 67.5 TOTAL FOR MONTH: M 1 = FOG OR MIST
DPTR FM NORMAL: 0.0 DPTR FM NORMAL: M 2 = FOG REDUCING VISIBILITY
HIGHEST: 93 ON 22 GRTST 24HR M ON M TO 1/4 MILE OR LESS
LOWEST: 34 ON 8 3 = THUNDER
SNOW, ICE PELLETS, HAIL 4 = ICE PELLETS
TOTAL MONTH: M 5 = HAIL
GRTST 24HR M ON M 6 = FREEZING RAIN OR DRIZZLE
GRTST DEPTH: M ON M 7 = DUSTSTORM OR SANDSTORM:
VSBY 1/2 MILE OR LESS
8 = SMOKE OR HAZE
[NO. OF DAYS WITH] [WEATHER - DAYS WITH] 9 = BLOWING SNOW
X = TORNADO
MAX 32 OR BELOW: 0 0.01 INCH OR MORE: 0
MAX 90 OR ABOVE: 5 0.10 INCH OR MORE: 0
MIN 32 OR BELOW: 0 0.50 INCH OR MORE: 0
MIN 0 OR BELOW: 0 1.00 INCH OR MORE: 0
[HDD (BASE 65) ]
TOTAL THIS MO. 47 CLEAR (SCALE 0-3) 28
DPTR FM NORMAL M PTCLDY (SCALE 4-7) 1
TOTAL FM JUL 1 1966 CLOUDY (SCALE 8-10) 1
DPTR FM NORMAL M
[CDD (BASE 65) ]
TOTAL THIS MO. 128
DPTR FM NORMAL M [PRESSURE DATA]
TOTAL FM JAN 1 149 HIGHEST SLP M ON M
DPTR FM NORMAL M LOWEST SLP M ON M
[REMARKS]
#FINAL-04-22#