000
CXUS53 KGID 020124
CF6EAR
PRELIMINARY LOCAL CLIMATOLOGICAL DATA (WS FORM: F-6)
STATION: KEARNEY NE
MONTH: OCTOBER
YEAR: 2022
LATITUDE: 40 43 N
LONGITUDE: 99 0 W
TEMPERATURE IN F: :PCPN: SNOW: WIND :SUNSHINE: SKY :PK WND
================================================================================
1 2 3 4 5 6A 6B 7 8 9 10 11 12 13 14 15 16 17 18
12Z AVG MX 2MIN
DY MAX MIN AVG DEP HDD CDD WTR SNW DPTH SPD SPD DIR MIN PSBL S-S WX SPD DR
================================================================================
1 86 52 69 11 0 4 0.00 M M 14.2 22 160 M M 0 28 160
2 82 46 64 6 1 0 0.00 M M 12.1 21 180 M M 0 29 170
3 82 47 65 8 0 0 0.00 M M 12.9 20 160 M M 2 30 170
4 70 53 62 5 3 0 0.37 M M 4.7 9 230 M M 6 1 M M
5 75 49 62 6 3 0 0.00 M M 8.3 17 340 M M 1 18 320
6 63 41 52 -4 13 0 0.00 M M 12.1 18 30 M M 1 25 10
7 47 39 43 -13 22 0 0.20 M M 7.5 15 20 M M 9 M M
8 67 36 52 -3 13 0 0.00 M M 8.1 14 260 M M 2 17 260
9 75 41 58 3 7 0 0.00 M M 4.2 12 230 M M 0 M M
10 78 41 60 6 5 0 0.00 M M 8.5 16 180 M M 0 M M
11 84 53 69 15 0 4 0.18 M M 16.0 29 360 M M 1 13 M M
12 62 41 52 -1 13 0 0.00 M M 13.3 25 310 M M 0 35 340
13 63 42 53 0 12 0 0.00 M M 16.5 29 300 M M 0 53 300
14 74 39 57 5 8 0 0.00 M M 10.6 28 360 M M 4 32 360
15 72 37 55 3 10 0 0.00 M M 10.0 20 330 M M 1 25 330
16 59 34 47 -4 18 0 0.00 M M 12.6 22 330 M M 1 32 350
17 52 27 40 -11 25 0 0.00 M M 8.0 14 350 M M 4 18 340
18 49 23 36 -14 29 0 0.00 M M 6.1 9 320 M M 0 8 M M
19 67 25 46 -4 19 0 0.00 M M 3.5 7 240 M M 0 M M
20 76 39 58 8 7 0 0.00 M M 9.4 16 270 M M 0 22 270
21 77 43 60 11 5 0 0.00 M M 7.9 13 220 M M 0 8 M M
22 88 38 63 14 2 0 0.00 M M 7.3 17 150 M M 0 8 22 150
23 87 45 66 18 0 1 0.04 M M 15.7 30 200 M M 2 8 45 180
24 56 32 44 -4 21 0 0.00 M M 13.8 20 310 M M 1 27 320
25 64 27 46 -1 19 0 0.00 M M 7.3 14 300 M M 0 17 340
26 57 30 44 -3 21 0 0.00 M M 10.4 17 110 M M 3 M M
27 59 43 51 5 14 0 0.30 M M 11.1 21 150 M M 9 1 25 150
28 61 41 51 5 14 0 0.01 M M 5.3 10 200 M M 5 12 M M
29 68 36 52 6 13 0 0.00 M M 8.4 15 180 M M 0 M M
30 63 40 52 7 13 0 0.00 M M 8.5 14 10 M M 0 M M
31 71 32 52 7 13 0 0.00 M M 8.0 16 220 M M 0 M M
================================================================================
SM 2134 1212 343 9 1.10 M 302.3 M 52
================================================================================
AV 68.8 39.1 9.8 FASTST M M 2 MAX(MPH)
MISC ----> 30 200 M M
================================================================================
NOTES:
# LAST OF SEVERAL OCCURRENCES
COLUMN 17 PEAK WIND IN M.P.H.
PRELIMINARY LOCAL CLIMATOLOGICAL DATA (WS FORM: F-6) , PAGE 2
STATION: KEARNEY NE
MONTH: OCTOBER
YEAR: 2022
LATITUDE: 40 43 N
LONGITUDE: 99 0 W
[TEMPERATURE DATA] [PRECIPITATION DATA] SYMBOLS USED IN COLUMN 16
AVERAGE MONTHLY: 54.0 TOTAL FOR MONTH: 1.10 1 = FOG OR MIST
DPTR FM NORMAL: 2.7 DPTR FM NORMAL: -1.03 2 = FOG REDUCING VISIBILITY
HIGHEST: 88 ON 22 GRTST 24HR 0.37 ON 4- 4 TO 1/4 MILE OR LESS
LOWEST: 23 ON 18 3 = THUNDER
SNOW, ICE PELLETS, HAIL 4 = ICE PELLETS
TOTAL MONTH: M 5 = HAIL
GRTST 24HR M ON M 6 = FREEZING RAIN OR DRIZZLE
GRTST DEPTH: M ON M 7 = DUSTSTORM OR SANDSTORM:
VSBY 1/2 MILE OR LESS
8 = SMOKE OR HAZE
[NO. OF DAYS WITH] [WEATHER - DAYS WITH] 9 = BLOWING SNOW
X = TORNADO
MAX 32 OR BELOW: 0 0.01 INCH OR MORE: 6
MAX 90 OR ABOVE: 0 0.10 INCH OR MORE: 4
MIN 32 OR BELOW: 7 0.50 INCH OR MORE: 0
MIN 0 OR BELOW: 0 1.00 INCH OR MORE: 0
[HDD (BASE 65) ]
TOTAL THIS MO. 343 CLEAR (SCALE 0-3) 24
DPTR FM NORMAL -101 PTCLDY (SCALE 4-7) 5
TOTAL FM JUL 1 386 CLOUDY (SCALE 8-10) 2
DPTR FM NORMAL -198
[CDD (BASE 65) ]
TOTAL THIS MO. 9
DPTR FM NORMAL 5 [PRESSURE DATA]
TOTAL FM JAN 1 1190 HIGHEST SLP 30.61 ON 7
DPTR FM NORMAL 322 LOWEST SLP 29.16 ON 23
[REMARKS]
#FINAL-10-22#