000
CXUS53 KGID 011526
CF6EAR
PRELIMINARY LOCAL CLIMATOLOGICAL DATA (WS FORM: F-6)
STATION: KEARNEY
MONTH: OCTOBER
YEAR: 2020
LATITUDE: 40 43 N
LONGITUDE: 99 0 W
TEMPERATURE IN F: :PCPN: SNOW: WIND :SUNSHINE: SKY :PK WND
================================================================================
1 2 3 4 5 6A 6B 7 8 9 10 11 12 13 14 15 16 17 18
12Z AVG MX 2MIN
DY MAX MIN AVG DEP HDD CDD WTR SNW DPTH SPD SPD DIR MIN PSBL S-S WX SPD DR
================================================================================
1 61 37 49 -8 16 0 0.00 M M 10.1 20 340 M M 0 24 340
2 71 32 52 -4 13 0 T M M 9.8 35 10 M M 1 46 10
3 63 41 52 -4 13 0 0.00 M M 8.6 14 10 M M 4 21 340
4 74 36 55 -1 10 0 0.00 M M 11.8 23 190 M M 1 30 190
5 85 51 68 13 0 3 0.00 M M 11.6 17 360 M M 0 M M
6 85 44 65 10 0 0 0.00 M M 8.6 17 230 M M 0 24 230
7 84 46 65 11 0 0 0.00 M M 9.8 20 60 M M 0 24 60
8 85 46 66 12 0 1 0.00 M M 14.0 27 170 M M 0 33 160
9 86 53 70 16 0 5 0.00 M M 8.8 15 230 M M 0 8 M M
10 81 47 64 11 1 0 0.00 M M 9.8 17 120 M M 0 21 90
11 88 50 69 16 0 4 T M M 17.4 35 320 M M 3 3 58 320
12 74 39 57 5 8 0 0.00 M M 11.8 18 240 M M 0 31 230
13 70 47 59 7 6 0 0.00 M M 10.5 20 360 M M 0 8 M M
14 71 51 61 9 4 0 0.00 M M 16.0 28 350 M M 0 36 340
15 55 36 46 -5 19 0 0.00 M M 9.9 18 330 M M 1 24 340
16 63 34 49 -2 16 0 0.00 M M 11.1 21 180 M M 1 30 200
17 71 36 54 4 11 0 T M M 14.4 29 10 M M 0 36 10
18 41 30 36 -14 29 0 T M M 13.0 27 10 M M 6 28 20
19 52 31 42 -8 23 0 T M M 8.8 17 160 M M 3 M M
20 60 39 50 1 15 0 0.00 M M 11.0 21 180 M M 5 27 180
21 51 37 44 -5 21 0 T M M 10.5 16 140 M M 6 1 M M
22 43 33 38 -11 27 0 T M M 18.1 30 350 M M 10 1 38 340
23 35 27 31 -17 34 0 T M M 16.0 25 360 M M 10 32 360
24 33 28 31 -17 34 0 0.00 M M 12.0 16 130 M M 10 M M
25 30 19 25 -22 40 0 M M M 18.4 25 10 M M 10 1 31 360
26 28 15 22 -25 43 0 M M M 8.8 20 350 M M 8 1 24 350
27 38 11 25 -22 40 0 0.00 M M 10.4 16 210 M M 0 M M
28 62 21 42 -4 23 0 0.00 M M 10.1 18 10 M M 0 30 360
29 53 26 40 -6 25 0 0.00 M M 9.7 21 360 M M 0 M M
30 69 34 52 7 13 0 0.00 M M 8.2 15 160 M M 0 M M
31 66 38 52 7 13 0 0.00 M M 14.7 24 340 M M 0 35 340
================================================================================
SM 1928 1115 497 13 M M 363.7 M 79
================================================================================
AV 62.2 36.0 11.7 FASTST M M 3 MAX(MPH)
MISC ----> # 35 10 M M
================================================================================
NOTES:
# LAST OF SEVERAL OCCURRENCES
COLUMN 17 PEAK WIND IN M.P.H.
PRELIMINARY LOCAL CLIMATOLOGICAL DATA (WS FORM: F-6) , PAGE 2
STATION: KEARNEY
MONTH: OCTOBER
YEAR: 2020
LATITUDE: 40 43 N
LONGITUDE: 99 0 W
[TEMPERATURE DATA] [PRECIPITATION DATA] SYMBOLS USED IN COLUMN 16
AVERAGE MONTHLY: 49.1 TOTAL FOR MONTH: M 1 = FOG OR MIST
DPTR FM NORMAL: -1.8 DPTR FM NORMAL: M 2 = FOG REDUCING VISIBILITY
HIGHEST: 88 ON 11 GRTST 24HR M ON M TO 1/4 MILE OR LESS
LOWEST: 11 ON 27 3 = THUNDER
SNOW, ICE PELLETS, HAIL 4 = ICE PELLETS
TOTAL MONTH: M 5 = HAIL
GRTST 24HR M ON M 6 = FREEZING RAIN OR DRIZZLE
GRTST DEPTH: M ON M 7 = DUSTSTORM OR SANDSTORM:
VSBY 1/2 MILE OR LESS
8 = SMOKE OR HAZE
[NO. OF DAYS WITH] [WEATHER - DAYS WITH] 9 = BLOWING SNOW
X = TORNADO
MAX 32 OR BELOW: 2 0.01 INCH OR MORE: M
MAX 90 OR ABOVE: 0 0.10 INCH OR MORE: M
MIN 32 OR BELOW: 10 0.50 INCH OR MORE: M
MIN 0 OR BELOW: 0 1.00 INCH OR MORE: M
[HDD (BASE 65) ]
TOTAL THIS MO. 497 CLEAR (SCALE 0-3) 21
DPTR FM NORMAL 52 PTCLDY (SCALE 4-7) 6
TOTAL FM JUL 1 607 CLOUDY (SCALE 8-10) 4
DPTR FM NORMAL 14
[CDD (BASE 65) ]
TOTAL THIS MO. 13
DPTR FM NORMAL 7 [PRESSURE DATA]
TOTAL FM JAN 1 1124 HIGHEST SLP 30.57 ON 26
DPTR FM NORMAL 253 LOWEST SLP 29.44 ON 11
[REMARKS]
#FINAL-10-20#