000
CXUS53 KEAX 010736
CF6EAX
PRELIMINARY LOCAL CLIMATOLOGICAL DATA (WS FORM: F-6)
STATION: PLEASANT HILL NWS MO
MONTH: JULY
YEAR: 2022
LATITUDE: 38 48 N
LONGITUDE: 94 16 W
TEMPERATURE IN F: :PCPN: SNOW: WIND :SUNSHINE: SKY :PK WND
================================================================================
1 2 3 4 5 6A 6B 7 8 9 10 11 12 13 14 15 16 17 18
12Z AVG MX 2MIN
DY MAX MIN AVG DEP HDD CDD WTR SNW DPTH SPD SPD DIR MIN PSBL S-S WX SPD DR
================================================================================
1 91 70 81 4 0 16 0.00 0.0 0 M M M M M M M M
2 82 67 75 -3 0 10 1.42 0.0 0 M M M M M M 3 M M
3 90 70 80 2 0 15 0.00 0.0 0 M M M M M M M M
4 94 71 83 5 0 18 0.00 0.0 0 M M M M M M M M
5 95 75 85 7 0 20 0.00 0.0 0 M M M M M M M M
6 94 77 86 8 0 21 T 0.0 0 M M M M M M M M
7 91 71 81 3 0 16 0.18 0.0 0 M M M M M M 3 M M
8 90 71 81 3 0 16 0.05 0.0 0 M M M M M M 3 M M
9 86 71 79 1 0 14 0.00 0.0 0 M M M M M M M M
10 89 67 78 0 0 13 0.00 0.0 0 M M M M M M M M
11 98 70 84 6 0 19 0.00 0.0 0 M M M M M M M M
12 87 69 78 0 0 13 0.00 0.0 0 M M M M M M M M
13 91 65 78 0 0 13 0.00 0.0 0 M M M M M M M M
14 96 68 82 3 0 17 0.00 0.0 0 M M M M M M M M
15 98 72 85 6 0 20 0.03 0.0 0 M M M M M M M M
16 94 73 84 5 0 19 T 0.0 0 M M M M M M M M
17 86 72 79 0 0 14 0.05 0.0 0 M M M M M M M M
18 92 69 81 2 0 16 0.00 0.0 0 M M M M M M M M
19 99 68 84 5 0 19 0.00 0.0 0 M M M M M M M M
20 95 73 84 5 0 19 0.00 0.0 0 M M M M M M M M
21 99 67 83 4 0 18 0.00 0.0 0 M M M M M M M M
22 97 71 84 5 0 19 0.00 0.0 0 M M M M M M M M
23 99 77 88 9 0 23 0.00 0.0 0 M M M M M M M M
24 96 74 85 6 0 20 T 0.0 0 M M M M M M M M
25 74 66 70 -9 0 5 0.72 0.0 0 M M M M M M 3 M M
26 80 65 73 -6 0 8 0.76 0.0 0 M M M M M M 3 M M
27 87 68 78 -1 0 13 0.42 0.0 0 M M M M M M 3 M M
28 81 68 75 -4 0 10 0.34 0.0 0 M M M M M M 3 M M
29 79 63 71 -8 0 6 0.00 0.0 0 M M M M M M M M
30 78 64 71 -8 0 6 0.06 0.0 0 M M M M M M M M
31 89 70 80 1 0 15 T 0.0 0 M M M M M M M M
================================================================================
SM 2797 2162 0 471 4.03 0.0 M M M
================================================================================
AV 90.2 69.7 M FASTST M M M MAX(MPH)
MISC ----> M M M M
================================================================================
NOTES:
# LAST OF SEVERAL OCCURRENCES
COLUMN 17 PEAK WIND IN M.P.H.
PRELIMINARY LOCAL CLIMATOLOGICAL DATA (WS FORM: F-6) , PAGE 2
STATION: PLEASANT HILL NWS MO
MONTH: JULY
YEAR: 2022
LATITUDE: 38 48 N
LONGITUDE: 94 16 W
[TEMPERATURE DATA] [PRECIPITATION DATA] SYMBOLS USED IN COLUMN 16
AVERAGE MONTHLY: 80.0 TOTAL FOR MONTH: 4.03 1 = FOG OR MIST
DPTR FM NORMAL: 1.6 DPTR FM NORMAL: -0.71 2 = FOG REDUCING VISIBILITY
HIGHEST: 99 ON 23,21 GRTST 24HR 1.42 ON 2- 2 TO 1/4 MILE OR LESS
LOWEST: 63 ON 29 3 = THUNDER
SNOW, ICE PELLETS, HAIL 4 = ICE PELLETS
TOTAL MONTH: 0.0 INCH 5 = HAIL
GRTST 24HR 0.0 6 = FREEZING RAIN OR DRIZZLE
GRTST DEPTH: 0 7 = DUSTSTORM OR SANDSTORM:
VSBY 1/2 MILE OR LESS
8 = SMOKE OR HAZE
[NO. OF DAYS WITH] [WEATHER - DAYS WITH] 9 = BLOWING SNOW
X = TORNADO
MAX 32 OR BELOW: 0 0.01 INCH OR MORE: 10
MAX 90 OR ABOVE: 19 0.10 INCH OR MORE: 6
MIN 32 OR BELOW: 0 0.50 INCH OR MORE: 3
MIN 0 OR BELOW: 0 1.00 INCH OR MORE: 1
[HDD (BASE 65) ]
TOTAL THIS MO. 0 CLEAR (SCALE 0-3) 0
DPTR FM NORMAL 0 PTCLDY (SCALE 4-7) 0
TOTAL FM JUL 1 0 CLOUDY (SCALE 8-10) 31
DPTR FM NORMAL 0
[CDD (BASE 65) ]
TOTAL THIS MO. 471
DPTR FM NORMAL 54 [PRESSURE DATA]
TOTAL FM JAN 1 956 HIGHEST SLP M ON M
DPTR FM NORMAL 140 LOWEST SLP M ON M
[REMARKS]
#FINAL-07-22#