000
CXUS53 KEAX 010836
CF6EAX
PRELIMINARY LOCAL CLIMATOLOGICAL DATA (WS FORM: F-6)
STATION: PLEASANT HILL NWS MO
MONTH: NOVEMBER
YEAR: 2023
LATITUDE: 38 48 N
LONGITUDE: 94 16 W
TEMPERATURE IN F: :PCPN: SNOW: WIND :SUNSHINE: SKY :PK WND
================================================================================
1 2 3 4 5 6A 6B 7 8 9 10 11 12 13 14 15 16 17 18
12Z AVG MX 2MIN
DY MAX MIN AVG DEP HDD CDD WTR SNW DPTH SPD SPD DIR MIN PSBL S-S WX SPD DR
================================================================================
1 48 20 34 -16 31 0 0.00 0.0 0 M M M M M M M M
2 63 32 48 -2 17 0 0.00 0.0 0 M M M M M M M M
3 68 43 56 6 9 0 0.00 0.0 0 M M M M M M M M
4 59 42 51 2 14 0 0.00 0.0 0 M M M M M M M M
5 69 39 54 5 11 0 0.00 0.0 0 M M M M M M M M
6 72 55 64 16 1 0 0.00 0.0 0 M M M M M M M M
7 77 55 66 18 0 1 0.00 0.0 0 M M M M M M M M
8 73 53 63 15 2 0 0.00 0.0 0 M M M M M M M M
9 57 41 49 2 16 0 0.00 0.0 0 M M M M M M M M
10 55 37 46 -1 19 0 0.00 0.0 0 M M M M M M M M
11 54 34 44 -2 21 0 0.00 0.0 0 M M M M M M M M
12 66 36 51 5 14 0 0.00 0.0 0 M M M M M M M M
13 69 42 56 11 9 0 0.00 0.0 0 M M M M M M M M
14 67 38 53 8 12 0 0.00 0.0 0 M M M M M M M M
15 70 41 56 12 9 0 0.00 0.0 0 M M M M M M M M
16 60 42 51 7 14 0 0.00 0.0 0 M M M M M M M M
17 56 38 47 3 18 0 0.00 0.0 0 M M M M M M M M
18 63 32 48 5 17 0 0.00 0.0 0 M M M M M M M M
19 M 43 M M M M 0.28 0.0 0 M M M M M M 1 M M
20 45 41 43 1 22 0 0.85 0.0 0 M M M M M M 1 M M
21 45 32 39 -3 26 0 T 0.0 0 M M M M M M M M
22 49 26 38 -4 27 0 0.00 0.0 0 M M M M M M M M
23 51 31 41 0 24 0 0.00 0.0 0 M M M M M M M M
24 35 27 31 -10 34 0 0.00 0.0 0 M M M M M M M M
25 35 24 30 -10 35 0 0.21 0.9 0 M M M M M M 1 M M
26 36 26 31 -9 34 0 0.04 0.2 1 M M M M M M 1 M M
27 44 22 33 -7 32 0 0.00 0.0 T M M M M M M M M
28 42 20 31 -8 34 0 0.00 0.0 T M M M M M M M M
29 59 30 45 6 20 0 0.00 0.0 0 M M M M M M M M
30 52 38 45 6 20 0 0.47 0.0 0 M M M M M M M M
================================================================================
SM 1639 1080 542 1 1.85 1.1 M M M
================================================================================
AV 56.5 36.0 M FASTST M M M MAX(MPH)
MISC ----> M M M M
================================================================================
NOTES:
# LAST OF SEVERAL OCCURRENCES
COLUMN 17 PEAK WIND IN M.P.H.
PRELIMINARY LOCAL CLIMATOLOGICAL DATA (WS FORM: F-6) , PAGE 2
STATION: PLEASANT HILL NWS MO
MONTH: NOVEMBER
YEAR: 2023
LATITUDE: 38 48 N
LONGITUDE: 94 16 W
[TEMPERATURE DATA] [PRECIPITATION DATA] SYMBOLS USED IN COLUMN 16
AVERAGE MONTHLY: 46.3 TOTAL FOR MONTH: 1.85 1 = FOG OR MIST
DPTR FM NORMAL: 1.9 DPTR FM NORMAL: -0.55 2 = FOG REDUCING VISIBILITY
HIGHEST: 77 ON 7 GRTST 24HR 0.85 ON 20-20 TO 1/4 MILE OR LESS
LOWEST: 20 ON 28, 1 3 = THUNDER
SNOW, ICE PELLETS, HAIL 4 = ICE PELLETS
TOTAL MONTH: 1.1 INCHES 5 = HAIL
GRTST 24HR 0.9 ON 25-25 6 = FREEZING RAIN OR DRIZZLE
GRTST DEPTH: 1 ON 26 7 = DUSTSTORM OR SANDSTORM:
VSBY 1/2 MILE OR LESS
8 = SMOKE OR HAZE
[NO. OF DAYS WITH] [WEATHER - DAYS WITH] 9 = BLOWING SNOW
X = TORNADO
MAX 32 OR BELOW: 0 0.01 INCH OR MORE: 5
MAX 90 OR ABOVE: 0 0.10 INCH OR MORE: 4
MIN 32 OR BELOW: 12 0.50 INCH OR MORE: 1
MIN 0 OR BELOW: 0 1.00 INCH OR MORE: 0
[HDD (BASE 65) ]
TOTAL THIS MO. 542 CLEAR (SCALE 0-3) 0
DPTR FM NORMAL -77 PTCLDY (SCALE 4-7) 0
TOTAL FM JUL 1 810 CLOUDY (SCALE 8-10) 30
DPTR FM NORMAL -136
[CDD (BASE 65) ]
TOTAL THIS MO. 1
DPTR FM NORMAL 0 [PRESSURE DATA]
TOTAL FM JAN 1 1533 HIGHEST SLP M ON M
DPTR FM NORMAL 146 LOWEST SLP M ON M
[REMARKS]
#FINAL-11-23#