000
CXUS52 KTAE 010800
CF6ECP
PRELIMINARY LOCAL CLIMATOLOGICAL DATA (WS FORM: F-6)
STATION: PANAMA CITY NW
MONTH: AUGUST
YEAR: 2023
LATITUDE: 30 21 N
LONGITUDE: 85 48 W
TEMPERATURE IN F: :PCPN: SNOW: WIND :SUNSHINE: SKY :PK WND
================================================================================
1 2 3 4 5 6A 6B 7 8 9 10 11 12 13 14 15 16 17 18
12Z AVG MX 2MIN
DY MAX MIN AVG DEP HDD CDD WTR SNW DPTH SPD SPD DIR MIN PSBL S-S WX SPD DR
================================================================================
1 99 75 87 5 0 22 0.00 0.0 0 3.9 14 300 M M 1 21 310
2 97 73 85 3 0 20 0.04 0.0 0 2.3 13 250 M M 2 16 260
3 95 76 86 4 0 21 T 0.0 0 5.7 21 260 M M 2 38 25 250
4 98 76 87 5 0 22 0.15 0.0 0 4.5 32 310 M M 2 138 41 320
5 92 76 84 2 0 19 1.37 0.0 0 5.2 16 310 M M 3 138 20 310
6 93 75 84 2 0 19 0.15 0.0 M 4.2 16 210 M M 2 38 22 250
7 94 79 87 5 0 22 0.00 0.0 0 7.6 18 250 M M 3 1 24 250
8 95 79 87 5 0 22 0.00 0.0 0 6.4 21 330 M M 3 8 26 340
9 94 76 85 3 0 20 T 0.0 0 6.0 15 210 M M 2 8 20 190
10 96 81 89 7 0 24 0.00 0.0 0 8.5 18 200 M M 3 8 22 200
11 95 76 86 4 0 21 T 0.0 0 8.8 29 350 M M 2 3 41 340
12 99 76 88 6 0 23 0.00 0.0 0 4.8 14 270 M M 2 20 230
13 98 77 88 6 0 23 0.00 0.0 0 4.2 13 180 M M 1 3 16 180
14 99 78 89 7 0 24 0.02 0.0 0 4.5 21 160 M M 2 3 31 170
15 95 74 85 3 0 20 0.08 0.0 0 7.1 36 300 M M 3 13 43 300
16 92 74 83 1 0 18 0.00 0.0 0 3.8 15 240 M M 2 19 220
17 97 75 86 4 0 21 0.00 0.0 0 4.8 17 230 M M 2 22 210
18 98 72 85 3 0 20 0.00 0.0 0 4.8 16 210 M M 2 21 220
19 99 75 87 5 0 22 0.00 0.0 0 3.0 10 170 M M 2 12 350
20 99 75 87 5 0 22 0.00 0.0 0 6.1 16 80 M M 2 3 22 60
21 99 77 88 6 0 23 0.00 0.0 0 6.8 14 100 M M 1 22 80
22 101 75 88 6 0 23 0.00 0.0 0 4.2 14 210 M M 3 17 220
23 103 77 90 8 0 25 0.72 0.0 0 6.9 17 360 M M 3 13 27 50
24 97 75 86 4 0 21 0.00 0.0 0 5.0 14 30 M M 1 18 18 20
25 99 74 87 5 0 22 0.00 0.0 0 3.9 14 210 M M 1 1 17 200
26 101 77 89 7 0 24 0.00 0.0 0 6.1 16 320 M M 1 24 340
27 99 78 89 8 0 24 T 0.0 0 2.8 25 30 M M 1 3 33 30
28 97 75 86 5 0 21 0.00 0.0 0 4.3 18 110 M M 2 3 22 120
29 91 76 84 3 0 19 0.17 0.0 0 6.8 18 150 M M 3 13 23 160
30 94 77 86 5 0 21 0.04 0.0 0 9.2 18 300 M M 5 3 27 310
31 92 76 84 3 0 19 0.01 0.0 0 5.4 15 360 M M 4 3 19 10
================================================================================
SM 2997 2355 0 667 2.75 0.0 167.6 M 68
================================================================================
AV 96.7 76.0 5.4 FASTST M M 2 MAX(MPH)
MISC ----> 36 300 43 300
================================================================================
NOTES:
# LAST OF SEVERAL OCCURRENCES
COLUMN 17 PEAK WIND IN M.P.H.
PRELIMINARY LOCAL CLIMATOLOGICAL DATA (WS FORM: F-6) , PAGE 2
STATION: PANAMA CITY NW
MONTH: AUGUST
YEAR: 2023
LATITUDE: 30 21 N
LONGITUDE: 85 48 W
[TEMPERATURE DATA] [PRECIPITATION DATA] SYMBOLS USED IN COLUMN 16
AVERAGE MONTHLY: 86.3 TOTAL FOR MONTH: 2.75 1 = FOG OR MIST
DPTR FM NORMAL: 4.5 DPTR FM NORMAL: -4.38 2 = FOG REDUCING VISIBILITY
HIGHEST: 103 ON 23 GRTST 24HR 1.52 ON 4- 5 TO 1/4 MILE OR LESS
LOWEST: 72 ON 18 3 = THUNDER
SNOW, ICE PELLETS, HAIL 4 = ICE PELLETS
TOTAL MONTH: 0.0 INCH 5 = HAIL
GRTST 24HR 0.0 6 = FREEZING RAIN OR DRIZZLE
GRTST DEPTH: 0 7 = DUSTSTORM OR SANDSTORM:
VSBY 1/2 MILE OR LESS
8 = SMOKE OR HAZE
[NO. OF DAYS WITH] [WEATHER - DAYS WITH] 9 = BLOWING SNOW
X = TORNADO
MAX 32 OR BELOW: 0 0.01 INCH OR MORE: 10
MAX 90 OR ABOVE: 31 0.10 INCH OR MORE: 5
MIN 32 OR BELOW: 0 0.50 INCH OR MORE: 2
MIN 0 OR BELOW: 0 1.00 INCH OR MORE: 1
[HDD (BASE 65) ]
TOTAL THIS MO. 0 CLEAR (SCALE 0-3) 26
DPTR FM NORMAL 0 PTCLDY (SCALE 4-7) 5
TOTAL FM JUL 1 0 CLOUDY (SCALE 8-10) 0
DPTR FM NORMAL 0
[CDD (BASE 65) ]
TOTAL THIS MO. 667
DPTR FM NORMAL 146 [PRESSURE DATA]
TOTAL FM JAN 1 2447 HIGHEST SLP M ON M
DPTR FM NORMAL 488 LOWEST SLP 29.59 ON 30
[REMARKS]
#FINAL-08-23#