000
CXUS55 KGJT 010910
CF6EEO
PRELIMINARY LOCAL CLIMATOLOGICAL DATA (WS FORM: F-6)
STATION: MEEKER CO
MONTH: APRIL
YEAR: 2023
LATITUDE: 40 2 N
LONGITUDE: 107 53 W
TEMPERATURE IN F: :PCPN: SNOW: WIND :SUNSHINE: SKY :PK WND
================================================================================
1 2 3 4 5 6A 6B 7 8 9 10 11 12 13 14 15 16 17 18
12Z AVG MX 2MIN
DY MAX MIN AVG DEP HDD CDD WTR SNW DPTH SPD SPD DIR MIN PSBL S-S WX SPD DR
================================================================================
1 50 24 37 -4 28 0 0.00 M M 10.5 26 230 M M 2 39 210
2 55 35 45 4 20 0 0.00 M M 12.7 29 230 M M 5 46 230
3 57 24 41 0 24 0 0.17 M M 13.4 36 210 M M 7 12 51 190
4 30 17 24 -17 41 0 0.13 M M 12.0 25 250 M M 10 12 35 280
5 30 10 20 -22 45 0 0.13 M M 3.4 15 220 M M 9 12 19 210
6 41 2 22 -20 43 0 0.00 M M 4.2 12 220 M M 2 26 170
7 56 16 36 -6 29 0 0.00 M M 4.7 17 210 M M 0 24 180
8 54 28 41 -1 24 0 0.00 M M 4.0 21 280 M M 6 30 290
9 60 26 43 1 22 0 0.00 M M 5.1 18 300 M M 0 32 250
10 68 27 48 5 17 0 0.00 M M 4.5 14 230 M M 0 19 210
11 72 28 50 7 15 0 0.00 M M 8.0 29 210 M M 0 37 220
12 71 34 53 10 12 0 0.00 M M 8.7 30 220 M M 0 8 47 200
13 66 32 49 6 16 0 0.10 M M 15.2 32 230 M M 3 1 49 240
14 38 26 32 -11 33 0 0.45 M M 6.2 22 330 M M 9 12 27 350
15 43 16 30 -14 35 0 0.00 M M 4.5 14 260 M M 2 21 190
16 58 22 40 -4 25 0 0.00 M M 5.1 16 240 M M 0 22 240
17 64 26 45 1 20 0 0.00 M M 7.7 26 230 M M 0 37 240
18 63 33 48 4 17 0 0.00 M M 16.8 45 210 M M 4 69 240
19 35 21 28 -16 37 0 0.01 M M 8.5 23 20 M M 9 18 32 20
20 39 13 26 -19 39 0 T M M 6.6 24 250 M M 3 32 240
21 36 16 26 -19 39 0 0.30 M M 3.9 22 220 M M 7 12 26 220
22 41 26 34 -11 31 0 T M M 3.8 18 10 M M 7 128 22 10
23 53 28 41 -4 24 0 0.00 M M 3.9 15 210 M M 5 21 290
24 57 26 42 -4 23 0 0.28 M M 6.2 25 290 M M 6 1 37 290
25 44 31 38 -8 27 0 0.18 M M 4.1 16 10 M M 9 12 20 330
26 57 34 46 0 19 0 0.00 M M 4.1 13 30 M M 6 17 30
27 62 30 46 0 19 0 T M M 9.2 40 20 M M 3 53 10
28 54 29 42 -5 23 0 T M M 6.0 15 20 M M 2 20 20
29 68 27 48 1 17 0 0.00 M M 5.7 18 250 M M 0 24 260
30 71 30 51 4 14 0 0.00 M M 5.1 16 100 M M 1 26 250
================================================================================
SM 1593 737 778 0 1.75 M 213.8 M 117
================================================================================
AV 53.1 24.6 7.1 FASTST M M 4 MAX(MPH)
MISC ----> 45 210 69 240
================================================================================
NOTES:
# LAST OF SEVERAL OCCURRENCES
COLUMN 17 PEAK WIND IN M.P.H.
PRELIMINARY LOCAL CLIMATOLOGICAL DATA (WS FORM: F-6) , PAGE 2
STATION: MEEKER CO
MONTH: APRIL
YEAR: 2023
LATITUDE: 40 2 N
LONGITUDE: 107 53 W
[TEMPERATURE DATA] [PRECIPITATION DATA] SYMBOLS USED IN COLUMN 16
AVERAGE MONTHLY: 38.8 TOTAL FOR MONTH: 1.75 1 = FOG OR MIST
DPTR FM NORMAL: -5.0 DPTR FM NORMAL: -0.10 2 = FOG REDUCING VISIBILITY
HIGHEST: 72 ON 11 GRTST 24HR 0.55 ON 13-14 TO 1/4 MILE OR LESS
LOWEST: 2 ON 6 3 = THUNDER
SNOW, ICE PELLETS, HAIL 4 = ICE PELLETS
TOTAL MONTH: M 5 = HAIL
GRTST 24HR M ON M 6 = FREEZING RAIN OR DRIZZLE
GRTST DEPTH: M ON M 7 = DUSTSTORM OR SANDSTORM:
VSBY 1/2 MILE OR LESS
8 = SMOKE OR HAZE
[NO. OF DAYS WITH] [WEATHER - DAYS WITH] 9 = BLOWING SNOW
X = TORNADO
MAX 32 OR BELOW: 2 0.01 INCH OR MORE: 9
MAX 90 OR ABOVE: 0 0.10 INCH OR MORE: 8
MIN 32 OR BELOW: 26 0.50 INCH OR MORE: 0
MIN 0 OR BELOW: 0 1.00 INCH OR MORE: 0
[HDD (BASE 65) ]
TOTAL THIS MO. 778 CLEAR (SCALE 0-3) 16
DPTR FM NORMAL 142 PTCLDY (SCALE 4-7) 9
TOTAL FM JUL 1 8138 CLOUDY (SCALE 8-10) 5
DPTR FM NORMAL 1066
[CDD (BASE 65) ]
TOTAL THIS MO. 0
DPTR FM NORMAL 0 [PRESSURE DATA]
TOTAL FM JAN 1 0 HIGHEST SLP M ON M
DPTR FM NORMAL 0 LOWEST SLP 29.12 ON 3
[REMARKS]
#FINAL-04-23#