000
CXUS55 KGJT 011000
CF6EEO
PRELIMINARY LOCAL CLIMATOLOGICAL DATA (WS FORM: F-6)
STATION: MEEKER CO
MONTH: MARCH
YEAR: 2020
LATITUDE: 40 2 N
LONGITUDE: 107 53 W
TEMPERATURE IN F: :PCPN: SNOW: WIND :SUNSHINE: SKY :PK WND
================================================================================
1 2 3 4 5 6A 6B 7 8 9 10 11 12 13 14 15 16 17 18
12Z AVG MX 2MIN
DY MAX MIN AVG DEP HDD CDD WTR SNW DPTH SPD SPD DIR MIN PSBL S-S WX SPD DR
================================================================================
1 45 25 35 5 30 0 T M M 8.2 20 240 M M 9 18 32 220
2 38 15 27 -3 38 0 T M M 4.0 10 240 M M 5 1 12 240
3 42 8 25 -6 40 0 0.00 M M 2.3 8 60 M M 0 11 140
4 46 7 27 -4 38 0 0.00 M M 3.5 9 130 M M 0 12 90
5 51 14 33 2 32 0 0.00 M M 2.1 9 50 M M 0 11 50
6 54 16 35 3 30 0 0.00 M M 4.3 13 220 M M 0 18 200
7 54 20 37 5 28 0 T M M 5.1 20 210 M M 3 25 230
8 49 32 41 8 24 0 0.04 M M 5.0 21 260 M M 9 1 28 260
9 49 29 39 6 26 0 T M M 4.4 18 220 M M 7 12 28 210
10 45 26 36 3 29 0 T M M 2.9 10 20 M M 8 13 130
11 49 26 38 4 27 0 0.05 M M 6.5 17 220 M M 7 27 270
12 54 30 42 8 23 0 0.00 M M 5.1 17 260 M M 5 25 250
13 50 29 40 6 25 0 0.17 M M 6.2 30 230 M M 7 1 40 230
14 49 31 40 5 25 0 T M M 8.7 21 200 M M 8 32 200
15 55 29 42 7 23 0 0.00 M M 8.8 29 210 M M 1 40 200
16 58 25 42 6 23 0 0.00 M M 6.6 22 210 M M 0 31 210
17 58 28 43 7 22 0 0.00 M M 7.1 25 230 M M 0 35 230
18 51 25 38 2 27 0 0.01 M M 6.9 32 250 M M 4 1 43 170
19 34 28 31 -5 34 0 0.42 M M 4.6 13 230 M M 9 12 17 240
20 40 28 34 -3 31 0 0.09 M M 2.8 22 230 M M 7 12 27 250
21 46 22 34 -3 31 0 T M M 4.0 17 170 M M 5 24 240
22 46 28 37 0 28 0 0.19 M M 4.6 16 270 M M 7 1 23 250
23 44 25 35 -3 30 0 0.07 M M 5.2 16 220 M M 8 1 22 220
24 51 36 44 6 21 0 0.00 M M 11.5 25 200 M M 7 38 190
25 52 32 42 4 23 0 0.00 M M 14.5 31 220 M M 2 42 200
26 54 30 42 4 23 0 0.00 M M 13.2 37 230 M M 2 52 230
27 33 23 28 -10 37 0 0.17 M M 4.2 14 20 M M 10 128 18 10
28 38 17 28 -11 37 0 T M M 3.4 18 230 M M 8 18 25 250
29 46 26 36 -3 29 0 T M M 4.2 18 180 M M 8 26 200
30 49 30 40 1 25 0 0.04 M M 4.7 21 240 M M 8 1 27 250
31 58 27 43 4 22 0 0.00 M M 9.7 26 230 M M 7 40 240
================================================================================
SM 1488 767 881 0 1.25 M 184.3 M 161
================================================================================
AV 48.0 24.7 5.9 FASTST M M 5 MAX(MPH)
MISC ----> # 37 230 # 52 230
================================================================================
NOTES:
# LAST OF SEVERAL OCCURRENCES
COLUMN 17 PEAK WIND IN M.P.H.
PRELIMINARY LOCAL CLIMATOLOGICAL DATA (WS FORM: F-6) , PAGE 2
STATION: MEEKER CO
MONTH: MARCH
YEAR: 2020
LATITUDE: 40 2 N
LONGITUDE: 107 53 W
[TEMPERATURE DATA] [PRECIPITATION DATA] SYMBOLS USED IN COLUMN 16
AVERAGE MONTHLY: 36.4 TOTAL FOR MONTH: 1.25 1 = FOG OR MIST
DPTR FM NORMAL: 1.3 DPTR FM NORMAL: -0.04 2 = FOG REDUCING VISIBILITY
HIGHEST: 58 ON 31,17 GRTST 24HR 0.42 ON 19-19 TO 1/4 MILE OR LESS
LOWEST: 7 ON 4 3 = THUNDER
SNOW, ICE PELLETS, HAIL 4 = ICE PELLETS
TOTAL MONTH: M 5 = HAIL
GRTST 24HR M ON M 6 = FREEZING RAIN OR DRIZZLE
GRTST DEPTH: M ON M 7 = DUSTSTORM OR SANDSTORM:
VSBY 1/2 MILE OR LESS
8 = SMOKE OR HAZE
[NO. OF DAYS WITH] [WEATHER - DAYS WITH] 9 = BLOWING SNOW
X = TORNADO
MAX 32 OR BELOW: 0 0.01 INCH OR MORE: 10
MAX 90 OR ABOVE: 0 0.10 INCH OR MORE: 4
MIN 32 OR BELOW: 30 0.50 INCH OR MORE: 0
MIN 0 OR BELOW: 0 1.00 INCH OR MORE: 0
[HDD (BASE 65) ]
TOTAL THIS MO. 881 CLEAR (SCALE 0-3) 10
DPTR FM NORMAL -46 PTCLDY (SCALE 4-7) 16
TOTAL FM JUL 1 6960 CLOUDY (SCALE 8-10) 5
DPTR FM NORMAL 228
[CDD (BASE 65) ]
TOTAL THIS MO. 0
DPTR FM NORMAL 0 [PRESSURE DATA]
TOTAL FM JAN 1 0 HIGHEST SLP 30.53 ON 5
DPTR FM NORMAL 0 LOWEST SLP 29.51 ON 19
[REMARKS]
#FINAL-03-20#