000
CXUS51 KRLX 021338
CF6EKN
PRELIMINARY LOCAL CLIMATOLOGICAL DATA (WS FORM: F-6)
STATION: ELKINS WV
MONTH: NOVEMBER
YEAR: 2020
LATITUDE: 38 52 N
LONGITUDE: 79 51 W
TEMPERATURE IN F: :PCPN: SNOW: WIND :SUNSHINE: SKY :PK WND
================================================================================
1 2 3 4 5 6A 6B 7 8 9 10 11 12 13 14 15 16 17 18
12Z AVG MX 2MIN
DY MAX MIN AVG DEP HDD CDD WTR SNW DPTH SPD SPD DIR MIN PSBL S-S WX SPD DR
================================================================================
1 60 29 45 -1 20 0 0.03 T 0 14.8 30 250 M M 7 45 240
2 42 29 36 -10 29 0 T T 0 11.7 25 300 M M 5 38 290
3 58 30 44 -2 21 0 0.00 0.0 0 5.4 17 290 M M 0 24 250
4 73 26 50 4 15 0 0.00 0.0 0 0.9 8 320 M M 0 10 310
5 71 30 51 6 14 0 0.00 0.0 0 0.9 9 330 M M 0 12 330
6 72 34 53 8 12 0 0.00 0.0 0 0.9 8 320 M M 0 1 11 330
7 77 29 53 8 12 0 0.00 0.0 0 0.3 8 300 M M 0 1 10 340
8 79 30 55 11 10 0 0.00 0.0 0 0.2 6 360 M M 0 1 9 340
9 78 32 55 11 10 0 0.00 0.0 0 1.7 12 150 M M 1 128 16 150
10 74 37 56 12 9 0 0.00 0.0 0 5.4 15 160 M M 1 1 21 160
11 68 61 65 21 0 0 2.14 0.0 0 4.6 16 160 M M 8 1 23 170
12 61 41 51 8 14 0 0.03 0.0 0 3.6 15 300 M M 10 1 20 350
13 55 34 45 2 20 0 0.00 0.0 0 3.8 15 280 M M 5 12 19 250
14 58 27 43 1 22 0 0.00 0.0 0 0.3 6 350 M M 2 128 7 320
15 68 40 54 12 11 0 0.11 0.0 0 12.9 32 280 M M 6 44 290
16 50 32 41 -1 24 0 0.00 0.0 0 9.9 23 250 M M 2 43 250
17 46 31 39 -3 26 0 0.11 0.3 0 12.5 25 250 M M 8 123 34 250
18 41 23 32 -9 33 0 0.00 0.0 T 5.2 15 320 M M 5 22 290
19 67 21 44 3 21 0 0.00 0.0 0 2.4 15 250 M M 0 20 250
20 68 27 48 8 17 0 0.00 0.0 0 3.2 15 250 M M 1 22 220
21 59 50 55 15 10 0 0.02 0.0 0 1.2 13 240 M M 10 18 17 240
22 62 43 53 13 12 0 0.12 0.0 0 8.0 17 160 M M 5 128 23 140
23 53 34 44 4 21 0 0.29 0.0 0 8.3 26 280 M M 10 18 34 280
24 47 26 37 -2 28 0 0.00 0.0 0 0.9 6 130 M M 6 128 8 160
25 63 33 48 9 17 0 0.07 0.0 0 7.1 21 200 M M 3 27 200
26 60 47 54 16 11 0 0.06 0.0 0 5.8 21 260 M M 9 1 30 240
27 53 38 46 8 19 0 0.00 0.0 0 1.5 12 270 M M 9 1 15 270
28 49 26 38 0 27 0 0.00 0.0 0 3.0 13 290 M M 5 17 240
29 61 21 41 4 24 0 0.00 0.0 0 1.7 10 170 M M 0 8 13 160
30 54 32 43 6 22 0 0.59 T 0 6.4 20 260 M M 10 1 26 260
================================================================================
SM 1827 993 531 0 3.57 0.3 144.5 M 128
================================================================================
AV 60.9 33.1 4.8 FASTST M M 4 MAX(MPH)
MISC ----> 32 280 45 240
================================================================================
NOTES:
# LAST OF SEVERAL OCCURRENCES
COLUMN 17 PEAK WIND IN M.P.H.
PRELIMINARY LOCAL CLIMATOLOGICAL DATA (WS FORM: F-6) , PAGE 2
STATION: ELKINS WV
MONTH: NOVEMBER
YEAR: 2020
LATITUDE: 38 52 N
LONGITUDE: 79 51 W
[TEMPERATURE DATA] [PRECIPITATION DATA] SYMBOLS USED IN COLUMN 16
AVERAGE MONTHLY: 47.0 TOTAL FOR MONTH: 3.57 1 = FOG OR MIST
DPTR FM NORMAL: 5.1 DPTR FM NORMAL: 0.19 2 = FOG REDUCING VISIBILITY
HIGHEST: 79 ON 8 GRTST 24HR 2.17 ON 11-12 TO 1/4 MILE OR LESS
LOWEST: 21 ON 29,19 3 = THUNDER
SNOW, ICE PELLETS, HAIL 4 = ICE PELLETS
TOTAL MONTH: 0.3 INCH 5 = HAIL
GRTST 24HR 0.3 ON 17-17 6 = FREEZING RAIN OR DRIZZLE
GRTST DEPTH: T 7 = DUSTSTORM OR SANDSTORM:
VSBY 1/2 MILE OR LESS
8 = SMOKE OR HAZE
[NO. OF DAYS WITH] [WEATHER - DAYS WITH] 9 = BLOWING SNOW
X = TORNADO
MAX 32 OR BELOW: 0 0.01 INCH OR MORE: 11
MAX 90 OR ABOVE: 0 0.10 INCH OR MORE: 6
MIN 32 OR BELOW: 18 0.50 INCH OR MORE: 2
MIN 0 OR BELOW: 0 1.00 INCH OR MORE: 1
[HDD (BASE 65) ]
TOTAL THIS MO. 531 CLEAR (SCALE 0-3) 14
DPTR FM NORMAL -162 PTCLDY (SCALE 4-7) 8
TOTAL FM JUL 1 966 CLOUDY (SCALE 8-10) 8
DPTR FM NORMAL -320
[CDD (BASE 65) ]
TOTAL THIS MO. 0
DPTR FM NORMAL 0 [PRESSURE DATA]
TOTAL FM JAN 1 750 HIGHEST SLP 30.63 ON 18
DPTR FM NORMAL 275 LOWEST SLP 29.39 ON 30
[REMARKS]
#FINAL-11-20#