000
CXUS56 KLKN 011210
CF6EKO
PRELIMINARY LOCAL CLIMATOLOGICAL DATA (WS FORM: F-6)
STATION: ELKO AIRPORT NV
MONTH: SEPTEMBER
YEAR: 2022
LATITUDE: 40 49 N
LONGITUDE: 115 47 W
TEMPERATURE IN F: :PCPN: SNOW: WIND :SUNSHINE: SKY :PK WND
================================================================================
1 2 3 4 5 6A 6B 7 8 9 10 11 12 13 14 15 16 17 18
12Z AVG MX 2MIN
DY MAX MIN AVG DEP HDD CDD WTR SNW DPTH SPD SPD DIR MIN PSBL S-S WX SPD DR
================================================================================
1 98 48 73 7 0 8 0.00 0.0 0 4.4 16 280 M M 0 24 240
2 100 49 75 10 0 10 0.00 0.0 0 2.7 12 290 M M 0 17 290
3 101 55 78 13 0 13 0.00 0.0 0 4.3 24 260 M M 0 35 250
4 99 57 78 13 0 13 0.00 0.0 0 4.1 18 250 M M 0 27 260
5 101 50 76 12 0 11 0.00 0.0 0 3.7 12 70 M M 0 18 230
6 102 53 78 14 0 13 0.00 0.0 0 4.4 30 290 M M 0 48 280
7 101 58 80 16 0 15 T 0.0 0 7.2 35 170 M M 0 8 52 180
8 94 57 76 13 0 11 0.00 0.0 0 10.4 29 280 M M 0 54 270
9 87 43 65 2 0 0 0.00 0.0 0 5.1 13 60 M M 0 19 20
10 88 37 63 0 2 0 0.00 0.0 0 3.0 9 240 M M 0 16 50
11 92 47 70 8 0 5 0.00 0.0 0 4.2 21 180 M M 0 31 160
12 87 57 72 10 0 7 0.09 0.0 0 6.8 20 260 M M 2 27 350
13 68 50 59 -3 6 0 0.07 0.0 0 4.6 23 300 M M 7 3 38 300
14 75 48 62 1 3 0 0.15 0.0 0 4.5 20 220 M M 4 3 28 220
15 65 44 55 -6 10 0 0.14 0.0 0 4.8 32 280 M M 4 13 43 270
16 73 39 56 -4 9 0 0.00 0.0 0 2.2 9 50 M M 3 12 13 220
17 69 45 57 -3 8 0 0.12 0.0 0 9.0 23 40 M M 6 1 30 30
18 79 45 62 2 3 0 0.00 0.0 0 11.1 30 200 M M 0 47 200
19 81 45 63 4 2 0 0.00 0.0 0 9.4 28 200 M M 0 41 190
20 82 40 61 2 4 0 0.00 0.0 0 10.1 30 200 M M 0 46 210
21 75 45 60 2 5 0 0.00 0.0 0 9.9 33 200 M M 2 48 180
22 69 41 55 -3 10 0 0.00 0.0 0 5.3 20 250 M M 2 28 290
23 77 35 56 -1 9 0 0.00 0.0 0 2.5 8 90 M M 0 13 210
24 81 35 58 1 7 0 0.00 0.0 0 2.3 12 230 M M 0 17 220
25 84 36 60 4 5 0 0.00 0.0 0 3.0 10 70 M M 0 14 90
26 86 39 63 7 2 0 0.00 0.0 0 3.3 10 90 M M 0 14 90
27 88 43 66 10 0 1 0.00 0.0 0 4.6 14 210 M M 0 20 230
28 86 41 64 9 1 0 0.00 0.0 0 4.1 23 240 M M 1 30 230
29 80 45 63 8 2 0 0.00 0.0 0 6.9 25 260 M M 1 34 260
30 72 35 54 0 11 0 0.00 0.0 M 3.9 15 320 M M 1 23 240
================================================================================
SM 2540 1362 99 107 0.57 0.0 161.8 M 33
================================================================================
AV 84.7 45.4 5.4 FASTST M M 1 MAX(MPH)
MISC ----> 35 170 54 270
================================================================================
NOTES:
# LAST OF SEVERAL OCCURRENCES
COLUMN 17 PEAK WIND IN M.P.H.
PRELIMINARY LOCAL CLIMATOLOGICAL DATA (WS FORM: F-6) , PAGE 2
STATION: ELKO AIRPORT NV
MONTH: SEPTEMBER
YEAR: 2022
LATITUDE: 40 49 N
LONGITUDE: 115 47 W
[TEMPERATURE DATA] [PRECIPITATION DATA] SYMBOLS USED IN COLUMN 16
AVERAGE MONTHLY: 65.0 TOTAL FOR MONTH: 0.57 1 = FOG OR MIST
DPTR FM NORMAL: 4.7 DPTR FM NORMAL: -0.02 2 = FOG REDUCING VISIBILITY
HIGHEST: 102 ON 6 GRTST 24HR 0.29 ON 14-15 TO 1/4 MILE OR LESS
LOWEST: 35 ON 30,24 3 = THUNDER
SNOW, ICE PELLETS, HAIL 4 = ICE PELLETS
TOTAL MONTH: 0.0 INCH 5 = HAIL
GRTST 24HR 0.0 6 = FREEZING RAIN OR DRIZZLE
GRTST DEPTH: 0 7 = DUSTSTORM OR SANDSTORM:
VSBY 1/2 MILE OR LESS
8 = SMOKE OR HAZE
[NO. OF DAYS WITH] [WEATHER - DAYS WITH] 9 = BLOWING SNOW
X = TORNADO
MAX 32 OR BELOW: 0 0.01 INCH OR MORE: 5
MAX 90 OR ABOVE: 9 0.10 INCH OR MORE: 3
MIN 32 OR BELOW: 0 0.50 INCH OR MORE: 0
MIN 0 OR BELOW: 0 1.00 INCH OR MORE: 0
[HDD (BASE 65) ]
TOTAL THIS MO. 99 CLEAR (SCALE 0-3) 26
DPTR FM NORMAL -73 PTCLDY (SCALE 4-7) 4
TOTAL FM JUL 1 102 CLOUDY (SCALE 8-10) 0
DPTR FM NORMAL -107
[CDD (BASE 65) ]
TOTAL THIS MO. 107
DPTR FM NORMAL 76 [PRESSURE DATA]
TOTAL FM JAN 1 740 HIGHEST SLP 30.32 ON 25
DPTR FM NORMAL 247 LOWEST SLP 29.60 ON 18
[REMARKS]
#FINAL-09-22#