000
CXUS54 KSHV 011300
CF6ELD
PRELIMINARY LOCAL CLIMATOLOGICAL DATA (WS FORM: F-6)
STATION: EL DORADO
MONTH: OCTOBER
YEAR: 2022
LATITUDE: 33 13 N
LONGITUDE: 92 49 W
TEMPERATURE IN F: :PCPN: SNOW: WIND :SUNSHINE: SKY :PK WND
================================================================================
1 2 3 4 5 6A 6B 7 8 9 10 11 12 13 14 15 16 17 18
12Z AVG MX 2MIN
DY MAX MIN AVG DEP HDD CDD WTR SNW DPTH SPD SPD DIR MIN PSBL S-S WX SPD DR
================================================================================
1 82 43 63 -7 2 0 0.00 0.0 0 2.8 14 340 M M 0 19 340
2 84 45 65 -5 0 0 0.00 0.0 0 3.5 14 50 M M 0 17 50
3 85 49 67 -3 0 2 T 0.0 0 3.5 13 40 M M 0 17 30
4 82 47 65 -4 0 0 0.00 0.0 0 2.4 12 70 M M 0 15 70
5 85 47 66 -3 0 1 0.00 0.0 0 1.8 10 10 M M 0 14 330
6 89 50 70 1 0 5 0.00 0.0 0 2.4 13 320 M M 0 17 270
7 86 55 71 3 0 6 0.00 0.0 0 3.1 10 360 M M 0 14 20
8 77 52 65 -3 0 0 0.00 0.0 0 4.7 13 40 M M 2 16 50
9 80 47 64 -3 1 0 0.00 0.0 0 1.4 10 160 M M 0 15 350
10 84 51 68 1 0 3 0.00 0.0 0 1.7 7 99 M M 1 M M
11 83 53 68 2 0 3 T 0.0 0 4.2 14 110 M M 0 17 150
12 87 53 70 4 0 5 1.62 0.0 0 5.8 45 340 M M 1 123 57 350
13 78 50 64 -2 1 0 0.00 0.0 0 2.5 12 40 M M 1 12 17 360
14 83 46 65 0 0 0 0.00 0.0 0 2.6 14 220 M M 0 19 220
15 88 52 70 5 0 5 0.00 0.0 0 4.6 13 200 M M 0 19 200
16 72 61 67 3 0 2 0.00 0.0 0 3.5 14 320 M M 4 16 320
17 72 45 59 -5 6 0 0.00 0.0 0 7.2 16 340 M M 2 22 330
18 59 31 45 -19 20 0 0.00 0.0 0 5.6 18 320 M M 0 26 350
19 59 28 44 -19 21 0 0.00 0.0 0 1.6 10 230 M M 0 15 210
20 75 33 54 -9 11 0 0.00 0.0 0 3.4 15 160 M M 0 20 150
21 82 47 65 3 0 0 0.00 0.0 0 6.0 14 190 M M 0 19 200
22 81 57 69 7 0 4 0.00 0.0 0 10.8 22 180 M M 0 32 170
23 84 62 73 11 0 8 0.00 0.0 0 9.5 21 170 M M 2 30 170
24 83 66 75 14 0 10 0.00 0.0 0 12.7 24 160 M M 6 35 170
25 74 44 59 -2 6 0 0.28 0.0 0 9.8 24 250 M M 6 1 43 260
26 72 41 57 -4 8 0 0.00 0.0 0 4.9 10 20 M M 0 M M
27 72 40 56 -4 9 0 0.00 0.0 0 3.3 15 100 M M 0 21 110
28 72 46 59 -1 6 0 T 0.0 0 6.2 15 100 M M 1 24 110
29 68 57 63 3 2 0 2.04 0.0 0 5.8 18 60 M M 9 1 26 60
30 64 58 61 2 4 0 0.00 0.0 0 5.1 10 240 M M 10 1 14 200
31 76 49 63 4 2 0 0.00 0.0 0 3.0 9 230 M M 1 12 15 250
================================================================================
SM 2418 1505 99 54 3.94 0.0 145.4 M 46
================================================================================
AV 78.0 48.5 4.7 FASTST M M 1 MAX(MPH)
MISC ----> 45 340 57 350
================================================================================
NOTES:
# LAST OF SEVERAL OCCURRENCES
COLUMN 17 PEAK WIND IN M.P.H.
PRELIMINARY LOCAL CLIMATOLOGICAL DATA (WS FORM: F-6) , PAGE 2
STATION: EL DORADO
MONTH: OCTOBER
YEAR: 2022
LATITUDE: 33 13 N
LONGITUDE: 92 49 W
[TEMPERATURE DATA] [PRECIPITATION DATA] SYMBOLS USED IN COLUMN 16
AVERAGE MONTHLY: 63.3 TOTAL FOR MONTH: 3.94 1 = FOG OR MIST
DPTR FM NORMAL: -1.3 DPTR FM NORMAL: -0.64 2 = FOG REDUCING VISIBILITY
HIGHEST: 89 ON 6 GRTST 24HR 2.04 ON 28-29 TO 1/4 MILE OR LESS
LOWEST: 28 ON 19 3 = THUNDER
SNOW, ICE PELLETS, HAIL 4 = ICE PELLETS
TOTAL MONTH: 0.0 INCH 5 = HAIL
GRTST 24HR 0.0 6 = FREEZING RAIN OR DRIZZLE
GRTST DEPTH: 0 7 = DUSTSTORM OR SANDSTORM:
VSBY 1/2 MILE OR LESS
8 = SMOKE OR HAZE
[NO. OF DAYS WITH] [WEATHER - DAYS WITH] 9 = BLOWING SNOW
X = TORNADO
MAX 32 OR BELOW: 0 0.01 INCH OR MORE: 3
MAX 90 OR ABOVE: 0 0.10 INCH OR MORE: 3
MIN 32 OR BELOW: 2 0.50 INCH OR MORE: 2
MIN 0 OR BELOW: 0 1.00 INCH OR MORE: 2
[HDD (BASE 65) ]
TOTAL THIS MO. 99 CLEAR (SCALE 0-3) 26
DPTR FM NORMAL -13 PTCLDY (SCALE 4-7) 3
TOTAL FM JUL 1 104 CLOUDY (SCALE 8-10) 2
DPTR FM NORMAL -14
[CDD (BASE 65) ]
TOTAL THIS MO. 54
DPTR FM NORMAL -44 [PRESSURE DATA]
TOTAL FM JAN 1 2309 HIGHEST SLP 30.39 ON 8
DPTR FM NORMAL 46 LOWEST SLP 29.67 ON 25
[REMARKS]
#FINAL-10-22#