000
CXUS54 KEPZ 011030
CF6ELP
PRELIMINARY LOCAL CLIMATOLOGICAL DATA (WS FORM: F-6)
STATION: EL PASO
MONTH: MARCH
YEAR: 2022
LATITUDE: 31 47 N
LONGITUDE: 106 24 W
TEMPERATURE IN F: :PCPN: SNOW: WIND :SUNSHINE: SKY :PK WND
================================================================================
1 2 3 4 5 6A 6B 7 8 9 10 11 12 13 14 15 16 17 18
12Z AVG MX 2MIN
DY MAX MIN AVG DEP HDD CDD WTR SNW DPTH SPD SPD DIR MIN PSBL S-S WX SPD DR
================================================================================
1 74 49 62 7 3 0 0.00 0.0 0 7.0 16 10 M M 6 21 350
2 79 41 60 5 5 0 0.00 0.0 0 4.8 14 10 M M 2 17 20
3 77 44 61 6 4 0 0.00 0.0 0 4.6 10 320 M M 7 14 150
4 79 52 66 11 0 1 T 0.0 0 14.8 32 270 M M 3 8 44 250
5 73 46 60 4 5 0 0.00 0.0 0 11.8 24 270 M M 1 40 230
6 62 48 55 -1 10 0 0.00 0.0 0 17.2 33 290 M M 1 48 290
7 63 33 48 -8 17 0 0.00 0.0 0 8.0 18 110 M M 4 24 110
8 59 31 45 -11 20 0 0.00 0.0 0 5.7 15 290 M M M 23 30
9 66 30 48 -9 17 0 0.00 0.0 0 9.8 35 250 M M 0 45 240
10 71 37 54 -3 11 0 0.00 0.0 0 13.5 29 240 M M 1 40 230
11 57 30 44 -13 21 0 0.11 0.5 0 8.3 22 360 M M 4 1 28 270
12 60 29 45 -13 20 0 0.00 0.0 0 3.7 9 170 M M 1 13 190
13 71 25 48 -10 17 0 0.00 0.0 0 6.6 22 250 M M 1 28 240
14 70 47 59 1 6 0 0.00 0.0 0 13.3 33 330 M M 1 40 340
15 74 36 55 -3 10 0 0.00 0.0 0 3.4 14 190 M M 0 23 200
16 82 40 61 2 4 0 0.00 0.0 0 10.7 28 290 M M 2 39 290
17 71 44 58 -1 7 0 0.00 0.0 0 16.9 30 300 M M 1 42 300
18 64 35 50 -9 15 0 0.00 0.0 0 4.1 15 120 M M 3 19 130
19 74 37 56 -4 9 0 0.00 0.0 0 3.8 9 60 M M 4 13 150
20 83 46 65 5 0 0 0.00 0.0 0 11.8 36 260 M M 2 49 270
21 59 46 53 -7 12 0 0.04 0.0 0 17.9 37 350 M M 7 3 46 310
22 53 42 48 -12 17 0 T 0.0 0 8.1 17 80 M M 9 24 70
23 61 40 51 -10 14 0 0.00 0.0 0 7.8 20 290 M M 4 29 280
24 75 43 59 -2 6 0 0.00 0.0 0 7.1 15 200 M M 0 20 200
25 82 40 61 0 4 0 0.00 0.0 0 3.5 10 20 M M 1 13 20
26 87 42 65 3 0 0 0.00 0.0 0 4.6 10 220 M M 4 14 140
27 88 44 66 4 0 1 0.00 0.0 0 4.6 14 260 M M 4 19 260
28 85 57 71 9 0 6 T 0.0 0 10.0 28 280 M M 5 36 290
29 73 48 61 -1 4 0 T 0.0 0 22.1 46 250 M M 5 8 63 280
30 70 46 58 -5 7 0 0.00 0.0 0 21.0 32 250 M M 4 44 260
31 74 46 60 -3 5 0 0.00 0.0 0 6.5 25 300 M M 3 34 300
================================================================================
SM 2216 1274 270 8 0.15 0.5 293.0 M 90
================================================================================
AV 71.5 41.1 9.5 FASTST M M 3 MAX(MPH)
MISC ----> 46 250 63 280
================================================================================
NOTES:
# LAST OF SEVERAL OCCURRENCES
COLUMN 17 PEAK WIND IN M.P.H.
PRELIMINARY LOCAL CLIMATOLOGICAL DATA (WS FORM: F-6) , PAGE 2
STATION: EL PASO
MONTH: MARCH
YEAR: 2022
LATITUDE: 31 47 N
LONGITUDE: 106 24 W
[TEMPERATURE DATA] [PRECIPITATION DATA] SYMBOLS USED IN COLUMN 16
AVERAGE MONTHLY: 56.3 TOTAL FOR MONTH: 0.15 1 = FOG OR MIST
DPTR FM NORMAL: -2.4 DPTR FM NORMAL: -0.09 2 = FOG REDUCING VISIBILITY
HIGHEST: 88 ON 27 GRTST 24HR 0.19 ON 28-29 TO 1/4 MILE OR LESS
LOWEST: 25 ON 13 3 = THUNDER
SNOW, ICE PELLETS, HAIL 4 = ICE PELLETS
TOTAL MONTH: 0.5 INCH 5 = HAIL
GRTST 24HR 0.5 ON 11-11 6 = FREEZING RAIN OR DRIZZLE
GRTST DEPTH: 0 7 = DUSTSTORM OR SANDSTORM:
VSBY 1/2 MILE OR LESS
8 = SMOKE OR HAZE
[NO. OF DAYS WITH] [WEATHER - DAYS WITH] 9 = BLOWING SNOW
X = TORNADO
MAX 32 OR BELOW: 0 0.01 INCH OR MORE: 2
MAX 90 OR ABOVE: 0 0.10 INCH OR MORE: 1
MIN 32 OR BELOW: 5 0.50 INCH OR MORE: 0
MIN 0 OR BELOW: 0 1.00 INCH OR MORE: 0
[HDD (BASE 65) ]
TOTAL THIS MO. 270 CLEAR (SCALE 0-3) 17
DPTR FM NORMAL 55 PTCLDY (SCALE 4-7) 12
TOTAL FM JUL 1 1976 CLOUDY (SCALE 8-10) 2
DPTR FM NORMAL -162
[CDD (BASE 65) ]
TOTAL THIS MO. 8
DPTR FM NORMAL -12 [PRESSURE DATA]
TOTAL FM JAN 1 8 HIGHEST SLP 30.36 ON 12
DPTR FM NORMAL -13 LOWEST SLP 29.49 ON 20
[REMARKS]
#FINAL-03-22#