000
CXUS53 KTOP 010910
CF6EMP
PRELIMINARY LOCAL CLIMATOLOGICAL DATA (WS FORM: F-6)
STATION: EMPORIA KS
MONTH: DECEMBER
YEAR: 2020
LATITUDE: 38 19 N
LONGITUDE: 96 12 W
TEMPERATURE IN F: :PCPN: SNOW: WIND :SUNSHINE: SKY :PK WND
================================================================================
1 2 3 4 5 6A 6B 7 8 9 10 11 12 13 14 15 16 17 18
12Z AVG MX 2MIN
DY MAX MIN AVG DEP HDD CDD WTR SNW DPTH SPD SPD DIR MIN PSBL S-S WX SPD DR
================================================================================
1 51 19 35 -2 30 0 0.00 M M 8.2 15 150 M M 0 20 120
2 55 28 42 5 23 0 T M M 7.7 16 70 M M 6 22 200
3 45 28 37 1 28 0 0.04 M M 7.2 16 350 M M 6 1 25 340
4 57 26 42 6 23 0 0.00 M M 7.1 14 290 M M 0 20 290
5 53 32 43 7 22 0 0.00 M M 8.7 20 340 M M 0 26 340
6 51 29 40 5 25 0 0.00 M M 7.2 17 330 M M 0 23 340
7 61 26 44 9 21 0 0.00 M M 7.4 15 290 M M 0 20 290
8 65 29 47 12 18 0 0.00 M M 7.8 14 260 M M 0 18 300
9 73 39 56 22 9 0 0.00 M M 5.6 12 250 M M 0 15 280
10 71 30 51 17 14 0 T M M 5.5 13 10 M M 0 18 20
11 45 34 40 6 25 0 T M M 10.1 15 290 M M 9 1 23 280
12 36 33 35 2 30 0 0.01 M M 11.5 20 330 M M 10 1 27 330
13 39 21 30 -3 35 0 0.00 M M 8.7 16 340 M M 6 1 21 340
14 36 20 28 -5 37 0 0.00 M M 4.9 13 130 M M 5 128 17 120
15 32 22 27 -6 38 0 0.02 M M 7.5 13 90 M M 5 1 16 100
16 32 20 26 -6 39 0 T M M 5.1 10 260 M M 8 18 15 270
17 54 18 36 4 29 0 0.00 M M 8.4 16 170 M M 0 23 170
18 57 33 45 13 20 0 0.00 M M 18.9 37 200 M M 0 52 190
19 47 24 36 4 29 0 0.00 M M 6.9 13 190 M M 0 17 290
20 55 29 42 10 23 0 0.00 M M 10.4 18 220 M M 0 27 220
21 63 34 49 17 16 0 0.00 M M 9.2 18 230 M M 0 26 250
22 66 33 50 19 15 0 0.00 M M 17.4 33 170 M M 0 49 170
23 60 24 42 11 23 0 T M M 23.0 39 190 M M 3 54 190
24 34 16 25 -6 40 0 0.00 M M 11.0 18 320 M M 3 26 300
25 49 11 30 -1 35 0 0.00 M M 7.5 17 190 M M 0 21 190
26 66 21 44 13 21 0 0.00 M M 8.8 23 200 M M 0 30 200
27 55 29 42 11 23 0 0.00 M M 10.4 23 340 M M 0 32 330
28 38 27 33 2 32 0 0.00 M M 5.9 14 90 M M 5 17 80
29 47 32 40 9 25 0 0.90 M M 12.2 25 160 M M 10 16 36 150
30 41 24 33 2 32 0 0.00 M M 8.5 17 350 M M 1 25 10
31 38 17 28 -3 37 0 0.00 M M 7.6 18 40 M M 0 1 24 60
================================================================================
SM 1572 808 817 0 0.97 M 286.3 M 77
================================================================================
AV 50.7 26.1 9.2 FASTST M M 2 MAX(MPH)
MISC ----> 39 190 54 190
================================================================================
NOTES:
# LAST OF SEVERAL OCCURRENCES
COLUMN 17 PEAK WIND IN M.P.H.
PRELIMINARY LOCAL CLIMATOLOGICAL DATA (WS FORM: F-6) , PAGE 2
STATION: EMPORIA KS
MONTH: DECEMBER
YEAR: 2020
LATITUDE: 38 19 N
LONGITUDE: 96 12 W
[TEMPERATURE DATA] [PRECIPITATION DATA] SYMBOLS USED IN COLUMN 16
AVERAGE MONTHLY: 38.4 TOTAL FOR MONTH: 0.97 1 = FOG OR MIST
DPTR FM NORMAL: 5.4 DPTR FM NORMAL: -0.38 2 = FOG REDUCING VISIBILITY
HIGHEST: 73 ON 9 GRTST 24HR 0.90 ON 29-29 TO 1/4 MILE OR LESS
LOWEST: 11 ON 25 3 = THUNDER
SNOW, ICE PELLETS, HAIL 4 = ICE PELLETS
TOTAL MONTH: M 5 = HAIL
GRTST 24HR M ON M 6 = FREEZING RAIN OR DRIZZLE
GRTST DEPTH: M ON M 7 = DUSTSTORM OR SANDSTORM:
VSBY 1/2 MILE OR LESS
8 = SMOKE OR HAZE
[NO. OF DAYS WITH] [WEATHER - DAYS WITH] 9 = BLOWING SNOW
X = TORNADO
MAX 32 OR BELOW: 2 0.01 INCH OR MORE: 4
MAX 90 OR ABOVE: 0 0.10 INCH OR MORE: 1
MIN 32 OR BELOW: 25 0.50 INCH OR MORE: 1
MIN 0 OR BELOW: 0 1.00 INCH OR MORE: 0
[HDD (BASE 65) ]
TOTAL THIS MO. 817 CLEAR (SCALE 0-3) 19
DPTR FM NORMAL -176 PTCLDY (SCALE 4-7) 9
TOTAL FM JUL 1 1670 CLOUDY (SCALE 8-10) 3
DPTR FM NORMAL -263
[CDD (BASE 65) ]
TOTAL THIS MO. 0
DPTR FM NORMAL 0 [PRESSURE DATA]
TOTAL FM JAN 1 1530 HIGHEST SLP 30.47 ON 28
DPTR FM NORMAL 127 LOWEST SLP 29.45 ON 23
[REMARKS]
#FINAL-12-20#