000
CXUS53 KTOP 010810
CF6EMP
PRELIMINARY LOCAL CLIMATOLOGICAL DATA (WS FORM: F-6)
STATION: EMPORIA KS
MONTH: OCTOBER
YEAR: 2023
LATITUDE: 38 19 N
LONGITUDE: 96 12 W
TEMPERATURE IN F: :PCPN: SNOW: WIND :SUNSHINE: SKY :PK WND
================================================================================
1 2 3 4 5 6A 6B 7 8 9 10 11 12 13 14 15 16 17 18
12Z AVG MX 2MIN
DY MAX MIN AVG DEP HDD CDD WTR SNW DPTH SPD SPD DIR MIN PSBL S-S WX SPD DR
================================================================================
1 92 62 77 14 0 12 0.00 M M 9.4 18 180 M M 0 27 160
2 90 61 76 13 0 11 0.00 M M 9.2 20 190 M M 1 18 28 200
3 85 62 74 12 0 9 0.00 M M 14.1 26 150 M M 2 35 150
4 78 60 69 7 0 4 0.28 M M 6.5 16 30 M M 3 13 22 310
5 82 49 66 4 0 1 0.00 M M 6.6 20 330 M M 0 28 330
6 60 40 50 -11 15 0 0.00 M M 9.1 22 350 M M 3 37 360
7 65 36 51 -10 14 0 0.00 M M 5.3 13 310 M M 0 19 320
8 83 45 64 4 1 0 0.00 M M 8.1 18 280 M M 0 25 270
9 73 46 60 0 5 0 0.00 M M 5.6 12 10 M M 0 16 10
10 78 39 59 -1 6 0 0.00 M M 9.1 18 140 M M 0 23 120
11 84 57 71 12 0 6 0.00 M M 15.8 26 160 M M 2 37 150
12 69 62 66 7 0 1 0.00 M M 21.2 31 160 M M 9 46 160
13 67 50 59 1 6 0 T M M 18.9 30 290 M M 5 41 290
14 55 49 52 -6 13 0 0.00 M M 13.7 22 320 M M 10 33 300
15 56 43 50 -8 15 0 T M M 10.4 20 320 M M 10 1 29 330
16 66 38 52 -5 13 0 0.00 M M 7.5 17 290 M M 0 22 310
17 76 33 55 -2 10 0 0.00 M M 6.7 14 170 M M 0 22 180
18 72 52 62 6 3 0 T M M 10.2 17 330 M M 1 29 330
19 79 47 63 7 2 0 0.00 M M 9.3 21 280 M M 0 30 290
20 87 48 68 12 0 3 0.00 M M 6.0 13 200 M M 0 16 290
21 85 51 68 13 0 3 0.00 M M 7.6 14 40 M M 0 19 360
22 82 45 64 9 1 0 0.00 M M 12.5 22 130 M M 0 30 120
23 88 60 74 20 0 9 T M M 16.7 31 190 M M 1 44 180
24 70 63 67 13 0 2 4.13 M M 11.5 23 190 M M 9 123 34 180
25 70 65 68 14 0 3 1.65 M M 9.6 20 200 M M 9 13 25 190
26 81 66 74 21 0 9 T M M 15.0 23 190 M M 5 31 160
27 69 37 53 0 12 0 T M M 14.0 24 290 M M 6 34 340
28 38 32 35 -17 30 0 0.91 M M 10.3 22 40 M M 8 13 29 40
29 37 32 35 -17 30 0 0.01 M M 12.3 20 340 M M 8 18 29 340
30 43 24 34 -18 31 0 0.00 M M 9.1 16 320 M M 0 24 350
31 40 25 33 -18 32 0 0.00 M M 10.0 21 320 M M 0 31 350
================================================================================
SM 2200 1479 239 73 6.98 M 331.3 M 92
================================================================================
AV 71.0 47.7 10.7 FASTST M M 3 MAX(MPH)
MISC ----> # 31 160 46 160
================================================================================
NOTES:
# LAST OF SEVERAL OCCURRENCES
COLUMN 17 PEAK WIND IN M.P.H.
PRELIMINARY LOCAL CLIMATOLOGICAL DATA (WS FORM: F-6) , PAGE 2
STATION: EMPORIA KS
MONTH: OCTOBER
YEAR: 2023
LATITUDE: 38 19 N
LONGITUDE: 96 12 W
[TEMPERATURE DATA] [PRECIPITATION DATA] SYMBOLS USED IN COLUMN 16
AVERAGE MONTHLY: 59.3 TOTAL FOR MONTH: 6.98 1 = FOG OR MIST
DPTR FM NORMAL: 2.1 DPTR FM NORMAL: 3.92 2 = FOG REDUCING VISIBILITY
HIGHEST: 92 ON 1 GRTST 24HR 5.39 ON 24-25 TO 1/4 MILE OR LESS
LOWEST: 24 ON 30 3 = THUNDER
SNOW, ICE PELLETS, HAIL 4 = ICE PELLETS
TOTAL MONTH: M 5 = HAIL
GRTST 24HR M ON M 6 = FREEZING RAIN OR DRIZZLE
GRTST DEPTH: M ON M 7 = DUSTSTORM OR SANDSTORM:
VSBY 1/2 MILE OR LESS
8 = SMOKE OR HAZE
[NO. OF DAYS WITH] [WEATHER - DAYS WITH] 9 = BLOWING SNOW
X = TORNADO
MAX 32 OR BELOW: 0 0.01 INCH OR MORE: 5
MAX 90 OR ABOVE: 2 0.10 INCH OR MORE: 4
MIN 32 OR BELOW: 4 0.50 INCH OR MORE: 3
MIN 0 OR BELOW: 0 1.00 INCH OR MORE: 2
[HDD (BASE 65) ]
TOTAL THIS MO. 239 CLEAR (SCALE 0-3) 20
DPTR FM NORMAL -35 PTCLDY (SCALE 4-7) 6
TOTAL FM JUL 1 239 CLOUDY (SCALE 8-10) 5
DPTR FM NORMAL -84
[CDD (BASE 65) ]
TOTAL THIS MO. 73
DPTR FM NORMAL 40 [PRESSURE DATA]
TOTAL FM JAN 1 1850 HIGHEST SLP M ON M
DPTR FM NORMAL 419 LOWEST SLP 29.46 ON 12
[REMARKS]
#FINAL-10-23#