000
CXUS56 KOTX 010910
CF6EPH
PRELIMINARY LOCAL CLIMATOLOGICAL DATA (WS FORM: F-6)
STATION: EPHRATA WA AIRPORT
MONTH: MAY
YEAR: 2023
LATITUDE: 47 18 N
LONGITUDE: 119 31 W
TEMPERATURE IN F: :PCPN: SNOW: WIND :SUNSHINE: SKY :PK WND
================================================================================
1 2 3 4 5 6A 6B 7 8 9 10 11 12 13 14 15 16 17 18
12Z AVG MX 2MIN
DY MAX MIN AVG DEP HDD CDD WTR SNW DPTH SPD SPD DIR MIN PSBL S-S WX SPD DR
================================================================================
1 74 47 61 5 4 0 0.07 M M 7.2 26 320 M M 2 3 33 320
2 77 47 62 6 3 0 T M M 8.5 29 360 M M 0 3 39 20
3 87 54 71 14 0 6 0.00 M M 5.7 12 310 M M 0 16 80
4 79 57 68 11 0 3 T M M 10.8 21 150 M M 1 30 160
5 61 50 56 -1 9 0 0.04 M M 5.3 18 150 M M 10 22 150
6 65 48 57 -1 8 0 T M M 5.9 17 320 M M 7 22 330
7 70 47 59 1 6 0 0.00 M M 11.2 26 170 M M 1 32 160
8 70 45 58 0 7 0 0.02 M M 7.7 25 120 M M 7 29 140
9 69 43 56 -3 9 0 0.26 M M 6.7 24 10 M M 2 3 30 40
10 72 43 58 -1 7 0 0.00 M M 5.6 12 260 M M 1 17 10
11 77 48 63 4 2 0 0.00 M M 4.8 12 220 M M 0 17 220
12 83 48 66 6 0 1 0.00 M M 5.7 12 30 M M 0 17 60
13 88 57 73 13 0 8 0.00 M M 12.2 24 40 M M 0 30 50
14 88 61 75 15 0 10 0.00 M M 14.1 29 60 M M 0 33 80
15 89 61 75 15 0 10 0.00 M M 7.5 16 210 M M 1 27 180
16 74 54 64 3 1 0 0.05 M M 5.0 15 70 M M 3 1 27 90
17 82 53 68 7 0 3 0.00 M M 3.9 12 170 M M 0 1 17 190
18 88 57 73 12 0 8 0.00 M M 5.7 12 170 M M 0 16 210
19 93 64 79 17 0 14 T M M 6.4 26 290 M M 0 34 290
20 93 61 77 15 0 12 0.00 M M 6.3 17 320 M M 0 20 320
21 86 61 74 12 0 9 0.00 M M 14.3 28 300 M M 1 3 37 310
22 73 45 59 -3 6 0 0.00 M M 9.2 24 300 M M 4 30 290
23 73 47 60 -2 5 0 0.00 M M 5.9 17 320 M M 2 20 310
24 76 47 62 -1 3 0 0.00 M M 7.8 17 70 M M 3 23 60
25 77 53 65 2 0 0 0.00 M M 8.1 21 10 M M 6 27 20
26 78 54 66 3 0 1 0.05 M M 9.2 23 340 M M 3 3 28 350
27 82 52 67 4 0 2 0.02 M M 6.1 26 340 M M 3 3 35 350
28 85 53 69 5 0 4 0.00 M M 6.5 16 310 M M 0 21 170
29 85 55 70 6 0 5 0.00 M M 8.3 21 310 M M 0 27 310
30 82 59 71 7 0 6 0.00 M M 8.5 21 300 M M 0 26 300
31 77 54 66 2 0 1 0.00 M M 11.5 28 300 M M 0 35 310
================================================================================
SM 2453 1625 70 103 0.51 M 241.6 M 57
================================================================================
AV 79.1 52.4 7.8 FASTST M M 2 MAX(MPH)
MISC ----> # 29 360 39 20
================================================================================
NOTES:
# LAST OF SEVERAL OCCURRENCES
COLUMN 17 PEAK WIND IN M.P.H.
PRELIMINARY LOCAL CLIMATOLOGICAL DATA (WS FORM: F-6) , PAGE 2
STATION: EPHRATA WA AIRPORT
MONTH: MAY
YEAR: 2023
LATITUDE: 47 18 N
LONGITUDE: 119 31 W
[TEMPERATURE DATA] [PRECIPITATION DATA] SYMBOLS USED IN COLUMN 16
AVERAGE MONTHLY: 65.8 TOTAL FOR MONTH: 0.51 1 = FOG OR MIST
DPTR FM NORMAL: 5.4 DPTR FM NORMAL: -0.24 2 = FOG REDUCING VISIBILITY
HIGHEST: 93 ON 20,19 GRTST 24HR 0.26 ON 8- 9 TO 1/4 MILE OR LESS
LOWEST: 43 ON 10, 9 3 = THUNDER
SNOW, ICE PELLETS, HAIL 4 = ICE PELLETS
TOTAL MONTH: M 5 = HAIL
GRTST 24HR M ON M 6 = FREEZING RAIN OR DRIZZLE
GRTST DEPTH: M ON M 7 = DUSTSTORM OR SANDSTORM:
VSBY 1/2 MILE OR LESS
8 = SMOKE OR HAZE
[NO. OF DAYS WITH] [WEATHER - DAYS WITH] 9 = BLOWING SNOW
X = TORNADO
MAX 32 OR BELOW: 0 0.01 INCH OR MORE: 7
MAX 90 OR ABOVE: 2 0.10 INCH OR MORE: 1
MIN 32 OR BELOW: 0 0.50 INCH OR MORE: 0
MIN 0 OR BELOW: 0 1.00 INCH OR MORE: 0
[HDD (BASE 65) ]
TOTAL THIS MO. 70 CLEAR (SCALE 0-3) 24
DPTR FM NORMAL -111 PTCLDY (SCALE 4-7) 6
TOTAL FM JUL 1 5725 CLOUDY (SCALE 8-10) 1
DPTR FM NORMAL 23
[CDD (BASE 65) ]
TOTAL THIS MO. 103
DPTR FM NORMAL 63 [PRESSURE DATA]
TOTAL FM JAN 1 106 HIGHEST SLP M ON M
DPTR FM NORMAL 64 LOWEST SLP 29.55 ON 1
[REMARKS]
#FINAL-05-23#