000
CXUS51 KCLE 031735
CLMERI
CLIMATE REPORT
NATIONAL WEATHER SERVICE CLEVELAND, OH
135 PM EDT MON APR 03 2023
...................................
...THE ERIE PA CLIMATE SUMMARY FOR THE MONTH OF MARCH 2023...
CLIMATE NORMAL PERIOD 1991 TO 2020
CLIMATE RECORD PERIOD 1873 TO 2023
WEATHER OBSERVED NORMAL DEPART LAST YEAR`S
VALUE DATE(S) VALUE FROM VALUE
NORMAL
..............................................................
TEMPERATURE (F)
RECORD
HIGH 82 03/31/1998
03/30/1998
03/28/1945
LOW -10 03/12/1948
HIGHEST 58 03/25
LOWEST 20 03/30
AVG. MAXIMUM 43.0 44.3 -1.3 49.7
AVG. MINIMUM 29.9 27.9 2.0 30.5
MEAN 36.4 36.1 0.3 40.1
DAYS MAX >= 90 0 0.0 0.0 0
DAYS MAX <= 32 3 6.1 -3.1 4
DAYS MIN <= 32 23 21.8 1.2 18
DAYS MIN <= 0 0 0.1 -0.1 0
PRECIPITATION (INCHES)
RECORD
MAXIMUM 7.36 1913
MINIMUM 0.53 1910
TOTALS 4.68 3.08 1.60 2.48
DAYS >= .01 17 14.3 2.7 15
DAYS >= .10 8 8.2 -0.2 9
DAYS >= .50 5 1.5 3.5 0
DAYS >= 1.00 0 0.3 -0.3 0
GREATEST
24 HR. TOTAL 0.92 03/03 TO 03/04 0.76
SNOWFALL (INCHES)
RECORDS
TOTAL 36.0 2018
TOTALS 9.8 14.5 -4.7 6.2
SINCE 7/1 52.0 101.7 -49.7 61.4
DAYS >= 1.0 2 3.7 -1.7 1
GREATEST
24 HR TOTAL 6.1 03/10 TO 03/10
DEGREE DAYS
HEATING TOTAL 877 896 -19 762
SINCE 7/1 4726 5086 -360 4566
COOLING TOTAL 0 1 -1 0
SINCE 1/1 0 1 -1 0
..............................................................
WIND (MPH)
AVERAGE WIND SPEED 10.2
HIGHEST WIND SPEED/DIRECTION 38/250 DATE 03/25
HIGHEST GUST SPEED/DIRECTION 55/140 DATE 03/25
SKY COVER
AVERAGE SKY COVER 0.59
AVERAGE RH (PERCENT) 71
WEATHER CONDITIONS. NUMBER OF DAYS WITH
THUNDERSTORM 2 MIXED PRECIP 0
HEAVY RAIN 2 RAIN 5
LIGHT RAIN 14 FREEZING RAIN 0
LT FREEZING RAIN 0 HAIL 0
HEAVY SNOW 2 SNOW 5
LIGHT SNOW 10 SLEET 0
FOG 20 FOG W/VIS <= 1/4 MILE 3
HAZE 12
- INDICATES NEGATIVE NUMBERS.
R INDICATES RECORD WAS SET OR TIED.
MM INDICATES DATA IS MISSING.
T INDICATES TRACE AMOUNT.
$$