000
CXUS53 KDMX 050259
CF6EST
PRELIMINARY LOCAL CLIMATOLOGICAL DATA (WS FORM: F-6)
STATION: ESTHERVILLE IA
MONTH: JUNE
YEAR: 2022
LATITUDE: 43 24 N
LONGITUDE: 94 45 W
TEMPERATURE IN F: :PCPN: SNOW: WIND :SUNSHINE: SKY :PK WND
================================================================================
1 2 3 4 5 6A 6B 7 8 9 10 11 12 13 14 15 16 17 18
12Z AVG MX 2MIN
DY MAX MIN AVG DEP HDD CDD WTR SNW DPTH SPD SPD DIR MIN PSBL S-S WX SPD DR
================================================================================
1 71 47 59 -5 6 0 0.00 0.0 0 9.4 23 310 M M 1 30 300
2 80 45 63 -1 2 0 0.00 0.0 0 14.3 28 280 M M 0 39 280
3 75 47 61 -4 4 0 T 0.0 0 8.0 17 30 M M 3 22 20
4 64 55 60 -5 5 0 0.46 0.0 0 11.0 20 130 M M 10 1 25 140
5 68 57 63 -2 2 0 0.53 0.0 0 8.5 16 50 M M 10 13 19 60
6 73 60 67 1 0 2 0.06 0.0 0 8.9 17 40 M M 10 12 24 40
7 74 57 66 0 0 1 0.00 0.0 0 6.7 15 50 M M 7 13 20 30
8 79 55 67 1 0 2 0.00 0.0 0 9.6 18 330 M M 4 26 310
9 80 56 68 2 0 3 0.01 0.0 0 7.4 22 260 M M 5 8 29 260
10 76 59 68 1 0 3 0.93 0.0 0 5.3 10 210 M M 7 1 16 250
11 81 64 73 6 0 8 0.06 0.0 0 7.6 15 190 M M 4 1 20 200
12 89 62 76 9 0 11 0.00 0.0 0 5.7 13 130 M M 4 128 17 130
13 84 71 78 10 0 13 0.02 0.0 0 15.7 31 120 M M 5 18 39 110
14 95 71 83 15 0 18 0.00 0.0 0 17.6 33 210 M M 1 47 190
15 81 63 72 4 0 7 0.06 0.0 0 9.6 18 250 M M 5 3 26 240
16 88 61 75 7 0 10 0.00 0.0 0 16.4 32 300 M M 0 40 290
17 87 59 73 5 0 8 0.00 0.0 0 6.9 17 10 M M 0 22 30
18 91 61 76 7 0 11 0.00 0.0 0 17.5 29 150 M M 0 36 160
19 97 71 84 15 0 19 0.00 0.0 0 19.5 31 200 M M 0 46 180
20 98 75 87 18 0 22 0.00 0.0 0 19.6 31 180 M M 0 42 180
21 90 64 77 8 0 12 0.00 0.0 0 12.4 22 290 M M 0 36 190
22 88 59 74 5 0 9 0.00 0.0 0 8.3 18 310 M M 0 28 260
23 91 62 77 7 0 12 0.00 0.0 0 13.2 24 190 M M 0 34 180
24 89 70 80 10 0 15 0.00 0.0 0 15.5 24 180 M M 3 34 190
25 82 58 70 0 0 5 0.96 0.0 0 12.1 25 340 M M 6 13 33 340
26 77 55 66 -4 0 1 0.00 0.0 0 13.3 26 300 M M 0 35 300
27 83 52 68 -2 0 3 0.00 0.0 0 7.9 16 300 M M 1 21 290
28 87 62 75 5 0 10 0.02 0.0 0 11.0 26 210 M M 2 39 210
29 92 54 73 3 0 8 0.00 0.0 0 14.6 28 200 M M 0 42 210
30 87 65 76 6 0 11 T 0.0 0 10.4 24 200 M M 0 36 190
================================================================================
SM 2497 1797 19 224 3.11 0.0 343.9 M 88
================================================================================
AV 83.2 59.9 11.5 FASTST M M 3 MAX(MPH)
MISC ----> 33 210 47 190
================================================================================
NOTES:
# LAST OF SEVERAL OCCURRENCES
COLUMN 17 PEAK WIND IN M.P.H.
PRELIMINARY LOCAL CLIMATOLOGICAL DATA (WS FORM: F-6) , PAGE 2
STATION: ESTHERVILLE IA
MONTH: JUNE
YEAR: 2022
LATITUDE: 43 24 N
LONGITUDE: 94 45 W
[TEMPERATURE DATA] [PRECIPITATION DATA] SYMBOLS USED IN COLUMN 16
AVERAGE MONTHLY: 71.6 TOTAL FOR MONTH: 3.11 1 = FOG OR MIST
DPTR FM NORMAL: 3.8 DPTR FM NORMAL: -1.46 2 = FOG REDUCING VISIBILITY
HIGHEST: 98 ON 20 GRTST 24HR 0.96 ON 25-25 TO 1/4 MILE OR LESS
LOWEST: 45 ON 2 3 = THUNDER
SNOW, ICE PELLETS, HAIL 4 = ICE PELLETS
TOTAL MONTH: 0.0 INCH 5 = HAIL
GRTST 24HR 0.0 6 = FREEZING RAIN OR DRIZZLE
GRTST DEPTH: 0 7 = DUSTSTORM OR SANDSTORM:
VSBY 1/2 MILE OR LESS
8 = SMOKE OR HAZE
[NO. OF DAYS WITH] [WEATHER - DAYS WITH] 9 = BLOWING SNOW
X = TORNADO
MAX 32 OR BELOW: 0 0.01 INCH OR MORE: 10
MAX 90 OR ABOVE: 7 0.10 INCH OR MORE: 4
MIN 32 OR BELOW: 0 0.50 INCH OR MORE: 3
MIN 0 OR BELOW: 0 1.00 INCH OR MORE: 0
[HDD (BASE 65) ]
TOTAL THIS MO. 19 CLEAR (SCALE 0-3) 18
DPTR FM NORMAL -25 PTCLDY (SCALE 4-7) 9
TOTAL FM JUL 1 7274 CLOUDY (SCALE 8-10) 3
DPTR FM NORMAL -635
[CDD (BASE 65) ]
TOTAL THIS MO. 224
DPTR FM NORMAL 96 [PRESSURE DATA]
TOTAL FM JAN 1 302 HIGHEST SLP 30.30 ON 27
DPTR FM NORMAL 141 LOWEST SLP 29.49 ON 14
[REMARKS]
#FINAL-06-22#