000
CXUS56 KPQR 011940
CLAEUG
CLIMATE REPORT
NATIONAL WEATHER SERVICE PORTLAND OREGON
1140 AM PST MON JAN 01 2024
...................................
...THE EUGENE OR CLIMATE SUMMARY FOR THE YEAR OF 2023...
CLIMATE NORMAL PERIOD 1991 TO 2020
CLIMATE RECORD PERIOD 1892 TO 2023
WEATHER OBSERVED NORMAL DEPART LAST YEAR`S
VALUE DATE(S) VALUE FROM VALUE DATE(S)
NORMAL
................................................................
TEMPERATURE (F)
HIGHEST 105 102 07/26
07/29
LOWEST 20 18 11/19
AVG. MAXIMUM 65.7 64.3 1.4 65.1
AVG. MINIMUM 43.4 41.9 1.5 42.6
MEAN 54.6 53.1 1.5 53.8
DAYS MAX >= 90 31 18.0 13.0 34
DAYS MAX <= 32 0 2.1 -2.1 1
DAYS MIN <= 32 49 51.8 -2.8 58
DAYS MIN <= 0 0 0.1 -0.1 0
PRECIPITATION (INCHES)
RECORD
MAXIMUM 65.56 1995
MINIMUM 21.19 2013
TOTALS 28.99 40.83 -11.84 31.28
DAYS >= .01 135 145.7 -10.7 123
DAYS >= .10 82 89.8 -7.8 72
DAYS >= .50 12 25.6 -13.6 20
DAYS >= 1.00 4 7.3 -3.3 4
GREATEST
24 HR. TOTAL 2.11 12/02 TO 12/03
DEGREE DAYS
HEATING TOTAL 4270 4616 -346 4462
SINCE 7/1 1545 1856 -311 MM
COOLING TOTAL 594 293 301 514
SINCE 1/1 594 293 301 MM
................................................................
WIND (MPH)
AVERAGE WIND SPEED 6.4
RESULTANT WIND SPEED/DIRECTION 1/220
HIGHEST WIND SPEED/DIRECTION 31/180 DATE 01/14
31/MM 01/15
31/MM 04/17
HIGHEST GUST SPEED/DIRECTION 42/300 DATE 04/03
SKY COVER
POSSIBLE SUNSHINE (PERCENT) MM
AVERAGE SKY COVER 0.59
NUMBER OF DAYS FAIR 73
NUMBER OF DAYS PC 104
NUMBER OF DAYS CLOUDY 127
AVERAGE RH (PERCENT) 72
WEATHER CONDITIONS. NUMBER OF DAYS WITH
THUNDERSTORM 4 MIXED PRECIP 1
HEAVY RAIN 5 RAIN 46
LIGHT RAIN 146 FREEZING RAIN 0
LT FREEZING RAIN 0 HAIL 6
HEAVY SNOW 0 SNOW 3
LIGHT SNOW 16 SLEET 0
FOG 201 FOG W/VIS <= 1/4 MILE 57
HAZE 41
- INDICATES NEGATIVE NUMBERS.
R INDICATES RECORD WAS SET OR TIED.
MM INDICATES DATA IS MISSING.
T INDICATES TRACE AMOUNT.
$$