000
CXUS53 KPAH 011415
CF6EVV
PRELIMINARY LOCAL CLIMATOLOGICAL DATA (WS FORM: F-6)
STATION: EVANSVILLE IN
MONTH: DECEMBER
YEAR: 2022
LATITUDE: 38 2 N
LONGITUDE: 87 32 W
TEMPERATURE IN F: :PCPN: SNOW: WIND :SUNSHINE: SKY :PK WND
================================================================================
1 2 3 4 5 6A 6B 7 8 9 10 11 12 13 14 15 16 17 18
12Z AVG MX 2MIN
DY MAX MIN AVG DEP HDD CDD WTR SNW DPTH SPD SPD DIR MIN PSBL S-S WX SPD DR
================================================================================
1 41 22 32 -9 33 0 0.00 0.0 0 3.3 8 170 M M 0 13 160
2 59 37 48 7 17 0 0.03 0.0 0 11.1 26 200 M M 10 35 200
3 59 27 43 3 22 0 0.01 0.0 0 8.8 24 350 M M 3 36 350
4 41 25 33 -7 32 0 0.00 0.0 0 2.2 10 20 M M 0 14 20
5 46 29 38 -2 27 0 0.00 0.0 0 3.0 10 170 M M 9 12 13 170
6 54 45 50 10 15 0 0.09 0.0 0 2.9 8 360 M M 10 12 10 350
7 51 46 49 10 16 0 0.00 0.0 0 5.0 10 20 M M 10 128 14 350
8 50 46 48 9 17 0 0.56 0.0 0 7.4 13 30 M M 10 1 18 30
9 54 41 48 9 17 0 0.00 0.0 0 4.2 13 340 M M 9 1 18 350
10 44 34 39 0 26 0 0.06 0.0 0 1.9 8 340 M M 9 1 11 350
11 45 41 43 5 22 0 0.00 0.0 0 5.6 12 30 M M 10 1 16 40
12 50 34 42 4 23 0 0.00 0.0 0 5.7 13 100 M M 3 17 110
13 52 32 42 4 23 0 0.65 0.0 0 8.4 15 90 M M 4 1 21 100
14 56 48 52 14 13 0 1.33 0.0 0 8.8 20 250 M M 10 1 27 250
15 49 33 41 3 24 0 0.00 0.0 0 10.7 22 230 M M 7 28 230
16 42 26 34 -3 31 0 0.00 0.0 0 10.2 26 230 M M 5 36 230
17 37 24 31 -6 34 0 0.00 0.0 0 10.2 18 240 M M 9 32 290
18 35 21 28 -9 37 0 0.00 0.0 0 6.6 14 320 M M 3 24 310
19 37 20 29 -8 36 0 0.00 0.0 0 2.9 10 80 M M 3 13 80
20 47 29 38 1 27 0 0.00 0.0 0 4.4 9 360 M M 5 14 20
21 48 27 38 2 27 0 0.00 0.0 0 4.4 10 140 M M 1 14 150
22 45 -1 22 -14 43 0 0.20 2.5 0 10.6 24 320 M M 10 128 41 330
23 5 -6 0 -36 65 0 T T 2 16.8 26 260 M M 8 8 40 260
24 20 4 12 -24 53 0 0.00 0.0 2 12.7 23 260 M M 0 31 260
25 22 9 16 -20 49 0 0.00 0.0 2 8.7 16 260 M M 0 22 280
26 32 19 26 -10 39 0 0.15 0.9 1 5.1 14 210 M M 10 1 19 200
27 30 23 27 -8 38 0 0.00 0.0 1 5.4 14 180 M M 8 18 20 170
28 52 23 38 3 27 0 0.00 0.0 1 8.4 18 180 M M 0 1 30 180
29 60 48 54 19 11 0 0.01 0.0 0 11.3 21 190 M M 8 1 28 170
30 59 49 54 19 11 0 0.45 0.0 0 7.1 18 190 M M 10 1 27 180
31 48 42 45 10 20 0 0.06 0.0 0 3.8 9 320 M M 10 18 14 330
================================================================================
SM 1370 897 875 0 3.60 3.4 217.6 M 194
================================================================================
AV 44.2 28.9 7.0 FASTST M M 6 MAX(MPH)
MISC ----> # 26 200 41 330
================================================================================
NOTES:
# LAST OF SEVERAL OCCURRENCES
COLUMN 17 PEAK WIND IN M.P.H.
PRELIMINARY LOCAL CLIMATOLOGICAL DATA (WS FORM: F-6) , PAGE 2
STATION: EVANSVILLE IN
MONTH: DECEMBER
YEAR: 2022
LATITUDE: 38 2 N
LONGITUDE: 87 32 W
[TEMPERATURE DATA] [PRECIPITATION DATA] SYMBOLS USED IN COLUMN 16
AVERAGE MONTHLY: 36.6 TOTAL FOR MONTH: 3.60 1 = FOG OR MIST
DPTR FM NORMAL: -0.9 DPTR FM NORMAL: -0.18 2 = FOG REDUCING VISIBILITY
HIGHEST: 60 ON 29 GRTST 24HR 1.98 ON 13-14 TO 1/4 MILE OR LESS
LOWEST: -6 ON 23 3 = THUNDER
SNOW, ICE PELLETS, HAIL 4 = ICE PELLETS
TOTAL MONTH: 3.4 INCHES 5 = HAIL
GRTST 24HR 2.5 ON 22-22 6 = FREEZING RAIN OR DRIZZLE
GRTST DEPTH: 2 ON 25,24 7 = DUSTSTORM OR SANDSTORM:
VSBY 1/2 MILE OR LESS
8 = SMOKE OR HAZE
[NO. OF DAYS WITH] [WEATHER - DAYS WITH] 9 = BLOWING SNOW
X = TORNADO
MAX 32 OR BELOW: 5 0.01 INCH OR MORE: 12
MAX 90 OR ABOVE: 0 0.10 INCH OR MORE: 6
MIN 32 OR BELOW: 18 0.50 INCH OR MORE: 3
MIN 0 OR BELOW: 2 1.00 INCH OR MORE: 1
[HDD (BASE 65) ]
TOTAL THIS MO. 875 CLEAR (SCALE 0-3) 9
DPTR FM NORMAL 24 PTCLDY (SCALE 4-7) 7
TOTAL FM JUL 1 1730 CLOUDY (SCALE 8-10) 15
DPTR FM NORMAL 46
[CDD (BASE 65) ]
TOTAL THIS MO. 0
DPTR FM NORMAL 0 [PRESSURE DATA]
TOTAL FM JAN 1 1653 HIGHEST SLP 30.61 ON 1
DPTR FM NORMAL 128 LOWEST SLP 29.53 ON 14
[REMARKS]
#FINAL-12-22#