000
CXUS53 KPAH 010733
CLSEVV
CLIMATE REPORT
NATIONAL WEATHER SERVICE PADUCAH KY
233 AM CDT THU JUN 01 2023
...................................
...THE EVANSVILLE IN CLIMATE SUMMARY FOR THE SEASON, FROM
3/1/2023 TO 5/31/2023...
CLIMATE NORMAL PERIOD 1991 TO 2020
CLIMATE RECORD PERIOD 1896 TO 2023
WEATHER OBSERVED NORMAL DEPART LAST YEAR`S
VALUE DATE(S) VALUE FROM VALUE
NORMAL
..............................................................
TEMPERATURE (F)
RECORD
HIGH 98 05/28/1911
LOW -9 03/06/1960
HIGHEST 89 05/31 67 22
LOWEST 22 03/15 45 -23
03/20
AVG. MAXIMUM 68.4 67.5 0.9
AVG. MINIMUM 45.5 46.3 -0.8
MEAN 57.0 56.9 0.1
DAYS MAX >= 90 0 1.1 -1.1
DAYS MAX <= 32 0 0.6 -0.6
DAYS MIN <= 32 12 14.2 -2.2
DAYS MIN <= 0 0 0.0 0.0
PRECIPITATION (INCHES)
RECORD
MAXIMUM 25.48 2008
MINIMUM 4.04 1930
TOTALS 14.93 14.86 0.07
DAILY AVG. 0.16 0.16 -0.00
DAYS >= .01 28 35.5 -7.5
DAYS >= .10 20 23.0 -3.0
DAYS >= .50 7 10.2 -3.2
DAYS >= 1.00 3 3.9 -0.9
GREATEST
24 HR. TOTAL 3.73
STORM TOTAL 3.60
(MM/DD(HH))
SNOWFALL (INCHES)
TOTALS T
LIQUID EQUIV T
SINCE 7/1 6.8
LIQUID 7/1 0.68
SNOWDEPTH AVG. 0
DAYS >= TRACE 3
DAYS >= 1.0 0
GREATEST
SNOW DEPTH 0
24 HR TOTAL MM
STORM TOTAL 0.0
(MM/DD(HH))
DEGREE DAYS
HEATING TOTAL 860 909 -49
SINCE 7/1 3886 4335 -449
COOLING TOTAL 143 167 -24
SINCE 1/1 143 167 -24
FREEZE DATES
RECORD
EARLIEST 10/03/1974
LATEST 05/10/1966
EARLIEST 10/19
LATEST 04/03
..............................................................
WIND (MPH)
AVERAGE WIND SPEED 7.1
HIGHEST WIND SPEED/DIRECTION 46/240 DATE 04/05
HIGHEST GUST SPEED/DIRECTION 62/260 DATE 04/05
SKY COVER
POSSIBLE SUNSHINE (PERCENT) MM
AVERAGE SKY COVER 0.36
NUMBER OF DAYS FAIR 50
NUMBER OF DAYS PC 29
NUMBER OF DAYS CLOUDY 13
AVERAGE RH (PERCENT) 64
WEATHER CONDITIONS. NUMBER OF DAYS WITH
THUNDERSTORM 15 MIXED PRECIP 0
HEAVY RAIN 15 RAIN 20
LIGHT RAIN 36 FREEZING RAIN 0
LT FREEZING RAIN 0 HAIL 0
HEAVY SNOW 0 SNOW 0
LIGHT SNOW 3 SLEET 0
FOG 44 FOG W/VIS <= 1/4 MILE 0
HAZE 15
- INDICATES NEGATIVE NUMBERS.
R INDICATES RECORD WAS SET OR TIED.
MM INDICATES DATA IS MISSING.
T INDICATES TRACE AMOUNT.
$$