000
CXUS52 KMHX 010958
CF6EWN
PRELIMINARY LOCAL CLIMATOLOGICAL DATA (WS FORM: F-6)
STATION: NEW BERN NC
MONTH: APRIL
YEAR: 2023
LATITUDE: 35 4 N
LONGITUDE: 77 3 W
TEMPERATURE IN F: :PCPN: SNOW: WIND :SUNSHINE: SKY :PK WND
================================================================================
1 2 3 4 5 6A 6B 7 8 9 10 11 12 13 14 15 16 17 18
12Z AVG MX 2MIN
DY MAX MIN AVG DEP HDD CDD WTR SNW DPTH SPD SPD DIR MIN PSBL S-S WX SPD DR
================================================================================
1 80 66 73 15 0 8 T 0.0 0 16.7 29 210 M M 3 41 250
2 70 47 59 1 6 0 0.00 0.0 0 8.2 20 350 M M 0 26 350
3 75 43 59 1 6 0 0.01 0.0 0 5.1 16 150 M M 3 27 180
4 80 62 71 13 0 6 T 0.0 0 3.8 9 190 M M 6 13 180
5 86 58 72 13 0 7 0.00 0.0 0 6.2 15 180 M M 4 12 24 170
6 86 65 76 17 0 11 0.00 0.0 0 8.1 18 200 M M 2 1 24 200
7 71 50 61 2 4 0 0.04 0.0 0 9.9 24 30 M M 8 1 31 40
8 50 45 48 -12 17 0 2.46 0.0 0 18.0 29 40 M M 10 1 40 50
9 61 45 53 -7 12 0 0.26 0.0 0 17.3 31 40 M M 5 1 41 40
10 64 41 53 -7 12 0 0.00 0.0 0 9.9 20 50 M M 0 24 30
11 73 38 56 -4 9 0 0.00 0.0 0 3.7 12 180 M M 0 12 14 170
12 82 46 64 3 1 0 0.00 0.0 0 6.8 14 240 M M 0 19 260
13 82 51 67 6 0 2 0.00 0.0 0 6.8 17 180 M M 0 24 170
14 76 53 65 4 0 0 0.43 0.0 0 5.4 18 170 M M 4 13 25 180
15 82 61 72 10 0 7 0.00 0.0 0 5.6 15 210 M M 6 12 19 280
16 83 58 71 9 0 6 0.00 0.0 0 8.6 25 190 M M 2 34 180
17 74 53 64 2 1 0 0.00 0.0 0 8.2 20 240 M M 2 27 260
18 79 46 63 1 2 0 0.00 0.0 0 7.0 18 320 M M 0 24 300
19 85 54 70 7 0 5 0.00 0.0 0 4.6 14 150 M M 0 17 150
20 89 55 72 9 0 7 0.00 0.0 0 5.3 17 170 M M 0 8 22 170
21 82 53 68 5 0 3 0.00 0.0 0 4.6 15 170 M M 4 8 20 150
22 77 55 66 2 0 1 0.46 0.0 0 8.6 24 160 M M 5 38 31 160
23 75 52 64 0 1 0 0.00 0.0 0 4.6 12 250 M M 1 8 15 290
24 62 50 56 -8 9 0 T 0.0 0 5.2 14 320 M M 7 19 10
25 69 42 56 -8 9 0 0.00 0.0 0 5.7 13 100 M M 2 12 19 100
26 72 54 63 -2 2 0 0.78 0.0 0 7.5 16 110 M M 6 1 22 100
27 71 59 65 0 0 0 0.02 0.0 0 7.9 17 60 M M 9 1 22 60
28 80 63 72 7 0 7 0.87 0.0 0 6.0 21 170 M M 7 123 27 170
29 81 64 73 8 0 8 0.04 0.0 0 5.1 13 180 M M 4 1 16 160
30 78 61 70 4 0 5 0.83 0.0 0 10.3 33 260 M M 6 13 44 250
================================================================================
SM 2275 1590 91 83 6.20 0.0 230.7 M 106
================================================================================
AV 75.8 53.0 7.7 FASTST M M 4 MAX(MPH)
MISC ----> 33 260 44 250
================================================================================
NOTES:
# LAST OF SEVERAL OCCURRENCES
COLUMN 17 PEAK WIND IN M.P.H.
PRELIMINARY LOCAL CLIMATOLOGICAL DATA (WS FORM: F-6) , PAGE 2
STATION: NEW BERN NC
MONTH: APRIL
YEAR: 2023
LATITUDE: 35 4 N
LONGITUDE: 77 3 W
[TEMPERATURE DATA] [PRECIPITATION DATA] SYMBOLS USED IN COLUMN 16
AVERAGE MONTHLY: 64.4 TOTAL FOR MONTH: 6.20 1 = FOG OR MIST
DPTR FM NORMAL: 2.6 DPTR FM NORMAL: 3.02 2 = FOG REDUCING VISIBILITY
HIGHEST: 89 ON 20 GRTST 24HR 2.48 ON 8- 9 TO 1/4 MILE OR LESS
LOWEST: 38 ON 11 3 = THUNDER
SNOW, ICE PELLETS, HAIL 4 = ICE PELLETS
TOTAL MONTH: 0.0 INCH 5 = HAIL
GRTST 24HR 0.0 6 = FREEZING RAIN OR DRIZZLE
GRTST DEPTH: 0 7 = DUSTSTORM OR SANDSTORM:
VSBY 1/2 MILE OR LESS
8 = SMOKE OR HAZE
[NO. OF DAYS WITH] [WEATHER - DAYS WITH] 9 = BLOWING SNOW
X = TORNADO
MAX 32 OR BELOW: 0 0.01 INCH OR MORE: 11
MAX 90 OR ABOVE: 0 0.10 INCH OR MORE: 7
MIN 32 OR BELOW: 0 0.50 INCH OR MORE: 4
MIN 0 OR BELOW: 0 1.00 INCH OR MORE: 1
[HDD (BASE 65) ]
TOTAL THIS MO. 91 CLEAR (SCALE 0-3) 15
DPTR FM NORMAL -63 PTCLDY (SCALE 4-7) 13
TOTAL FM JUL 1 2046 CLOUDY (SCALE 8-10) 2
DPTR FM NORMAL -619
[CDD (BASE 65) ]
TOTAL THIS MO. 83
DPTR FM NORMAL 27 [PRESSURE DATA]
TOTAL FM JAN 1 135 HIGHEST SLP 30.44 ON 10
DPTR FM NORMAL 60 LOWEST SLP 29.22 ON 30
[REMARKS]
#FINAL-04-23#