000
CXAK56 PAFG 010950
CF6FAI
PRELIMINARY LOCAL CLIMATOLOGICAL DATA (WS FORM: F-6)
STATION: FAIRBANKS AK
MONTH: JUNE
YEAR: 2022
LATITUDE: 64 49 N
LONGITUDE: 147 52 W
TEMPERATURE IN F: :PCPN: SNOW: WIND :SUNSHINE: SKY :PK WND
================================================================================
1 2 3 4 5 6A 6B 7 8 9 10 11 12 13 14 15 16 17 18
12Z AVG MX 2MIN
DY MAX MIN AVG DEP HDD CDD WTR SNW DPTH SPD SPD DIR MIN PSBL S-S WX SPD DR
================================================================================
1 78 49 64 8 1 0 0.00 0.0 0 5.2 16 310 M M 8 20 300
2 76 53 65 8 0 0 0.00 0.0 0 5.4 15 330 M M 7 20 320
3 77 49 63 6 2 0 0.00 0.0 0 5.5 16 60 M M 6 21 60
4 78 59 69 11 0 4 0.00 0.0 0 10.8 20 50 M M 7 25 30
5 74 53 64 6 1 0 0.00 0.0 0 11.8 18 50 M M 3 23 20
6 78 53 66 8 0 1 0.00 0.0 0 10.0 18 30 M M 3 22 40
7 75 55 65 6 0 0 0.00 0.0 0 11.5 20 30 M M 2 24 30
8 65 48 57 -2 8 0 0.00 0.0 0 14.4 23 30 M M 3 30 30
9 63 43 53 -6 12 0 0.00 0.0 0 7.1 17 20 M M 5 22 10
10 58 47 53 -7 12 0 T 0.0 0 6.9 13 350 M M 8 16 360
11 70 42 56 -4 9 0 T 0.0 0 3.0 12 320 M M 7 15 320
12 69 45 57 -3 8 0 0.00 0.0 0 1.9 7 60 M M 9 18 8 40
13 76 45 61 0 4 0 0.00 0.0 0 3.4 9 100 M M 6 8 12 70
14 72 51 62 1 3 0 0.00 0.0 0 4.8 15 260 M M 7 8 18 260
15 73 50 62 1 3 0 0.00 0.0 0 4.8 17 360 M M 7 8 21 360
16 72 51 62 0 3 0 T 0.0 0 4.0 14 20 M M 8 16 20
17 77 50 64 2 1 0 0.00 0.0 0 4.0 21 170 M M 5 26 160
18 72 52 62 0 3 0 0.00 0.0 0 4.8 14 250 M M 7 8 18 270
19 72 52 62 0 3 0 0.35 0.0 0 3.1 16 10 M M 8 38 22 200
20 73 54 64 1 1 0 0.18 0.0 0 4.1 15 300 M M 8 13 20 300
21 80 51 66 3 0 1 0.00 0.0 0 6.0 17 290 M M 7 12 24 300
22 78 54 66 3 0 1 0.00 0.0 0 4.4 15 280 M M 7 8 19 290
23 70 54 62 -1 3 0 T 0.0 0 4.9 17 280 M M 8 18 21 280
24 76 50 63 0 2 0 0.00 0.0 0 3.5 9 360 M M 8 8 12 180
25 80 52 66 2 0 1 0.00 0.0 0 1.7 7 30 M M 8 8 8 40
26 82 54 68 4 0 3 0.00 0.0 0 3.7 12 250 M M 6 8 15 250
27 80 53 67 3 0 2 0.00 0.0 0 3.7 15 260 M M 7 8 18 260
28 76 54 65 1 0 0 0.00 0.0 0 4.5 13 280 M M 9 8 15 280
29 78 54 66 2 0 1 0.00 0.0 0 3.6 12 310 M M 7 8 17 310
30 80 52 66 2 0 1 0.00 0.0 0 1.7 8 140 M M 7 8 9 140
================================================================================
SM 2228 1529 79 15 0.53 0.0 164.2 M 198
================================================================================
AV 74.3 51.0 5.5 FASTST M M 7 MAX(MPH)
MISC ----> 23 30 30 30
================================================================================
NOTES:
# LAST OF SEVERAL OCCURRENCES
COLUMN 17 PEAK WIND IN M.P.H.
PRELIMINARY LOCAL CLIMATOLOGICAL DATA (WS FORM: F-6) , PAGE 2
STATION: FAIRBANKS AK
MONTH: JUNE
YEAR: 2022
LATITUDE: 64 49 N
LONGITUDE: 147 52 W
[TEMPERATURE DATA] [PRECIPITATION DATA] SYMBOLS USED IN COLUMN 16
AVERAGE MONTHLY: 62.6 TOTAL FOR MONTH: 0.53 1 = FOG OR MIST
DPTR FM NORMAL: 1.6 DPTR FM NORMAL: -0.95 2 = FOG REDUCING VISIBILITY
HIGHEST: 82 ON 26 GRTST 24HR 0.53 ON 19-20 TO 1/4 MILE OR LESS
LOWEST: 42 ON 11 3 = THUNDER
SNOW, ICE PELLETS, HAIL 4 = ICE PELLETS
TOTAL MONTH: 0.0 INCH 5 = HAIL
GRTST 24HR 0.0 6 = FREEZING RAIN OR DRIZZLE
GRTST DEPTH: 0 7 = DUSTSTORM OR SANDSTORM:
VSBY 1/2 MILE OR LESS
8 = SMOKE OR HAZE
[NO. OF DAYS WITH] [WEATHER - DAYS WITH] 9 = BLOWING SNOW
X = TORNADO
MAX 32 OR BELOW: 0 0.01 INCH OR MORE: 2
MAX 90 OR ABOVE: 0 0.10 INCH OR MORE: 2
MIN 32 OR BELOW: 0 0.50 INCH OR MORE: 0
MIN 0 OR BELOW: 0 1.00 INCH OR MORE: 0
[HDD (BASE 65) ]
TOTAL THIS MO. 79 CLEAR (SCALE 0-3) 4
DPTR FM NORMAL -68 PTCLDY (SCALE 4-7) 24
TOTAL FM JUL 1 13229 CLOUDY (SCALE 8-10) 2
DPTR FM NORMAL -190
[CDD (BASE 65) ]
TOTAL THIS MO. 15
DPTR FM NORMAL -12 [PRESSURE DATA]
TOTAL FM JAN 1 15 HIGHEST SLP M ON M
DPTR FM NORMAL -13 LOWEST SLP 29.47 ON 10
[REMARKS]
#FINAL-06-22#