000
CXAK56 PAFG 011043
CF6FAI
PRELIMINARY LOCAL CLIMATOLOGICAL DATA (WS FORM: F-6)
STATION: FAIRBANKS AK
MONTH: JUNE
YEAR: 2020
LATITUDE: 64 49 N
LONGITUDE: 147 52 W
TEMPERATURE IN F: :PCPN: SNOW: WIND :SUNSHINE: SKY :PK WND
================================================================================
1 2 3 4 5 6A 6B 7 8 9 10 11 12 13 14 15 16 17 18
12Z AVG MX 2MIN
DY MAX MIN AVG DEP HDD CDD WTR SNW DPTH SPD SPD DIR MIN PSBL S-S WX SPD DR
================================================================================
1 71 46 59 3 6 0 0.19 0.0 0 2.8 16 130 M M 8 38 21 130
2 67 47 57 1 8 0 T 0.0 0 5.2 20 40 M M 6 38 25 40
3 61 50 56 0 9 0 0.03 0.0 0 4.4 12 280 M M 8 13 14 280
4 73 45 59 2 6 0 T 0.0 0 3.5 21 280 M M 8 1 25 260
5 72 48 60 3 5 0 T 0.0 0 4.6 17 90 M M 6 21 100
6 71 49 60 2 5 0 T 0.0 0 5.1 22 50 M M 6 26 50
7 74 45 60 2 5 0 0.00 0.0 0 3.6 14 160 M M 5 17 140
8 74 51 63 5 2 0 T 0.0 0 4.2 21 30 M M 8 25 30
9 75 51 63 4 2 0 T 0.0 0 3.5 29 40 M M 7 3 35 50
10 78 45 62 3 3 0 0.00 0.0 0 4.3 20 290 M M 5 25 290
11 74 52 63 3 2 0 T 0.0 0 4.0 13 100 M M 8 17 80
12 75 50 63 3 2 0 0.00 0.0 0 4.6 16 90 M M 7 3 20 80
13 80 54 67 7 0 2 T 0.0 0 3.5 26 100 M M 8 13 37 100
14 67 54 61 1 4 0 0.11 0.0 0 2.7 9 190 M M 7 1 12 190
15 77 52 65 4 0 0 0.09 0.0 0 4.0 26 60 M M 7 3 37 50
16 77 55 66 5 0 1 0.00 0.0 0 2.7 12 250 M M 7 16 290
17 76 53 65 4 0 0 T 0.0 0 4.5 14 260 M M 6 19 210
18 77 57 67 5 0 2 0.07 0.0 0 4.2 15 110 M M 7 1 20 100
19 63 54 59 -3 6 0 0.47 0.0 0 3.7 10 240 M M 9 1 15 250
20 74 52 63 1 2 0 0.54 0.0 0 4.5 26 30 M M 8 13 30 30
21 59 51 55 -7 10 0 1.13 0.0 0 6.1 15 250 M M 10 1 21 240
22 53 51 52 -10 13 0 0.03 0.0 0 6.6 15 250 M M 10 1 22 250
23 61 51 56 -7 9 0 0.02 0.0 0 6.8 14 250 M M 10 1 20 230
24 64 49 57 -6 8 0 0.15 0.0 0 4.7 14 110 M M 9 19 160
25 69 45 57 -6 8 0 0.00 0.0 0 3.9 14 360 M M 6 16 360
26 68 47 58 -5 7 0 0.02 0.0 0 5.4 15 240 M M 7 3 21 180
27 71 49 60 -3 5 0 0.00 0.0 0 4.6 9 50 M M 6 11 190
28 67 52 60 -3 5 0 0.04 0.0 0 5.3 17 120 M M 9 1 23 250
29 65 48 57 -7 8 0 0.03 0.0 0 5.3 16 270 M M 8 1 21 260
30 57 45 51 -13 14 0 0.17 0.0 0 4.4 23 270 M M 7 1 28 270
================================================================================
SM 2090 1498 154 5 3.09 0.0 132.7 M 223
================================================================================
AV 69.7 49.9 4.4 FASTST M M 7 MAX(MPH)
MISC ----> # 29 40 # 37 100
================================================================================
NOTES:
# LAST OF SEVERAL OCCURRENCES
COLUMN 17 PEAK WIND IN M.P.H.
PRELIMINARY LOCAL CLIMATOLOGICAL DATA (WS FORM: F-6) , PAGE 2
STATION: FAIRBANKS AK
MONTH: JUNE
YEAR: 2020
LATITUDE: 64 49 N
LONGITUDE: 147 52 W
[TEMPERATURE DATA] [PRECIPITATION DATA] SYMBOLS USED IN COLUMN 16
AVERAGE MONTHLY: 59.8 TOTAL FOR MONTH: 3.09 1 = FOG OR MIST
DPTR FM NORMAL: -0.6 DPTR FM NORMAL: 1.72 2 = FOG REDUCING VISIBILITY
HIGHEST: 80 ON 13 GRTST 24HR 1.13 ON 21-21 TO 1/4 MILE OR LESS
LOWEST: 45 ON 30,25 3 = THUNDER
SNOW, ICE PELLETS, HAIL 4 = ICE PELLETS
TOTAL MONTH: 0.0 INCH 5 = HAIL
GRTST 24HR 0.0 6 = FREEZING RAIN OR DRIZZLE
GRTST DEPTH: 0 7 = DUSTSTORM OR SANDSTORM:
VSBY 1/2 MILE OR LESS
8 = SMOKE OR HAZE
[NO. OF DAYS WITH] [WEATHER - DAYS WITH] 9 = BLOWING SNOW
X = TORNADO
MAX 32 OR BELOW: 0 0.01 INCH OR MORE: 15
MAX 90 OR ABOVE: 0 0.10 INCH OR MORE: 7
MIN 32 OR BELOW: 0 0.50 INCH OR MORE: 2
MIN 0 OR BELOW: 0 1.00 INCH OR MORE: 1
[HDD (BASE 65) ]
TOTAL THIS MO. 154 CLEAR (SCALE 0-3) 0
DPTR FM NORMAL -6 PTCLDY (SCALE 4-7) 23
TOTAL FM JUL 1 13547 CLOUDY (SCALE 8-10) 7
DPTR FM NORMAL -122
[CDD (BASE 65) ]
TOTAL THIS MO. 5
DPTR FM NORMAL -18 [PRESSURE DATA]
TOTAL FM JAN 1 7 HIGHEST SLP M ON M
DPTR FM NORMAL -17 LOWEST SLP 29.47 ON 1
[REMARKS]
#FINAL-06-20#