000
CXUS54 KOUN 010810
CF6FDR
PRELIMINARY LOCAL CLIMATOLOGICAL DATA (WS FORM: F-6)
STATION: FREDERICK MUNICIPAL
MONTH: AUGUST
YEAR: 2023
LATITUDE: 34 21 N
LONGITUDE: 98 59 W
TEMPERATURE IN F: :PCPN: SNOW: WIND :SUNSHINE: SKY :PK WND
================================================================================
1 2 3 4 5 6A 6B 7 8 9 10 11 12 13 14 15 16 17 18
12Z AVG MX 2MIN
DY MAX MIN AVG DEP HDD CDD WTR SNW DPTH SPD SPD DIR MIN PSBL S-S WX SPD DR
================================================================================
1 109 75 92 6 0 27 0.00 M M 11.6 22 160 M M 0 27 190
2 108 79 94 8 0 29 0.00 M M 12.2 24 180 M M 1 28 180
3 109 81 95 9 0 30 0.00 M M 13.2 23 220 M M 0 8 29 210
4 109 80 95 9 0 30 0.00 M M 10.5 17 150 M M 0 23 230
5 103 80 92 6 0 27 0.00 M M 14.2 28 110 M M 0 35 80
6 107 77 92 6 0 27 T M M 14.1 28 80 M M 0 3 34 80
7 98 77 88 2 0 23 0.00 M M 14.8 26 60 M M 0 35 60
8 101 73 87 1 0 22 0.00 M M 15.6 29 10 M M 0 35 20
9 108 76 92 6 0 27 M M M 14.3 33 330 M M 0 3 40 320
10 103 72 88 2 0 23 0.00 M M 8.2 23 130 M M 0 28 130
11 113 75 94 8 0 29 T M M 13.8 35 330 M M 0 3 43 340
12 113 75 94 9 0 29 0.28 M M 17.5 36 350 M M 1 3 44 350
13 109 75 92 7 0 27 0.00 M M 13.4 29 20 M M 0 34 10
14 92 71 82 -3 0 17 0.00 0.0 M 13.5 25 40 M M 1 31 360
15 97 68 83 -2 0 18 0.00 0.0 M 7.4 14 30 M M 0 17 340
16 103 65 84 -1 0 19 0.00 0.0 M 10.1 18 160 M M 0 25 180
17 114 70 92 8 0 27 T M M 10.8 22 60 M M 0 27 60
18 112 73 93 9 0 28 0.00 M M 8.6 18 60 M M 0 8 22 170
19 111 74 93 9 0 28 0.00 M M 9.1 17 140 M M 0 23 170
20 110 75 93 9 0 28 0.00 M M 7.1 20 130 M M 0 25 130
21 109 77 93 9 0 28 0.00 M M 11.3 25 90 M M 0 8 33 110
22 107 78 93 9 0 28 0.00 M M 10.5 23 100 M M 0 35 90
23 104 77 91 8 0 26 0.00 M M 9.0 18 160 M M 1 23 150
24 106 77 92 9 0 27 0.00 M M 7.5 18 210 M M 1 27 220
25 108 78 93 10 0 28 0.00 M M 6.8 15 210 M M 1 21 190
26 109 77 93 10 0 28 0.00 M M 11.3 23 10 M M 0 3 33 350
27 98 77 88 6 0 23 0.00 M M 12.1 21 10 M M 1 28 10
28 98 69 84 2 0 19 0.00 M M 9.7 20 360 M M 0 25 40
29 97 65 81 -1 0 16 0.00 M M 8.1 17 10 M M 0 24 20
30 100 68 84 2 0 19 0.00 M M 8.0 16 10 M M 0 22 10
31 101 66 84 3 0 19 0.00 M M 7.4 14 70 M M 0 19 90
================================================================================
SM 3266 2300 0 776 0.28 0.0 341.7 M 7
================================================================================
AV105.4 74.2 11.0 FASTST M M 0 MAX(MPH)
MISC ----> 36 350 44 350
================================================================================
NOTES:
# LAST OF SEVERAL OCCURRENCES
COLUMN 17 PEAK WIND IN M.P.H.
PRELIMINARY LOCAL CLIMATOLOGICAL DATA (WS FORM: F-6) , PAGE 2
STATION: FREDERICK MUNICIPAL
MONTH: AUGUST
YEAR: 2023
LATITUDE: 34 21 N
LONGITUDE: 98 59 W
[TEMPERATURE DATA] [PRECIPITATION DATA] SYMBOLS USED IN COLUMN 16
AVERAGE MONTHLY: 89.8 TOTAL FOR MONTH: 0.28 1 = FOG OR MIST
DPTR FM NORMAL: 5.5 DPTR FM NORMAL: M 2 = FOG REDUCING VISIBILITY
HIGHEST: 114 ON 17 GRTST 24HR 0.28 ON 12-13 TO 1/4 MILE OR LESS
LOWEST: 65 ON 29,16 3 = THUNDER
SNOW, ICE PELLETS, HAIL 4 = ICE PELLETS
TOTAL MONTH: 0.0 INCH 5 = HAIL
GRTST 24HR 0.0 6 = FREEZING RAIN OR DRIZZLE
GRTST DEPTH: M ON M 7 = DUSTSTORM OR SANDSTORM:
VSBY 1/2 MILE OR LESS
8 = SMOKE OR HAZE
[NO. OF DAYS WITH] [WEATHER - DAYS WITH] 9 = BLOWING SNOW
X = TORNADO
MAX 32 OR BELOW: 0 0.01 INCH OR MORE: 1
MAX 90 OR ABOVE: 31 0.10 INCH OR MORE: 1
MIN 32 OR BELOW: 0 0.50 INCH OR MORE: 0
MIN 0 OR BELOW: 0 1.00 INCH OR MORE: 0
[HDD (BASE 65) ]
TOTAL THIS MO. 0 CLEAR (SCALE 0-3) 31
DPTR FM NORMAL 0 PTCLDY (SCALE 4-7) 0
TOTAL FM JUL 1 0 CLOUDY (SCALE 8-10) 0
DPTR FM NORMAL 0
[CDD (BASE 65) ]
TOTAL THIS MO. 776
DPTR FM NORMAL 176 [PRESSURE DATA]
TOTAL FM JAN 1 2192 HIGHEST SLP M ON M
DPTR FM NORMAL 148 LOWEST SLP 28.40 ON 12
[REMARKS]
#FINAL-08-23#