000
CXUS56 KFGZ 152035
CF6FLG
PRELIMINARY LOCAL CLIMATOLOGICAL DATA (WS FORM: F-6)
STATION: FLAGSTAFF AZ AIRPORT
MONTH: OCTOBER
YEAR: 2022
LATITUDE: 35 7 N
LONGITUDE: 111 40 W
TEMPERATURE IN F: :PCPN: SNOW: WIND :SUNSHINE: SKY :PK WND
================================================================================
1 2 3 4 5 6A 6B 7 8 9 10 11 12 13 14 15 16 17 18
12Z AVG MX 2MIN
DY MAX MIN AVG DEP HDD CDD WTR SNW DPTH SPD SPD DIR MIN PSBL S-S WX SPD DR
================================================================================
1 73 43 58 5 7 0 0.00 0.0 0 3.6 17 200 M M 1 23 220
2 71 42 57 5 8 0 0.00 0.0 0 2.5 13 220 M M 2 3 20 100
3 61 46 54 2 11 0 0.63 0.0 0 5.2 18 60 M M 8 13 25 50
4 67 40 54 2 11 0 0.00 0.0 0 4.9 16 30 M M 2 22 60
5 69 35 52 1 13 0 0.00 0.0 0 4.3 15 70 M M 2 21 70
6 63 39 51 0 14 0 0.01 0.0 0 7.3 20 50 M M 4 25 40
7 65 42 54 3 11 0 0.00 0.0 0 6.4 15 40 M M 1 24 70
8 62 43 53 3 12 0 0.03 0.0 0 6.7 18 70 M M M 24 70
9 64 40 52 2 13 0 0.00 0.0 0 3.9 15 50 M M 3 1 19 60
10 66 36 51 1 14 0 0.00 0.0 0 2.8 17 80 M M 0 24 80
11 69 36 53 4 12 0 0.00 0.0 0 2.7 17 40 M M 2 3 22 40
12 73 37 55 6 10 0 0.00 0.0 0 2.1 12 60 M M 0 16 350
13 73 31 52 4 13 0 0.00 0.0 0 1.8 14 60 M M 0 8 18 70
14 73 30 52 4 13 0 0.00 0.0 0 2.0 14 200 M M 0 17 220
15 68 35 52 4 13 0 0.28 0.0 0 4.0 15 200 M M 5 13 22 180
16 55 41 48 1 17 0 0.25 0.0 0 5.6 15 50 M M 9 1 22 40
17 55 40 48 1 17 0 0.00 0.0 0 10.9 21 80 M M 7 28 70
18 61 39 50 3 15 0 0.00 0.0 0 9.5 21 50 M M 0 28 60
19 63 35 49 3 16 0 0.00 0.0 0 6.7 20 70 M M 0 25 70
20 68 30 49 3 16 0 0.00 0.0 0 2.2 15 220 M M 0 18 220
21 65 34 50 4 15 0 0.00 0.0 0 6.4 23 230 M M 0 30 210
22 62 38 50 4 15 0 T 0.0 0 18.2 36 210 M M 4 48 220
23 50 29 40 -5 25 0 0.24 0.0 0 16.6 47 230 M M 9 13 61 220
24 49 20 35 -10 30 0 0.00 0.0 0 4.7 22 50 M M 0 8 28 60
25 62 21 42 -3 23 0 0.00 0.0 0 2.0 15 240 M M 0 8 19 250
26 56 27 42 -2 23 0 0.00 0.0 0 8.5 23 220 M M 0 8 28 230
27 52 27 40 -4 25 0 0.00 0.0 0 6.5 21 60 M M 0 26 40
28 55 23 39 -5 26 0 0.00 0.0 0 4.7 13 80 M M 0 17 60
29 60 22 41 -2 24 0 0.00 0.0 0 1.7 13 60 M M 0 8 15 110
30 58 23 41 -2 24 0 0.00 0.0 0 2.8 15 90 M M 0 8 19 60
31 61 24 43 0 22 0 0.00 0.0 0 2.7 10 10 M M 0 14 100
================================================================================
SM 1949 1048 508 0 1.44 0.0 169.9 M 59
================================================================================
AV 62.9 33.8 5.5 FASTST M M 2 MAX(MPH)
MISC ----> 47 230 61 220
================================================================================
NOTES:
# LAST OF SEVERAL OCCURRENCES
COLUMN 17 PEAK WIND IN M.P.H.
PRELIMINARY LOCAL CLIMATOLOGICAL DATA (WS FORM: F-6) , PAGE 2
STATION: FLAGSTAFF AZ AIRPORT
MONTH: OCTOBER
YEAR: 2022
LATITUDE: 35 7 N
LONGITUDE: 111 40 W
[TEMPERATURE DATA] [PRECIPITATION DATA] SYMBOLS USED IN COLUMN 16
AVERAGE MONTHLY: 48.3 TOTAL FOR MONTH: 1.44 1 = FOG OR MIST
DPTR FM NORMAL: 0.7 DPTR FM NORMAL: -0.08 2 = FOG REDUCING VISIBILITY
HIGHEST: 73 ON 14,13 GRTST 24HR 0.63 ON 3- 3 TO 1/4 MILE OR LESS
LOWEST: 20 ON 24 3 = THUNDER
SNOW, ICE PELLETS, HAIL 4 = ICE PELLETS
TOTAL MONTH: 0.0 INCH 5 = HAIL
GRTST 24HR 0.0 6 = FREEZING RAIN OR DRIZZLE
GRTST DEPTH: 0 7 = DUSTSTORM OR SANDSTORM:
VSBY 1/2 MILE OR LESS
8 = SMOKE OR HAZE
[NO. OF DAYS WITH] [WEATHER - DAYS WITH] 9 = BLOWING SNOW
X = TORNADO
MAX 32 OR BELOW: 0 0.01 INCH OR MORE: 6
MAX 90 OR ABOVE: 0 0.10 INCH OR MORE: 4
MIN 32 OR BELOW: 12 0.50 INCH OR MORE: 1
MIN 0 OR BELOW: 0 1.00 INCH OR MORE: 0
[HDD (BASE 65) ]
TOTAL THIS MO. 508 CLEAR (SCALE 0-3) 23
DPTR FM NORMAL -33 PTCLDY (SCALE 4-7) 5
TOTAL FM JUL 1 653 CLOUDY (SCALE 8-10) 3
DPTR FM NORMAL -160
[CDD (BASE 65) ]
TOTAL THIS MO. 0
DPTR FM NORMAL 0 [PRESSURE DATA]
TOTAL FM JAN 1 219 HIGHEST SLP 30.36 ON 28
DPTR FM NORMAL 73 LOWEST SLP 29.42 ON 23
[REMARKS]
#FINAL-10-22#