000
CXUS56 KFGZ 010900
CF6FLG
PRELIMINARY LOCAL CLIMATOLOGICAL DATA (WS FORM: F-6)
STATION: FLAGSTAFF AZ AIRPORT
MONTH: APRIL
YEAR: 2020
LATITUDE: 35 7 N
LONGITUDE: 111 40 W
TEMPERATURE IN F: :PCPN: SNOW: WIND :SUNSHINE: SKY :PK WND
================================================================================
1 2 3 4 5 6A 6B 7 8 9 10 11 12 13 14 15 16 17 18
12Z AVG MX 2MIN
DY MAX MIN AVG DEP HDD CDD WTR SNW DPTH SPD SPD DIR MIN PSBL S-S WX SPD DR
================================================================================
1 59 31 45 5 20 0 0.00 0.0 0 13.1 30 230 M M 0 36 220
2 58 30 44 4 21 0 0.00 0.0 0 18.3 35 230 M M 0 45 220
3 56 22 39 -1 26 0 0.00 0.0 0 6.9 24 220 M M 1 31 210
4 56 26 41 1 24 0 0.00 0.0 0 10.9 28 220 M M 0 36 210
5 56 27 42 1 23 0 0.00 0.0 0 12.0 29 220 M M 0 37 230
6 55 30 43 2 22 0 0.00 0.0 0 13.6 31 220 M M 0 40 220
7 56 23 40 -1 25 0 0.00 0.0 0 5.7 23 230 M M 0 28 230
8 58 26 42 1 23 0 0.20 0.0 0 9.7 23 200 M M 5 1 36 210
9 48 26 37 -5 28 0 0.03 0.2 T 7.4 23 230 M M 4 1 30 230
10 51 22 37 -5 28 0 0.00 0.0 0 3.8 21 220 M M 0 27 200
11 50 25 38 -4 27 0 0.03 T 0 5.7 22 210 M M 6 25 210
12 48 33 41 -1 24 0 0.37 0.0 0 12.5 28 210 M M 10 13 34 220
13 48 26 37 -6 28 0 0.16 T 0 5.2 18 240 M M 7 13 30 220
14 50 23 37 -6 28 0 0.00 0.0 0 6.3 17 60 M M 1 24 60
15 57 16 37 -6 28 0 0.00 0.0 0 6.4 22 210 M M 0 28 210
16 60 25 43 0 22 0 0.00 0.0 0 10.7 30 230 M M 0 40 210
17 59 25 42 -2 23 0 0.00 0.0 0 7.2 23 220 M M 0 32 230
18 52 32 42 -2 23 0 0.04 M 0 8.2 20 230 M M 7 27 230
19 57 27 42 -2 23 0 0.00 0.0 0 5.8 24 220 M M 2 29 220
20 61 30 46 2 19 0 0.00 0.0 0 7.7 22 210 M M 2 29 210
21 57 27 42 -3 23 0 T 0.0 0 5.7 21 220 M M 3 26 210
22 64 29 47 2 18 0 0.00 0.0 0 4.8 18 40 M M 1 27 40
23 69 32 51 6 14 0 0.00 0.0 0 6.5 22 230 M M 0 32 250
24 71 36 54 8 11 0 0.00 0.0 0 4.5 17 260 M M 0 24 270
25 71 33 52 6 13 0 0.00 0.0 0 5.6 16 210 M M 0 24 60
26 76 38 57 11 8 0 0.00 0.0 0 7.8 28 220 M M 0 36 220
27 73 37 55 9 10 0 0.00 0.0 0 7.3 26 210 M M 0 34 200
28 79 40 60 13 5 0 0.00 0.0 0 3.6 13 270 M M 0 21 270
29 79 36 58 11 7 0 0.00 0.0 0 5.2 21 220 M M 0 29 210
30 75 45 60 13 5 0 0.00 0.0 0 6.7 28 220 M M 0 34 230
================================================================================
SM 1809 878 599 0 0.83 0.2 234.8 M 49
================================================================================
AV 60.3 29.3 7.8 FASTST M M 2 MAX(MPH)
MISC ----> # 35 230 # 45 220
================================================================================
NOTES:
# LAST OF SEVERAL OCCURRENCES
COLUMN 17 PEAK WIND IN M.P.H.
PRELIMINARY LOCAL CLIMATOLOGICAL DATA (WS FORM: F-6) , PAGE 2
STATION: FLAGSTAFF AZ AIRPORT
MONTH: APRIL
YEAR: 2020
LATITUDE: 35 7 N
LONGITUDE: 111 40 W
[TEMPERATURE DATA] [PRECIPITATION DATA] SYMBOLS USED IN COLUMN 16
AVERAGE MONTHLY: 44.8 TOTAL FOR MONTH: 0.83 1 = FOG OR MIST
DPTR FM NORMAL: 1.5 DPTR FM NORMAL: -0.32 2 = FOG REDUCING VISIBILITY
HIGHEST: 79 ON 29,28 GRTST 24HR 0.37 ON 12-12 TO 1/4 MILE OR LESS
LOWEST: 16 ON 15 3 = THUNDER
SNOW, ICE PELLETS, HAIL 4 = ICE PELLETS
TOTAL MONTH: 0.2 INCH 5 = HAIL
GRTST 24HR 0.2 ON 9- 9 6 = FREEZING RAIN OR DRIZZLE
GRTST DEPTH: T 7 = DUSTSTORM OR SANDSTORM:
VSBY 1/2 MILE OR LESS
8 = SMOKE OR HAZE
[NO. OF DAYS WITH] [WEATHER - DAYS WITH] 9 = BLOWING SNOW
X = TORNADO
MAX 32 OR BELOW: 0 0.01 INCH OR MORE: 6
MAX 90 OR ABOVE: 0 0.10 INCH OR MORE: 3
MIN 32 OR BELOW: 22 0.50 INCH OR MORE: 0
MIN 0 OR BELOW: 0 1.00 INCH OR MORE: 0
[HDD (BASE 65) ]
TOTAL THIS MO. 599 CLEAR (SCALE 0-3) 24
DPTR FM NORMAL -50 PTCLDY (SCALE 4-7) 5
TOTAL FM JUL 1 6137 CLOUDY (SCALE 8-10) 1
DPTR FM NORMAL -219
[CDD (BASE 65) ]
TOTAL THIS MO. 0
DPTR FM NORMAL 0 [PRESSURE DATA]
TOTAL FM JAN 1 0 HIGHEST SLP M ON M
DPTR FM NORMAL 0 LOWEST SLP 29.66 ON 2
[REMARKS]
#FINAL-04-20#