000
CXUS52 KILM 011000
CF6FLO
PRELIMINARY LOCAL CLIMATOLOGICAL DATA (WS FORM: F-6)
STATION: FLORENCE SOUTH CAROLINA
MONTH: AUGUST
YEAR: 2020
LATITUDE: 34 10 N
LONGITUDE: 79 43 W
TEMPERATURE IN F: :PCPN: SNOW: WIND :SUNSHINE: SKY :PK WND
================================================================================
1 2 3 4 5 6A 6B 7 8 9 10 11 12 13 14 15 16 17 18
12Z AVG MX 2MIN
DY MAX MIN AVG DEP HDD CDD WTR SNW DPTH SPD SPD DIR MIN PSBL S-S WX SPD DR
================================================================================
1 92 75 84 3 0 19 0.34 M M 7.3 32 220 M M 2 138 43 230
2 93 76 85 4 0 20 0.00 M M 6.9 15 160 M M 2 1 18 150
3 85 72 79 -2 0 14 1.58 M M 8.1 25 140 M M 5 123 30 340
4 89 71 80 -1 0 15 0.00 M M 6.0 16 260 M M 4 21 260
5 87 74 81 0 0 16 0.21 M M 5.1 15 140 M M 4 123 17 140
6 85 74 80 -1 0 15 T M M 4.7 21 140 M M 3 123 26 130
7 91 73 82 1 0 17 0.10 M M 5.4 21 310 M M 4 13 25 320
8 90 71 81 0 0 16 0.00 M M 3.1 8 190 M M 3 10 250
9 93 73 83 2 0 18 0.10 M M 4.2 13 110 M M 1 13 18 220
10 93 72 83 2 0 18 0.01 M M 5.1 16 60 M M 2 13 19 100
11 88 71 80 0 0 15 0.00 M M 4.6 10 170 M M 4 1 13 170
12 91 74 83 3 0 18 0.00 M M 4.6 12 170 M M 2 1 16 190
13 89 73 81 1 0 16 0.68 M M 3.3 24 100 M M 3 138 28 100
14 88 73 81 1 0 16 0.00 M M 4.2 10 210 M M 6 1 14 220
15 88 74 81 1 0 16 0.06 M M 5.4 13 250 M M 6 13 16 250
16 79 69 74 -6 0 9 0.00 M M 5.4 13 340 M M 6 1 16 330
17 88 66 77 -3 0 12 0.18 M M 3.3 15 20 M M 2 1 18 10
18 88 72 80 0 0 15 0.02 M M 3.1 12 190 M M 3 123 15 190
19 88 70 79 -1 0 14 0.78 M M 4.2 18 40 M M 4 13 24 270
20 88 70 79 -1 0 14 0.00 M M 5.4 22 120 M M 4 1 28 120
21 87 71 79 -1 0 14 T M M 5.9 16 150 M M 3 20 160
22 83 72 78 -2 0 13 T M M 4.8 10 220 M M 1 12 220
23 83 73 78 -1 0 13 T M M 2.9 14 150 M M 4 17 270
24 87 73 80 1 0 15 1.15 M M 3.4 18 60 M M 4 1 24 60
25 87 74 81 2 0 16 T M M 5.0 13 260 M M 2 15 270
26 93 76 85 6 0 20 0.00 M M 5.4 13 40 M M 1 18 40
27 93 72 83 4 0 18 0.00 M M 4.8 13 240 M M 0 1 18 270
28 91 77 84 5 0 19 0.00 M M 8.5 16 160 M M 2 19 160
29 91 78 85 6 0 20 0.00 M M 11.6 24 250 M M 3 32 250
30 92 75 84 6 0 19 0.00 M M 4.5 12 60 M M 1 14 60
31 93 75 84 6 0 19 0.19 M M 5.1 14 150 M M 7 123 17 170
================================================================================
SM 2753 2259 0 499 5.40 M 161.3 M 98
================================================================================
AV 88.8 72.9 5.2 FASTST M M 3 MAX(MPH)
MISC ----> 32 220 43 230
================================================================================
NOTES:
# LAST OF SEVERAL OCCURRENCES
COLUMN 17 PEAK WIND IN M.P.H.
PRELIMINARY LOCAL CLIMATOLOGICAL DATA (WS FORM: F-6) , PAGE 2
STATION: FLORENCE SOUTH CAROLINA
MONTH: AUGUST
YEAR: 2020
LATITUDE: 34 10 N
LONGITUDE: 79 43 W
[TEMPERATURE DATA] [PRECIPITATION DATA] SYMBOLS USED IN COLUMN 16
AVERAGE MONTHLY: 80.8 TOTAL FOR MONTH: 5.40 1 = FOG OR MIST
DPTR FM NORMAL: 0.9 DPTR FM NORMAL: 0.16 2 = FOG REDUCING VISIBILITY
HIGHEST: 93 ON 31,27 GRTST 24HR 1.58 ON 3- 3 TO 1/4 MILE OR LESS
LOWEST: 66 ON 17 3 = THUNDER
SNOW, ICE PELLETS, HAIL 4 = ICE PELLETS
TOTAL MONTH: M 5 = HAIL
GRTST 24HR M ON M 6 = FREEZING RAIN OR DRIZZLE
GRTST DEPTH: M ON M 7 = DUSTSTORM OR SANDSTORM:
VSBY 1/2 MILE OR LESS
8 = SMOKE OR HAZE
[NO. OF DAYS WITH] [WEATHER - DAYS WITH] 9 = BLOWING SNOW
X = TORNADO
MAX 32 OR BELOW: 0 0.01 INCH OR MORE: 13
MAX 90 OR ABOVE: 13 0.10 INCH OR MORE: 10
MIN 32 OR BELOW: 0 0.50 INCH OR MORE: 4
MIN 0 OR BELOW: 0 1.00 INCH OR MORE: 2
[HDD (BASE 65) ]
TOTAL THIS MO. 0 CLEAR (SCALE 0-3) 14
DPTR FM NORMAL 0 PTCLDY (SCALE 4-7) 17
TOTAL FM JUL 1 0 CLOUDY (SCALE 8-10) 0
DPTR FM NORMAL 0
[CDD (BASE 65) ]
TOTAL THIS MO. 499
DPTR FM NORMAL 35 [PRESSURE DATA]
TOTAL FM JAN 1 1944 HIGHEST SLP 30.17 ON 24
DPTR FM NORMAL 274 LOWEST SLP 29.73 ON 29
[REMARKS]
#FINAL-08-20#