000
CXUS52 KILM 011000
CF6FLO
PRELIMINARY LOCAL CLIMATOLOGICAL DATA (WS FORM: F-6)
STATION: FLORENCE SOUTH CAROLINA
MONTH: SEPTEMBER
YEAR: 2023
LATITUDE: 34 10 N
LONGITUDE: 79 43 W
TEMPERATURE IN F: :PCPN: SNOW: WIND :SUNSHINE: SKY :PK WND
================================================================================
1 2 3 4 5 6A 6B 7 8 9 10 11 12 13 14 15 16 17 18
12Z AVG MX 2MIN
DY MAX MIN AVG DEP HDD CDD WTR SNW DPTH SPD SPD DIR MIN PSBL S-S WX SPD DR
================================================================================
1 83 63 73 -6 0 8 0.00 M M 7.5 16 30 M M 0 24 30
2 83 62 73 -6 0 8 0.00 M M 3.7 14 20 M M 0 16 60
3 89 59 74 -5 0 9 0.00 M M 3.1 8 230 M M 0 12 160
4 93 65 79 1 0 14 0.00 M M 3.8 10 230 M M 0 15 230
5 95 70 83 5 0 18 0.00 M M 5.4 13 240 M M 0 17 270
6 97 72 85 7 0 20 0.00 M M 3.8 10 270 M M 1 14 310
7 93 70 82 4 0 17 0.00 M M 5.9 14 260 M M 0 19 230
8 90 69 80 2 0 15 0.00 M M 3.7 13 190 M M 1 16 150
9 84 68 76 -1 0 11 0.91 M M 4.6 28 210 M M 5 138 36 220
10 86 71 79 2 0 14 0.05 M M 2.6 10 190 M M 7 1238 12 190
11 89 67 78 1 0 13 0.00 M M 1.3 9 250 M M 1 12 260
12 90 69 80 3 0 15 0.07 M M 3.1 16 100 M M 3 13 19 110
13 88 68 78 2 0 13 0.06 M M 1.9 9 100 M M 4 12 11 280
14 87 70 79 3 0 14 0.00 M M 7.3 16 70 M M 2 1 23 60
15 83 60 72 -4 0 7 0.00 M M 7.3 16 10 M M 0 1 21 50
16 83 54 69 -7 0 4 0.00 M M 2.2 9 100 M M 0 12 150
17 79 61 70 -5 0 5 0.49 M M 3.9 12 320 M M 8 1 27 150
18 82 62 72 -3 0 7 0.00 M M 6.0 16 340 M M 2 1 21 20
19 84 58 71 -4 0 6 0.00 M M 3.2 10 30 M M 2 13 40
20 85 60 73 -2 0 8 0.00 M M 3.4 14 50 M M 3 17 40
21 80 67 74 0 0 9 0.02 M M 5.9 13 150 M M 8 15 150
22 75 63 69 -5 0 4 0.54 M M 14.8 24 340 M M 5 1 32 350
23 70 58 64 -10 1 0 0.14 M M 10.8 24 340 M M 10 1 32 350
24 86 60 73 0 0 8 0.00 M M 4.1 15 180 M M 1 19 170
25 88 62 75 2 0 10 0.00 M M 2.7 12 240 M M 0 1 17 220
26 81 63 72 -1 0 7 0.00 M M 7.2 16 50 M M 5 12 20 50
27 73 63 68 -4 0 3 0.00 M M 10.5 17 30 M M 10 24 50
28 78 61 70 -2 0 5 0.00 M M 10.0 17 360 M M 7 1 22 40
29 82 63 73 1 0 8 0.00 M M 6.5 14 10 M M 4 1 18 20
30 76 59 68 -3 0 3 0.00 M M 5.8 13 50 M M 4 1 17 30
================================================================================
SM 2532 1917 1 283 2.28 M 162.0 M 93
================================================================================
AV 84.4 63.9 5.4 FASTST M M 3 MAX(MPH)
MISC ----> 28 210 36 220
================================================================================
NOTES:
# LAST OF SEVERAL OCCURRENCES
COLUMN 17 PEAK WIND IN M.P.H.
PRELIMINARY LOCAL CLIMATOLOGICAL DATA (WS FORM: F-6) , PAGE 2
STATION: FLORENCE SOUTH CAROLINA
MONTH: SEPTEMBER
YEAR: 2023
LATITUDE: 34 10 N
LONGITUDE: 79 43 W
[TEMPERATURE DATA] [PRECIPITATION DATA] SYMBOLS USED IN COLUMN 16
AVERAGE MONTHLY: 74.2 TOTAL FOR MONTH: 2.28 1 = FOG OR MIST
DPTR FM NORMAL: -1.4 DPTR FM NORMAL: -2.25 2 = FOG REDUCING VISIBILITY
HIGHEST: 97 ON 6 GRTST 24HR 0.91 ON 9- 9 TO 1/4 MILE OR LESS
LOWEST: 54 ON 16 3 = THUNDER
SNOW, ICE PELLETS, HAIL 4 = ICE PELLETS
TOTAL MONTH: M 5 = HAIL
GRTST 24HR M ON M 6 = FREEZING RAIN OR DRIZZLE
GRTST DEPTH: M ON M 7 = DUSTSTORM OR SANDSTORM:
VSBY 1/2 MILE OR LESS
8 = SMOKE OR HAZE
[NO. OF DAYS WITH] [WEATHER - DAYS WITH] 9 = BLOWING SNOW
X = TORNADO
MAX 32 OR BELOW: 0 0.01 INCH OR MORE: 8
MAX 90 OR ABOVE: 6 0.10 INCH OR MORE: 4
MIN 32 OR BELOW: 0 0.50 INCH OR MORE: 2
MIN 0 OR BELOW: 0 1.00 INCH OR MORE: 0
[HDD (BASE 65) ]
TOTAL THIS MO. 1 CLEAR (SCALE 0-3) 17
DPTR FM NORMAL -4 PTCLDY (SCALE 4-7) 11
TOTAL FM JUL 1 1 CLOUDY (SCALE 8-10) 2
DPTR FM NORMAL -1
[CDD (BASE 65) ]
TOTAL THIS MO. 283
DPTR FM NORMAL -40 [PRESSURE DATA]
TOTAL FM JAN 1 2010 HIGHEST SLP 30.25 ON 2
DPTR FM NORMAL -120 LOWEST SLP 29.74 ON 23
[REMARKS]
#FINAL-09-23#