000
CXUS53 KOAX 011030
CF6FNB
PRELIMINARY LOCAL CLIMATOLOGICAL DATA (WS FORM: F-6)
STATION: FALLS CITY NE
MONTH: NOVEMBER
YEAR: 2021
LATITUDE: 40 4 N
LONGITUDE: 95 35 W
TEMPERATURE IN F: :PCPN: SNOW: WIND :SUNSHINE: SKY :PK WND
================================================================================
1 2 3 4 5 6A 6B 7 8 9 10 11 12 13 14 15 16 17 18
12Z AVG MX 2MIN
DY MAX MIN AVG DEP HDD CDD WTR SNW DPTH SPD SPD DIR MIN PSBL S-S WX SPD DR
================================================================================
1 43 37 40 -8 25 0 0.19 M M 3.1 12 360 M M 10 1 16 330
2 50 30 40 -7 25 0 0.00 M M 2.6 7 110 M M 4 12 9 250
3 49 30 40 -7 25 0 0.00 M M 4.7 13 210 M M 10 17 190
4 56 36 46 0 19 0 0.00 M M 8.2 18 160 M M 4 25 180
5 61 36 49 3 16 0 0.00 M M 11.2 26 190 M M 0 35 190
6 68 37 53 8 12 0 0.00 M M 7.3 16 190 M M 0 24 180
7 75 45 60 15 5 0 0.00 M M 10.4 23 190 M M 0 35 190
8 69 45 57 13 8 0 0.00 M M 4.1 10 20 M M 1 16 30
9 64 43 54 10 11 0 0.00 M M 6.8 13 20 M M 2 19 60
10 59 49 54 10 11 0 1.56 M M 10.5 24 320 M M 10 123 36 310
11 54 39 47 4 18 0 0.00 M M 15.3 26 280 M M 2 36 290
12 41 32 37 -6 28 0 0.00 M M 20.2 33 300 M M 8 47 300
13 46 24 35 -7 30 0 0.04 M M 8.1 22 300 M M 5 34 310
14 53 37 45 3 20 0 0.03 M M 11.0 24 310 M M 4 36 320
15 69 38 54 13 11 0 0.00 M M 5.8 15 160 M M 0 20 160
16 71 37 54 13 11 0 0.00 M M 8.1 18 190 M M 0 24 180
17 53 31 42 2 23 0 0.00 M M 11.8 24 320 M M 1 34 10
18 46 25 36 -4 29 0 0.00 M M 9.7 22 290 M M 0 32 300
19 52 25 39 -1 26 0 0.00 M M 11.8 26 170 M M 0 38 170
20 58 33 46 7 19 0 0.00 M M 4.3 10 190 M M 1 8 15 200
21 56 26 41 2 24 0 0.00 M M 9.6 23 320 M M 1 35 320
22 49 24 37 -1 28 0 0.00 M M 5.0 14 160 M M 2 8 18 180
23 67 28 48 10 17 0 0.00 M M 11.6 23 180 M M 0 35 180
24 60 35 48 10 17 0 0.00 M M 12.3 25 350 M M 2 37 350
25 36 21 29 -8 36 0 0.00 M M 9.4 26 360 M M 2 8 38 360
26 58 21 40 3 25 0 0.00 M M 8.1 15 200 M M 1 21 170
27 66 34 50 14 15 0 0.00 M M 8.3 25 320 M M 0 37 320
28 51 25 38 2 27 0 0.00 M M 5.8 12 300 M M 0 15 190
29 72 34 53 17 12 0 0.00 M M 6.9 14 280 M M 0 17 260
30 54 36 45 10 20 0 0.00 M M 3.5 8 180 M M 2 8 13 180
================================================================================
SM 1706 993 593 0 1.82 M 255.5 M 72
================================================================================
AV 56.9 33.1 8.5 FASTST M M 2 MAX(MPH)
MISC ----> 33 300 47 300
================================================================================
NOTES:
# LAST OF SEVERAL OCCURRENCES
COLUMN 17 PEAK WIND IN M.P.H.
PRELIMINARY LOCAL CLIMATOLOGICAL DATA (WS FORM: F-6) , PAGE 2
STATION: FALLS CITY NE
MONTH: NOVEMBER
YEAR: 2021
LATITUDE: 40 4 N
LONGITUDE: 95 35 W
[TEMPERATURE DATA] [PRECIPITATION DATA] SYMBOLS USED IN COLUMN 16
AVERAGE MONTHLY: 45.0 TOTAL FOR MONTH: 1.82 1 = FOG OR MIST
DPTR FM NORMAL: 3.8 DPTR FM NORMAL: 0.02 2 = FOG REDUCING VISIBILITY
HIGHEST: 75 ON 7 GRTST 24HR 1.56 ON 10-10 TO 1/4 MILE OR LESS
LOWEST: 21 ON 26,25 3 = THUNDER
SNOW, ICE PELLETS, HAIL 4 = ICE PELLETS
TOTAL MONTH: M 5 = HAIL
GRTST 24HR M ON M 6 = FREEZING RAIN OR DRIZZLE
GRTST DEPTH: M ON M 7 = DUSTSTORM OR SANDSTORM:
VSBY 1/2 MILE OR LESS
8 = SMOKE OR HAZE
[NO. OF DAYS WITH] [WEATHER - DAYS WITH] 9 = BLOWING SNOW
X = TORNADO
MAX 32 OR BELOW: 0 0.01 INCH OR MORE: 4
MAX 90 OR ABOVE: 0 0.10 INCH OR MORE: 2
MIN 32 OR BELOW: 13 0.50 INCH OR MORE: 1
MIN 0 OR BELOW: 0 1.00 INCH OR MORE: 1
[HDD (BASE 65) ]
TOTAL THIS MO. 593 CLEAR (SCALE 0-3) 22
DPTR FM NORMAL -122 PTCLDY (SCALE 4-7) 5
TOTAL FM JUL 1 855 CLOUDY (SCALE 8-10) 3
DPTR FM NORMAL -281
[CDD (BASE 65) ]
TOTAL THIS MO. 0
DPTR FM NORMAL -1 [PRESSURE DATA]
TOTAL FM JAN 1 1413 HIGHEST SLP 30.52 ON 25
DPTR FM NORMAL 175 LOWEST SLP 29.57 ON 16
[REMARKS]
#FINAL-11-21#