000
CXUS55 KBOU 010900
CF6FNL
PRELIMINARY LOCAL CLIMATOLOGICAL DATA (WS FORM: F-6)
STATION: FT COLLINS/LOVELAND CO
MONTH: MARCH
YEAR: 2024
LATITUDE: 40 27 N
LONGITUDE: 105 1 W
TEMPERATURE IN F: :PCPN: SNOW: WIND :SUNSHINE: SKY :PK WND
================================================================================
1 2 3 4 5 6A 6B 7 8 9 10 11 12 13 14 15 16 17 18
12Z AVG MX 2MIN
DY MAX MIN AVG DEP HDD CDD WTR SNW DPTH SPD SPD DIR MIN PSBL S-S WX SPD DR
================================================================================
1 66 34 50 M 15 0 M M M 8.1 17 260 M M 0 25 260
2 69 29 49 M 16 0 M M M 9.2 21 300 M M 1 39 260
3 51 32 42 M 23 0 M M M 18.7 26 250 M M 5 45 290
4 48 24 36 M 29 0 M M M 9.0 16 20 M M 5 30 10
5 50 23 37 M 28 0 M M M 8.1 18 170 M M 2 25 170
6 61 17 39 M 26 0 M M M 6.6 14 70 M M 2 18 50
7 40 28 34 M 31 0 M M M 5.9 13 110 M M 10 1 M M
8 39 22 31 M 34 0 M M M 4.8 10 20 M M 8 1 M M
9 55 16 36 M 29 0 M M M 3.4 9 200 M M 0 1 M M
10 67 22 45 M 20 0 M M M 3.9 8 20 M M 0 M M
11 61 29 45 M 20 0 M M M 5.8 15 100 M M 1 M M
12 63 31 47 M 18 0 M M M 6.6 18 240 M M 3 28 290
13 50 32 41 M 24 0 M M M 8.6 20 60 M M 9 13 29 50
14 35 32 34 M 31 0 M M M 10.3 21 30 M M 10 1 25 10
15 40 30 35 M 30 0 M M M 7.9 14 360 M M 7 1 M M
16 48 26 37 M 28 0 M M M 4.7 13 30 M M 3 M M
17 47 33 40 M 25 0 M M M 3.8 9 90 M M 8 M M
18 60 29 45 M 20 0 M M M 4.5 10 230 M M 1 M M
19 64 33 49 M 16 0 M M M 3.7 7 340 M M 0 M M
20 60 34 47 M 18 0 M M M 5.3 12 90 M M 1 M M
21 68 29 49 M 16 0 M M M 7.3 23 20 M M 0 29 20
22 64 33 49 M 16 0 M M M 6.6 14 10 M M 0 20 350
23 63 30 47 M 18 0 M M M 7.2 16 360 M M 1 M M
24 62 23 43 M 22 0 M M M 11.5 33 20 M M 5 12 43 350
25 34 19 27 M 38 0 M M M 11.0 28 360 M M 7 1 33 360
26 42 17 30 M 35 0 M M M 4.7 7 120 M M 4 M M
27 55 23 39 M 26 0 M M M 6.4 21 250 M M 1 21 240
28 64 28 46 M 19 0 M M M 6.8 13 180 M M 1 M M
29 47 33 40 M 25 0 M M M 6.6 17 10 M M 7 1 25 330
30 60 36 48 M 17 0 M M M 6.2 12 350 M M 3 M M
31 56 29 43 M 22 0 M M M 7.0 17 310 M M 6 M M
================================================================================
SM 1689 856 735 0 M M 220.1 M 111
================================================================================
AV 54.5 27.6 7.1 FASTST M M 4 MAX(MPH)
MISC ----> 33 20 45 290
================================================================================
NOTES:
# LAST OF SEVERAL OCCURRENCES
COLUMN 17 PEAK WIND IN M.P.H.
PRELIMINARY LOCAL CLIMATOLOGICAL DATA (WS FORM: F-6) , PAGE 2
STATION: FT COLLINS/LOVELAND CO
MONTH: MARCH
YEAR: 2024
LATITUDE: 40 27 N
LONGITUDE: 105 1 W
[TEMPERATURE DATA] [PRECIPITATION DATA] SYMBOLS USED IN COLUMN 16
AVERAGE MONTHLY: 41.0 TOTAL FOR MONTH: M 1 = FOG OR MIST
DPTR FM NORMAL: 0.0 DPTR FM NORMAL: M 2 = FOG REDUCING VISIBILITY
HIGHEST: 69 ON 2 GRTST 24HR 1.02 ON 13-14 TO 1/4 MILE OR LESS
LOWEST: 16 ON 9 3 = THUNDER
SNOW, ICE PELLETS, HAIL 4 = ICE PELLETS
TOTAL MONTH: M 5 = HAIL
GRTST 24HR M ON M 6 = FREEZING RAIN OR DRIZZLE
GRTST DEPTH: M ON M 7 = DUSTSTORM OR SANDSTORM:
VSBY 1/2 MILE OR LESS
8 = SMOKE OR HAZE
[NO. OF DAYS WITH] [WEATHER - DAYS WITH] 9 = BLOWING SNOW
X = TORNADO
MAX 32 OR BELOW: 0 0.01 INCH OR MORE: 0
MAX 90 OR ABOVE: 0 0.10 INCH OR MORE: 0
MIN 32 OR BELOW: 24 0.50 INCH OR MORE: 0
MIN 0 OR BELOW: 0 1.00 INCH OR MORE: 0
[HDD (BASE 65) ]
TOTAL THIS MO. 735 CLEAR (SCALE 0-3) 17
DPTR FM NORMAL M PTCLDY (SCALE 4-7) 11
TOTAL FM JUL 1 4748 CLOUDY (SCALE 8-10) 3
DPTR FM NORMAL M
[CDD (BASE 65) ]
TOTAL THIS MO. 0
DPTR FM NORMAL M [PRESSURE DATA]
TOTAL FM JAN 1 0 HIGHEST SLP 30.42 ON 15
DPTR FM NORMAL M LOWEST SLP 29.16 ON 24
[REMARKS]
#FINAL-03-24#