000
CXUS53 KDTX 011805
CF6FNT
PRELIMINARY LOCAL CLIMATOLOGICAL DATA (WS FORM: F-6)
STATION: FLINT MI
MONTH: MARCH
YEAR: 2023
LATITUDE: 42 58 N
LONGITUDE: 83 44 W
TEMPERATURE IN F: :PCPN: SNOW: WIND :SUNSHINE: SKY :PK WND
================================================================================
1 2 3 4 5 6A 6B 7 8 9 10 11 12 13 14 15 16 17 18
12Z AVG MX 2MIN
DY MAX MIN AVG DEP HDD CDD WTR SNW DPTH SPD SPD DIR MIN PSBL S-S WX SPD DR
================================================================================
1 51 28 40 11 25 0 T T 2 4.9 13 360 M M 7 1 17 130
2 38 26 32 3 33 0 0.00 0.0 1 5.1 10 70 M M 8 18 14 360
3 36 29 33 4 32 0 0.54 4.9 T 13.0 25 360 M M 7 12 40 60
4 42 22 32 2 33 0 T 0.1 5 9.2 22 330 M M 5 1 34 330
5 47 30 39 9 26 0 T 0.0 3 6.6 15 290 M M 4 1 21 290
6 39 33 36 6 29 0 0.03 0.1 1 12.6 20 60 M M 10 1 27 100
7 42 20 31 0 34 0 0.02 0.3 1 9.6 20 40 M M 2 1 28 20
8 42 20 31 0 34 0 0.00 0.0 1 7.7 18 30 M M 0 24 10
9 44 25 35 3 30 0 0.00 0.0 1 8.1 16 50 M M 3 22 60
10 35 30 33 1 32 0 0.09 2.1 2 13.2 22 10 M M 10 1 31 360
11 39 25 32 0 33 0 0.00 0.0 T 8.5 13 90 M M 4 18 10
12 32 24 28 -5 37 0 0.07 1.1 1 5.9 14 80 M M 10 1 19 80
13 30 22 26 -7 39 0 0.10 2.8 1 8.7 15 310 M M 10 18 21 340
14 36 14 25 -8 40 0 T T 2 10.0 20 300 M M 2 26 290
15 45 17 31 -3 34 0 0.00 0.0 1 6.1 15 230 M M 1 22 220
16 55 32 44 10 21 0 0.04 0.0 T 9.3 20 210 M M 4 29 210
17 50 30 40 6 25 0 0.10 T 0 16.3 32 270 M M 10 1 45 270
18 30 18 24 -11 41 0 0.01 0.2 T 17.3 31 270 M M 7 18 41 280
19 39 19 29 -6 36 0 0.00 0.0 T 14.3 24 260 M M 1 34 280
20 50 28 39 3 26 0 0.00 0.0 0 12.9 24 240 M M 1 36 220
21 55 35 45 9 20 0 0.00 0.0 0 6.6 15 230 M M 6 22 230
22 49 40 45 9 20 0 0.02 0.0 0 9.4 17 170 M M 10 1 25 180
23 48 35 42 5 23 0 0.19 0.0 0 7.9 17 320 M M 8 1 23 330
24 44 31 38 1 27 0 0.00 0.0 0 9.3 16 80 M M 1 20 80
25 45 32 39 1 26 0 0.45 T 0 14.1 31 270 M M 10 1 47 220
26 52 29 41 3 24 0 0.26 0.0 0 7.1 16 260 M M 3 1 24 270
27 48 33 41 3 24 0 0.24 T 0 9.5 17 350 M M 6 1 24 10
28 50 24 37 -2 28 0 0.00 0.0 0 4.9 17 270 M M 0 1 24 270
29 44 23 34 -5 31 0 T 0.2 0 11.8 31 290 M M 2 1 43 290
30 47 17 32 -8 33 0 0.05 0.0 0 5.8 15 190 M M 2 23 210
31 55 38 47 7 18 0 1.52 0.0 0 9.0 20 140 M M 10 13 27 140
================================================================================
SM 1359 829 914 0 3.73 11.8 294.7 M 164
================================================================================
AV 43.8 26.7 9.5 FASTST M M 5 MAX(MPH)
MISC ----> 32 270 47 220
================================================================================
NOTES:
# LAST OF SEVERAL OCCURRENCES
COLUMN 17 PEAK WIND IN M.P.H.
PRELIMINARY LOCAL CLIMATOLOGICAL DATA (WS FORM: F-6) , PAGE 2
STATION: FLINT MI
MONTH: MARCH
YEAR: 2023
LATITUDE: 42 58 N
LONGITUDE: 83 44 W
[TEMPERATURE DATA] [PRECIPITATION DATA] SYMBOLS USED IN COLUMN 16
AVERAGE MONTHLY: 35.3 TOTAL FOR MONTH: 3.73 1 = FOG OR MIST
DPTR FM NORMAL: 1.1 DPTR FM NORMAL: 1.76 2 = FOG REDUCING VISIBILITY
HIGHEST: 55 ON 31,21 GRTST 24HR 1.52 ON 31-31 TO 1/4 MILE OR LESS
LOWEST: 14 ON 14 3 = THUNDER
SNOW, ICE PELLETS, HAIL 4 = ICE PELLETS
TOTAL MONTH: 11.8 INCHES 5 = HAIL
GRTST 24HR 4.9 ON 3- 3 6 = FREEZING RAIN OR DRIZZLE
GRTST DEPTH: 5 ON 4 7 = DUSTSTORM OR SANDSTORM:
VSBY 1/2 MILE OR LESS
8 = SMOKE OR HAZE
[NO. OF DAYS WITH] [WEATHER - DAYS WITH] 9 = BLOWING SNOW
X = TORNADO
MAX 32 OR BELOW: 3 0.01 INCH OR MORE: 16
MAX 90 OR ABOVE: 0 0.10 INCH OR MORE: 8
MIN 32 OR BELOW: 25 0.50 INCH OR MORE: 2
MIN 0 OR BELOW: 0 1.00 INCH OR MORE: 1
[HDD (BASE 65) ]
TOTAL THIS MO. 914 CLEAR (SCALE 0-3) 11
DPTR FM NORMAL -42 PTCLDY (SCALE 4-7) 11
TOTAL FM JUL 1 5200 CLOUDY (SCALE 8-10) 9
DPTR FM NORMAL -751
[CDD (BASE 65) ]
TOTAL THIS MO. 0
DPTR FM NORMAL -1 [PRESSURE DATA]
TOTAL FM JAN 1 0 HIGHEST SLP 30.60 ON 8
DPTR FM NORMAL -1 LOWEST SLP 29.25 ON 25
[REMARKS]
#FINAL-03-23#
CORRECTED SNOW DEPTH ON 3/2.